{"id":24535,"date":"2017-07-11T18:09:13","date_gmt":"2017-07-11T23:09:13","guid":{"rendered":"http:\/\/nofm-radio.com\/?p=24535"},"modified":"2017-07-11T18:09:13","modified_gmt":"2017-07-11T23:09:13","slug":"altiro-quien-le-teme-al-sistema-penal-acusatorio-8-puntos-para-comprenderlo","status":"publish","type":"archivo","link":"https:\/\/nofm-radio.com\/?archivo=altiro-quien-le-teme-al-sistema-penal-acusatorio-8-puntos-para-comprenderlo","title":{"rendered":"#AlTiro: \u00bfqui\u00e9n le teme al Sistema Penal Acusatorio? 8 puntos para comprenderlo"},"content":{"rendered":"<p>La semana pasada<strong> Miguel \u00c1ngel Mancera<\/strong> dio un mensaje tranquilizador para la sociedad mexicana:<br \/>\nhttps:\/\/youtu.be\/DSDO9WYSvR8<br \/>\nEvidentemente la ciudadan\u00eda no reaccion\u00f3 muy bien. El p\u00e1nico aument\u00f3 cuando el <strong>Comisionado de Seguridad, Renato Sales<\/strong>, tambi\u00e9n manifestara su preocupaci\u00f3n no s\u00f3lo por los <strong>4 mil presos que saldr\u00e1n<\/strong>, sino los <strong>12 mil que ya hab\u00edan salido<\/strong>. Todo por el famoso <strong>Sistema Penal Acusatorio<\/strong>, que hace unos meses era la panacea, y ahora nos tiene un poco alarmados.<br \/>\nM\u00e1s all\u00e1 de la poca pericia en la comunicaci\u00f3n del\u00a0<strong>Jefe de Gobierno<\/strong> y del se\u00f1or <strong>Sales<\/strong>, vale la pena echarle un ojo a las condiciones del <strong>nuevo sistema penal en M\u00e9xico<\/strong>. Para ello les dejamos 8 puntos para tener nociones b\u00e1sicas de su funcionamiento, de sus omisiones y de esos oscuros detalles de los que hay que estar pendientes.<br \/>\n<strong>* \u00bfCon qu\u00e9 se come el Sistema Penal Acusatorio?<\/strong><br \/>\nDesde el <strong>18 de junio de 2008<\/strong>, se aprob\u00f3 el <strong>Sistema Penal Acusatorio<\/strong>, es decir, la nueva forma de <strong>impartir justicia<\/strong> en nuestro pa\u00eds. A partir de esa fecha se estableci\u00f3 un calendario de preparaci\u00f3n de infrestructura y capacitaci\u00f3n de personal para implementar el sistema que incluye los muy nombrado<strong> juicios orales<\/strong>. En junio de <strong>2016<\/strong> se cumpli\u00f3 el plazo para que en las 32 entidades del pa\u00eds entrara en funciones el <strong>Sistema Penal Acusatorio<\/strong>. La l\u00ednea b\u00e1sica del sistema es el peso que se le da a las <strong>polic\u00edas<\/strong> y a las <strong>fiscal\u00edas<\/strong> quienes ahora deben <strong>comprobar la culpabilidad del implicado<\/strong>. Es decir, ya no se trata de que el detenido o acusado compruebe su inocencia, sino que la fiscal\u00eda\u00a0compruebe su <strong>culpabilidad<\/strong>. De esta manera, a grandes rasgos, el <strong>proceso<\/strong> que se sigue es el siguiente: hay una acusaci\u00f3n o querella, o bien se sorprende en flagrancia un delito, la polic\u00eda inicia la investigaci\u00f3n y luego presenta al juez de control o fiscal las pruebas; con ellas, \u00e9ste decide formular una acusaci\u00f3n, se solicita la apertura de un juicio oral en la que un tribunal de uno o tres jueces escuchan al acusado, al juez de control, a los testigos y a las v\u00edctimas para emitir una sentencia.<br \/>\n<a class=\"no-eff img-link lightbox\" href=\"http:\/\/nofm-radio.com\/wp-content\/uploads\/2017\/07\/SPA1.png\"><img loading=\"lazy\" decoding=\"async\" class=\"alignnone size-full wp-image-24537\" src=\"http:\/\/nofm-radio.com\/wp-content\/uploads\/2017\/07\/SPA1.png\" alt=\"SPA1\" width=\"1143\" height=\"615\" \/><\/a><br \/>\n<strong>* \u00bfPor qu\u00e9 el cambio?<\/strong><br \/>\nEl <strong>Sistema Penal Acusatorio<\/strong> se present\u00f3 como una manera m\u00e1s justa de impartir justicia, pues todas las partes involucradas tienen el mismo derecho de ser escuchados por el juez. As\u00ed, se garantiza un debido proceso, se respetean los <strong>derechos humanos<\/strong> del imputado y se garantiza la <strong>reparaci\u00f3n de da\u00f1o<\/strong> a las v\u00edctimas. Adem\u00e1s, incluye otras formas de solucionar los conflictos penales para que no lleguen a juicio. Las soluciones alternas van desde la reparaci\u00f3n del da\u00f1o a la v\u00edctima, la <strong>aceptaci\u00f3n anticipada de la culpabilidad<\/strong>, procesos de conciliaci\u00f3n, entre otros. De esta manera, con esas soluciones alternas se busca que las polic\u00edas y ministerios p\u00fablicos est\u00e9n m\u00e1s liberados para investigar otros casos. Otro de los grandes cambios que plantea el <strong>Sistema Penal Acusatorio<\/strong> es reducir la cantidad de imputados a los que se les dictan <strong>medidas cautelares<\/strong>, principalmente reducir el uso de la <strong>prisi\u00f3n preventiva<\/strong>, y as\u00ed reducir el n\u00famero de presos que hay en las c\u00e1rceles.<br \/>\n<iframe loading=\"lazy\" class=\"giphy-embed\" src=\"https:\/\/giphy.com\/embed\/ZikyVyLF7aEaQ\" width=\"480\" height=\"360\" frameborder=\"0\" allowfullscreen=\"allowfullscreen\"><\/iframe><br \/>\n&nbsp;<br \/>\n<strong>* \u00bfDe qu\u00e9 la gira cada qui\u00e9n?<\/strong><br \/>\nOtro gran cambio son los involucrados en el proceso la impartici\u00f3n de justicia. El peso verdadero cae en los ministerios p\u00fablicos y las polic\u00edas que son quienes deben construir los casos, para que el<strong> juez de control<\/strong> o fiscal impute cargos. Si no hay<strong> investigaci\u00f3n<\/strong> pues ah\u00ed cay\u00f3 todo. Las v\u00edctimas podr\u00e1n intervenir activamente en el proceso, aportando pruebas y testigos, todo con el objetivo de que se repare el da\u00f1o. El juez de control puede decidir no imputar cargo si la investigaci\u00f3n no es s\u00f3lida, o puede recomendar una soluci\u00f3n alterna (si resuena en sus o\u00eddos eso de &#8220;<em>no se\u00f1orita, va a perder tiempo<\/em>&#8220;, est\u00e1n oyendo bien), controla las audiencias, decide implementar medidas cautelares como la prisi\u00f3n preventiva, el embargo, la prisi\u00f3n domiciliaria, etc. Por otro lado, el acusado tendr\u00e1 derecho a un <strong>defensor<\/strong>, y a ser escuchado por el juez, y a apelar la sentencia si no la cree justa.<br \/>\n<iframe loading=\"lazy\" class=\"giphy-embed\" src=\"https:\/\/giphy.com\/embed\/IYcXTDme1ZPMI\" width=\"480\" height=\"302\" frameborder=\"0\" allowfullscreen=\"allowfullscreen\"><\/iframe><br \/>\n&nbsp;<br \/>\n<strong>* \u00bfPor qu\u00e9 saldr\u00e1n los presos?<\/strong><br \/>\nEn estricto sentido, no saldr\u00e1n. Por eso es alarmista el mensaje del se\u00f1or <strong>Mancera<\/strong>. Resulta que con el nuevo sistema no todos los detenidos entrar\u00e1n en la c\u00e1rcel de manera autom\u00e1tica, sino que depender\u00e1, en primer lugar, de si el delito por el que son detenidos se considera grave. Si no lo es, no ser\u00e1n detenidos hasta que la investigaci\u00f3n haya avanzado, el<strong> ministerio p\u00fablico<\/strong> pueda solicitar alg\u00fan tipo de medida cautelar y el juez la conceda. De esta manera, no es que las puertas de las c\u00e1rceles se abrir\u00e1n de par en par, sino que todos los presos que est\u00e1n en la c\u00e1rcel por delitos que no son considerados graves pueden solicitar una revisi\u00f3n de su caso para ver si pueden <strong>enfrentar el proceso en libertad<\/strong>.<br \/>\n<iframe loading=\"lazy\" class=\"giphy-embed\" src=\"https:\/\/giphy.com\/embed\/3oEduO2Ed8WgPPbyJq\" width=\"480\" height=\"269\" frameborder=\"0\" allowfullscreen=\"allowfullscreen\"><\/iframe><br \/>\n&nbsp;<br \/>\n<strong>* \u00bfQu\u00e9 tan grave es un delito grave?<\/strong><br \/>\nEste es el detalle en que est\u00e1 escondido el diablo. Resulta que el <strong>Sistema Penal Acusatorio<\/strong> tiene una <strong>nueva clasificaci\u00f3n de delitos<\/strong>: por un lado, est\u00e1n los delitos que se persiguen por<strong> querella necesaria<\/strong>, los que admiten perd\u00f3n de la v\u00edctima o el ofendido, los <strong>delitos culposos<\/strong> y los delitos patrimoniales cometidos sin violencia; por otra, est\u00e1n los <strong>Delitos Graves<\/strong> que ameritan <strong>Prisi\u00f3n Preventiva Oficiosa<\/strong>, en los t\u00e9rminos del <strong>C\u00f3digo Nacional de Procedimientos Penales<\/strong>. As\u00ed, seg\u00fan un fallo de la <strong>Suprema Corte de Justicia<\/strong>, en el primer grupo entran todos los delitos que aparecen en una lista muy difundida \u00faltimamente. El punto fino no es que todos los acusados de esos delitos vayan a salir de la c\u00e1rcel, o que no vayan a ser encarcelados, sino que ahora esos delitos deben ser <strong>COMPROBADOS<\/strong> antes de mandar a alguien a prisi\u00f3n. El p\u00e1nico del <strong>Jefe de Gobierno<\/strong>, los gobernadores y el <strong>Comisionado de Seguridad<\/strong> surge, en muchos sentidos, porque la estrategia de seguridad tiene a la prisi\u00f3n preventiva como su medida favorita (si no es que \u00fanica) para combatir el crimen. Lo grave no es que quiten la prisi\u00f3n pereventiva, sino que los ministerios p\u00fablicos no tengan capacidad de investigar ni de construir un caso.<br \/>\n<a class=\"no-eff img-link lightbox\" href=\"http:\/\/nofm-radio.com\/wp-content\/uploads\/2017\/07\/SPA2.jpg\"><img loading=\"lazy\" decoding=\"async\" class=\"alignnone size-full wp-image-24558\" src=\"http:\/\/nofm-radio.com\/wp-content\/uploads\/2017\/07\/SPA2.jpg\" alt=\"SPA2\" width=\"480\" height=\"595\" \/><\/a><br \/>\n<strong>* Ya entr\u00f3 en vigor, pero \u00bfestamos listos para implementarlo?<\/strong><br \/>\nDesde que entr\u00f3 en vigor el <strong>Sistema Penal Acusatorio<\/strong> se ha hecho \u00e9nfasis en que no hay condiciones para implementarlo. Se ha documentado ampliamente que los gobiernos de los estados no hab\u00edan cumplido ni con la infrestructura, la <strong>capacitaci\u00f3n de personal<\/strong> (desde ministerios p\u00fablicos hasta jueces), la implementaci\u00f3n de unidades de peritos y de medidas cautelares. La <strong>capacidad de investigaci\u00f3n<\/strong> de los ministerios p\u00fablicos es limitada y, sin el comod\u00edn de la prisi\u00f3n preventiva, parece que estamos absolutamente indefensos. De hecho, eso de que ya est\u00e1 implementado el sistema es un decir, gran parte de las cr\u00edticas que se est\u00e1n publicando en los medios de comunicaci\u00f3n no son deficiencias del sistema, sino omisiones de los gobiernos estatales.<br \/>\n<iframe loading=\"lazy\" class=\"giphy-embed\" src=\"https:\/\/giphy.com\/embed\/3HAYjf986boJO698zIY\" width=\"480\" height=\"480\" frameborder=\"0\" allowfullscreen=\"allowfullscreen\"><\/iframe><br \/>\n&nbsp;<br \/>\n<strong>* Brazaletes, correas y embargos<\/strong><br \/>\nLa omisi\u00f3n m\u00e1s grave de quienes est\u00e1n implementando el <strong>Sistema Penal Acusatorio<\/strong> es que no hay una<strong> unidad de seguimiento de las medidas cautelares<\/strong>. Es decir, no hay un mecanismo para evaluar<strong> la peligrosidad<\/strong> de los detenidos, ni que d\u00e9 seguimiento a otras medidas cautelares que no sean la <strong>prisi\u00f3n preventiva<\/strong>. El ejemplo que ha pululado m\u00e1s es el de las personas detenidas por posesi\u00f3n de armas de fuego que no han sido encarceladas; lo que casi no se lee es que no son detenidas porque la autoridad no puede comprobar que son lo suficientemente peligrosas para no enfrentar los cargos en libertad. A nosotros puede resultarnos obvio que son peligrosas por portar un lanzagranadas, lo que debemos entender es que no porque enfrenten el proceso en libertad, \u00e9ste termina, sino que debe haber un monitoreo constante de la persona a la que le imputan un delito, hasta que llegue al<strong> juicio<\/strong> y se apliquen las <strong>sanciones<\/strong>.<br \/>\n<iframe loading=\"lazy\" class=\"giphy-embed\" src=\"https:\/\/giphy.com\/embed\/ZbTnysbT6jiJG\" width=\"480\" height=\"360\" frameborder=\"0\" allowfullscreen=\"allowfullscreen\"><\/iframe><br \/>\n&nbsp;<br \/>\n<strong>* \u00bfY si mejor lo cambiamos?<\/strong><br \/>\nEn la m\u00e1s reciente reuni\u00f3n de la <strong>Comisi\u00f3n Nacional de Gobernadores<\/strong>, los ilustres mandatarios locales pugnaron por <strong>cambiar de nuevo el Sistema Penal<\/strong>. Mencionaron cifras sobre el<strong> incremento de la violencia<\/strong> y culparon al nuevo sistema por liberar a los delincuientes. El argumento es simple y ma\u00f1oso: si la mayor parte de los delitos se cometen con arma de fuego, y no se permite encarcelar a quien porta un arma, hay que dejar libres a los delincuentes. Pero no dicen que desde hace a\u00f1os, cuando no operaba el <strong>Sistema Penal Acusatorio<\/strong>, el porcentaje de delitos cometidos con arma de fuego andaba por las nubes. Mucho menos dicen que fueron ellos quienes apoyaron la creaci\u00f3n del ahora vilipendiado sistema. No decimos que no sean necesarios los ajustes, pero quiz\u00e1 el primer ajuste necesario es asumir que la <strong>impartici\u00f3n de justicia<\/strong> parte desde la <strong>COMPROBACI\u00d3N<\/strong> del delito, y no de c\u00e1rceles repletas.<br \/>\n<iframe loading=\"lazy\" class=\"giphy-embed\" src=\"https:\/\/giphy.com\/embed\/RBeddeaQ5Xo0E\" width=\"480\" height=\"320\" frameborder=\"0\" allowfullscreen=\"allowfullscreen\"><\/iframe><br \/>\n&nbsp;<br \/>\nAs\u00ed es, muchachos y muchachas, la implementaci\u00f3n del <strong>Sistema Penal Acusatorio<\/strong> debe preocuparnos, pero no por el p\u00e1nico que han generado las autoridades, sino por las omisiones en las ellas que han ca\u00eddo. Antes de espantarnos por la <strong>liberalci\u00f3n masiva de presos<\/strong>, recordemos los miles de casos de <strong>encarcelaciones injustas<\/strong>, de <strong>casos fabricados<\/strong>, del uso de<strong> la tortura<\/strong> como mecanismo de confesi\u00f3n, y un largo etc\u00e9tera. Los ajustes que deben realizarse es en las <strong>polic\u00edas y ministerios p\u00fablicos<\/strong>, principalmente. Y mientras una investigaci\u00f3n medianamente bien ejecutada, un fiscal que se apegue a la ley y respete a las v\u00edctimas nos siga pareciendo algo que vemos en la tele en series gringas, habr\u00e1 que seguir temiendo al sistema.<\/p>\n","protected":false},"template":"","meta":{"_id_youtube":"","_id_vimeo":"","_podcasts_duration":"","_podcasts_url":"","_podcasts_show":"","_prog_horario_dias":"","_prog_hora":"","_prog_duration":""},"class_list":["post-24535","archivo","type-archivo","status-publish","hentry"],"_links":{"self":[{"href":"https:\/\/nofm-radio.com\/index.php?rest_route=\/wp\/v2\/archivo\/24535","targetHints":{"allow":["GET"]}}],"collection":[{"href":"https:\/\/nofm-radio.com\/index.php?rest_route=\/wp\/v2\/archivo"}],"about":[{"href":"https:\/\/nofm-radio.com\/index.php?rest_route=\/wp\/v2\/types\/archivo"}],"wp:attachment":[{"href":"https:\/\/nofm-radio.com\/index.php?rest_route=%2Fwp%2Fv2%2Fmedia&parent=24535"}],"curies":[{"name":"wp","href":"https:\/\/api.w.org\/{rel}","templated":true}]}}

#AlTiro: ¿quién le teme al Sistema Penal Acusatorio? 8 puntos para comprenderlo

<p>La semana pasada<strong> Miguel Ángel Mancera</strong> dio un mensaje tranquilizador para la sociedad mexicana:<br />
https://youtu.be/DSDO9WYSvR8<br />
Evidentemente la ciudadanía no reaccionó muy bien. El pánico aumentó cuando el <strong>Comisionado de Seguridad, Renato Sales</strong>, también manifestara su preocupación no sólo por los <strong>4 mil presos que saldrán</strong>, sino los <strong>12 mil que ya habían salido</strong>. Todo por el famoso <strong>Sistema Penal Acusatorio</strong>, que hace unos meses era la panacea, y ahora nos tiene un poco alarmados.<br />
Más allá de la poca pericia en la comunicación del <strong>Jefe de Gobierno</strong> y del señor <strong>Sales</strong>, vale la pena echarle un ojo a las condiciones del <strong>nuevo sistema penal en México</strong>. Para ello les dejamos 8 puntos para tener nociones básicas de su funcionamiento, de sus omisiones y de esos oscuros detalles de los que hay que estar pendientes.<br />
<strong>* ¿Con qué se come el Sistema Penal Acusatorio?</strong><br />
Desde el <strong>18 de junio de 2008</strong>, se aprobó el <strong>Sistema Penal Acusatorio</strong>, es decir, la nueva forma de <strong>impartir justicia</strong> en nuestro país. A partir de esa fecha se estableció un calendario de preparación de infrestructura y capacitación de personal para implementar el sistema que incluye los muy nombrado<strong> juicios orales</strong>. En junio de <strong>2016</strong> se cumplió el plazo para que en las 32 entidades del país entrara en funciones el <strong>Sistema Penal Acusatorio</strong>. La línea básica del sistema es el peso que se le da a las <strong>policías</strong> y a las <strong>fiscalías</strong> quienes ahora deben <strong>comprobar la culpabilidad del implicado</strong>. Es decir, ya no se trata de que el detenido o acusado compruebe su inocencia, sino que la fiscalía compruebe su <strong>culpabilidad</strong>. De esta manera, a grandes rasgos, el <strong>proceso</strong> que se sigue es el siguiente: hay una acusación o querella, o bien se sorprende en flagrancia un delito, la policía inicia la investigación y luego presenta al juez de control o fiscal las pruebas; con ellas, éste decide formular una acusación, se solicita la apertura de un juicio oral en la que un tribunal de uno o tres jueces escuchan al acusado, al juez de control, a los testigos y a las víctimas para emitir una sentencia.<br />
<a class="no-eff img-link lightbox" href="http://nofm-radio.com/wp-content/uploads/2017/07/SPA1.png"><img loading="lazy" decoding="async" class="alignnone size-full wp-image-24537" src="http://nofm-radio.com/wp-content/uploads/2017/07/SPA1.png" alt="SPA1" width="1143" height="615" /></a><br />
<strong>* ¿Por qué el cambio?</strong><br />
El <strong>Sistema Penal Acusatorio</strong> se presentó como una manera más justa de impartir justicia, pues todas las partes involucradas tienen el mismo derecho de ser escuchados por el juez. Así, se garantiza un debido proceso, se respetean los <strong>derechos humanos</strong> del imputado y se garantiza la <strong>reparación de daño</strong> a las víctimas. Además, incluye otras formas de solucionar los conflictos penales para que no lleguen a juicio. Las soluciones alternas van desde la reparación del daño a la víctima, la <strong>aceptación anticipada de la culpabilidad</strong>, procesos de conciliación, entre otros. De esta manera, con esas soluciones alternas se busca que las policías y ministerios públicos estén más liberados para investigar otros casos. Otro de los grandes cambios que plantea el <strong>Sistema Penal Acusatorio</strong> es reducir la cantidad de imputados a los que se les dictan <strong>medidas cautelares</strong>, principalmente reducir el uso de la <strong>prisión preventiva</strong>, y así reducir el número de presos que hay en las cárceles.<br />
<iframe loading="lazy" class="giphy-embed" src="https://giphy.com/embed/ZikyVyLF7aEaQ" width="480" height="360" frameborder="0" allowfullscreen="allowfullscreen"></iframe><br />
&nbsp;<br />
<strong>* ¿De qué la gira cada quién?</strong><br />
Otro gran cambio son los involucrados en el proceso la impartición de justicia. El peso verdadero cae en los ministerios públicos y las policías que son quienes deben construir los casos, para que el<strong> juez de control</strong> o fiscal impute cargos. Si no hay<strong> investigación</strong> pues ahí cayó todo. Las víctimas podrán intervenir activamente en el proceso, aportando pruebas y testigos, todo con el objetivo de que se repare el daño. El juez de control puede decidir no imputar cargo si la investigación no es sólida, o puede recomendar una solución alterna (si resuena en sus oídos eso de &#8220;<em>no señorita, va a perder tiempo</em>&#8220;, están oyendo bien), controla las audiencias, decide implementar medidas cautelares como la prisión preventiva, el embargo, la prisión domiciliaria, etc. Por otro lado, el acusado tendrá derecho a un <strong>defensor</strong>, y a ser escuchado por el juez, y a apelar la sentencia si no la cree justa.<br />
<iframe loading="lazy" class="giphy-embed" src="https://giphy.com/embed/IYcXTDme1ZPMI" width="480" height="302" frameborder="0" allowfullscreen="allowfullscreen"></iframe><br />
&nbsp;<br />
<strong>* ¿Por qué saldrán los presos?</strong><br />
En estricto sentido, no saldrán. Por eso es alarmista el mensaje del señor <strong>Mancera</strong>. Resulta que con el nuevo sistema no todos los detenidos entrarán en la cárcel de manera automática, sino que dependerá, en primer lugar, de si el delito por el que son detenidos se considera grave. Si no lo es, no serán detenidos hasta que la investigación haya avanzado, el<strong> ministerio público</strong> pueda solicitar algún tipo de medida cautelar y el juez la conceda. De esta manera, no es que las puertas de las cárceles se abrirán de par en par, sino que todos los presos que están en la cárcel por delitos que no son considerados graves pueden solicitar una revisión de su caso para ver si pueden <strong>enfrentar el proceso en libertad</strong>.<br />
<iframe loading="lazy" class="giphy-embed" src="https://giphy.com/embed/3oEduO2Ed8WgPPbyJq" width="480" height="269" frameborder="0" allowfullscreen="allowfullscreen"></iframe><br />
&nbsp;<br />
<strong>* ¿Qué tan grave es un delito grave?</strong><br />
Este es el detalle en que está escondido el diablo. Resulta que el <strong>Sistema Penal Acusatorio</strong> tiene una <strong>nueva clasificación de delitos</strong>: por un lado, están los delitos que se persiguen por<strong> querella necesaria</strong>, los que admiten perdón de la víctima o el ofendido, los <strong>delitos culposos</strong> y los delitos patrimoniales cometidos sin violencia; por otra, están los <strong>Delitos Graves</strong> que ameritan <strong>Prisión Preventiva Oficiosa</strong>, en los términos del <strong>Código Nacional de Procedimientos Penales</strong>. Así, según un fallo de la <strong>Suprema Corte de Justicia</strong>, en el primer grupo entran todos los delitos que aparecen en una lista muy difundida últimamente. El punto fino no es que todos los acusados de esos delitos vayan a salir de la cárcel, o que no vayan a ser encarcelados, sino que ahora esos delitos deben ser <strong>COMPROBADOS</strong> antes de mandar a alguien a prisión. El pánico del <strong>Jefe de Gobierno</strong>, los gobernadores y el <strong>Comisionado de Seguridad</strong> surge, en muchos sentidos, porque la estrategia de seguridad tiene a la prisión preventiva como su medida favorita (si no es que única) para combatir el crimen. Lo grave no es que quiten la prisión pereventiva, sino que los ministerios públicos no tengan capacidad de investigar ni de construir un caso.<br />
<a class="no-eff img-link lightbox" href="http://nofm-radio.com/wp-content/uploads/2017/07/SPA2.jpg"><img loading="lazy" decoding="async" class="alignnone size-full wp-image-24558" src="http://nofm-radio.com/wp-content/uploads/2017/07/SPA2.jpg" alt="SPA2" width="480" height="595" /></a><br />
<strong>* Ya entró en vigor, pero ¿estamos listos para implementarlo?</strong><br />
Desde que entró en vigor el <strong>Sistema Penal Acusatorio</strong> se ha hecho énfasis en que no hay condiciones para implementarlo. Se ha documentado ampliamente que los gobiernos de los estados no habían cumplido ni con la infrestructura, la <strong>capacitación de personal</strong> (desde ministerios públicos hasta jueces), la implementación de unidades de peritos y de medidas cautelares. La <strong>capacidad de investigación</strong> de los ministerios públicos es limitada y, sin el comodín de la prisión preventiva, parece que estamos absolutamente indefensos. De hecho, eso de que ya está implementado el sistema es un decir, gran parte de las críticas que se están publicando en los medios de comunicación no son deficiencias del sistema, sino omisiones de los gobiernos estatales.<br />
<iframe loading="lazy" class="giphy-embed" src="https://giphy.com/embed/3HAYjf986boJO698zIY" width="480" height="480" frameborder="0" allowfullscreen="allowfullscreen"></iframe><br />
&nbsp;<br />
<strong>* Brazaletes, correas y embargos</strong><br />
La omisión más grave de quienes están implementando el <strong>Sistema Penal Acusatorio</strong> es que no hay una<strong> unidad de seguimiento de las medidas cautelares</strong>. Es decir, no hay un mecanismo para evaluar<strong> la peligrosidad</strong> de los detenidos, ni que dé seguimiento a otras medidas cautelares que no sean la <strong>prisión preventiva</strong>. El ejemplo que ha pululado más es el de las personas detenidas por posesión de armas de fuego que no han sido encarceladas; lo que casi no se lee es que no son detenidas porque la autoridad no puede comprobar que son lo suficientemente peligrosas para no enfrentar los cargos en libertad. A nosotros puede resultarnos obvio que son peligrosas por portar un lanzagranadas, lo que debemos entender es que no porque enfrenten el proceso en libertad, éste termina, sino que debe haber un monitoreo constante de la persona a la que le imputan un delito, hasta que llegue al<strong> juicio</strong> y se apliquen las <strong>sanciones</strong>.<br />
<iframe loading="lazy" class="giphy-embed" src="https://giphy.com/embed/ZbTnysbT6jiJG" width="480" height="360" frameborder="0" allowfullscreen="allowfullscreen"></iframe><br />
&nbsp;<br />
<strong>* ¿Y si mejor lo cambiamos?</strong><br />
En la más reciente reunión de la <strong>Comisión Nacional de Gobernadores</strong>, los ilustres mandatarios locales pugnaron por <strong>cambiar de nuevo el Sistema Penal</strong>. Mencionaron cifras sobre el<strong> incremento de la violencia</strong> y culparon al nuevo sistema por liberar a los delincuientes. El argumento es simple y mañoso: si la mayor parte de los delitos se cometen con arma de fuego, y no se permite encarcelar a quien porta un arma, hay que dejar libres a los delincuentes. Pero no dicen que desde hace años, cuando no operaba el <strong>Sistema Penal Acusatorio</strong>, el porcentaje de delitos cometidos con arma de fuego andaba por las nubes. Mucho menos dicen que fueron ellos quienes apoyaron la creación del ahora vilipendiado sistema. No decimos que no sean necesarios los ajustes, pero quizá el primer ajuste necesario es asumir que la <strong>impartición de justicia</strong> parte desde la <strong>COMPROBACIÓN</strong> del delito, y no de cárceles repletas.<br />
<iframe loading="lazy" class="giphy-embed" src="https://giphy.com/embed/RBeddeaQ5Xo0E" width="480" height="320" frameborder="0" allowfullscreen="allowfullscreen"></iframe><br />
&nbsp;<br />
Así es, muchachos y muchachas, la implementación del <strong>Sistema Penal Acusatorio</strong> debe preocuparnos, pero no por el pánico que han generado las autoridades, sino por las omisiones en las ellas que han caído. Antes de espantarnos por la <strong>liberalción masiva de presos</strong>, recordemos los miles de casos de <strong>encarcelaciones injustas</strong>, de <strong>casos fabricados</strong>, del uso de<strong> la tortura</strong> como mecanismo de confesión, y un largo etcétera. Los ajustes que deben realizarse es en las <strong>policías y ministerios públicos</strong>, principalmente. Y mientras una investigación medianamente bien ejecutada, un fiscal que se apegue a la ley y respete a las víctimas nos siga pareciendo algo que vemos en la tele en series gringas, habrá que seguir temiendo al sistema.</p>
