{"id":24822,"date":"2017-08-07T19:30:28","date_gmt":"2017-08-08T00:30:28","guid":{"rendered":"http:\/\/nofm-radio.com\/?p=24822"},"modified":"2017-08-07T19:30:28","modified_gmt":"2017-08-08T00:30:28","slug":"viene-el-festival-xaveri-dos-dias-de-celebracion-y-apoyo","status":"publish","type":"archivo","link":"https:\/\/nofm-radio.com\/?archivo=viene-el-festival-xaveri-dos-dias-de-celebracion-y-apoyo","title":{"rendered":"Viene el Festival Xaveri, dos d\u00edas de celebraci\u00f3n y apoyo"},"content":{"rendered":"<p>El pr\u00f3ximo <strong>12 y 13 de agosto<\/strong> el <strong>Foro Indie Rocks<\/strong> abre las puertas para pintarse de todos colores con el <strong>Festival Xaveri<\/strong>, una fiesta por una buena causa.<br \/>\nEn estos dos d\u00edas se celebrar\u00e1 a la visi\u00f3n y <strong>arte huichol<\/strong> buscando apoyar a esta comunidad \u00fanica en el mundo. Tocar\u00e1n <strong>Omart, Sebasti\u00e1n (Sonido San Francisco), Esa mi Pau, Kuhn (Akumandra), Mombasa, Morgan Dope (Pitahaya Records), Klik &#038; Frik, Andre VII, Watty, Mijo, M\/R, Flor Capistr\u00e1n y Eddie Mercury<\/strong>, y se presentar\u00e1n los comediantes<strong> Carlos Ballarta, Eduardo Talavera, Coco Celis, Fran Hevia, Horacio Almada, Manunna, Myr Ram\u00edrez, M\u00f3nica Escobedo Kikis y Ale Ley<\/strong>. A la par habr\u00e1 comida y arte.<br \/>\nTodas las ganancias del evento ser\u00e1n destinadas a <strong>Calpulli Netzahualcoyotl S.C.<\/strong> una cooperativa que desde <strong>2009<\/strong> genera start ups de proyectos empresariales destinados a apoyar a comunidades marginadas econ\u00f3mica y socialmente, con el claro objetivo de incluirlas en el entramado productivo mexicano.<br \/>\nTenemos 4 pases dobles para ustedes. Lo \u00fanico que tienen que hacer es compartir esta publicaci\u00f3n explicando por qu\u00e9 no pueden perderse el evento y arrob\u00e1ndonos.<br \/>\nNunca olvidemos que el apoyo tambi\u00e9n se celebra y las voces siempre ignoradas de este pa\u00eds son las m\u00e1s fuerte. Vamos todos al <strong>Festival Xaveri<\/strong>.<br \/>\nPara m\u00e1s informaci\u00f3n abran el siguiente link: <strong><a href=\"https:\/\/www.facebook.com\/events\/323204664772195\/?acontext=%7B%22action_history%22%3A%22[%7B%5C%22surface%5C%22%3A%5C%22page%5C%22%2C%5C%22mechanism%5C%22%3A%5C%22page_upcoming_events_card%5C%22%2C%5C%22extra_data%5C%22%3A[]%7D]%22%2C%22has_source%22%3Atrue%7D\" target=\"_blank\" rel=\"noopener noreferrer\">FESTIVAL XAVERI<\/a><\/strong>.<br \/>\n<a href=\"http:\/\/nofm-radio.com\/wp-content\/uploads\/2017\/08\/FESTIVAL-XAVE1.jpg\" class=\"no-eff img-link lightbox\" ><img loading=\"lazy\" decoding=\"async\" src=\"http:\/\/nofm-radio.com\/wp-content\/uploads\/2017\/08\/FESTIVAL-XAVE1.jpg\" alt=\"FESTIVAL XAVE1\" width=\"768\" height=\"960\" class=\"alignnone size-full wp-image-24824\" \/><\/a><\/p>\n","protected":false},"template":"","meta":{"_id_youtube":"","_id_vimeo":"","_podcasts_duration":"","_podcasts_url":"","_podcasts_show":"","_prog_horario_dias":"","_prog_hora":"","_prog_duration":""},"class_list":["post-24822","archivo","type-archivo","status-publish","hentry"],"_links":{"self":[{"href":"https:\/\/nofm-radio.com\/index.php?rest_route=\/wp\/v2\/archivo\/24822","targetHints":{"allow":["GET"]}}],"collection":[{"href":"https:\/\/nofm-radio.com\/index.php?rest_route=\/wp\/v2\/archivo"}],"about":[{"href":"https:\/\/nofm-radio.com\/index.php?rest_route=\/wp\/v2\/types\/archivo"}],"wp:attachment":[{"href":"https:\/\/nofm-radio.com\/index.php?rest_route=%2Fwp%2Fv2%2Fmedia&parent=24822"}],"curies":[{"name":"wp","href":"https:\/\/api.w.org\/{rel}","templated":true}]}}

Viene el Festival Xaveri, dos días de celebración y apoyo

<p>El próximo <strong>12 y 13 de agosto</strong> el <strong>Foro Indie Rocks</strong> abre las puertas para pintarse de todos colores con el <strong>Festival Xaveri</strong>, una fiesta por una buena causa.<br />
En estos dos días se celebrará a la visión y <strong>arte huichol</strong> buscando apoyar a esta comunidad única en el mundo. Tocarán <strong>Omart, Sebastián (Sonido San Francisco), Esa mi Pau, Kuhn (Akumandra), Mombasa, Morgan Dope (Pitahaya Records), Klik &#038; Frik, Andre VII, Watty, Mijo, M/R, Flor Capistrán y Eddie Mercury</strong>, y se presentarán los comediantes<strong> Carlos Ballarta, Eduardo Talavera, Coco Celis, Fran Hevia, Horacio Almada, Manunna, Myr Ramírez, Mónica Escobedo Kikis y Ale Ley</strong>. A la par habrá comida y arte.<br />
Todas las ganancias del evento serán destinadas a <strong>Calpulli Netzahualcoyotl S.C.</strong> una cooperativa que desde <strong>2009</strong> genera start ups de proyectos empresariales destinados a apoyar a comunidades marginadas económica y socialmente, con el claro objetivo de incluirlas en el entramado productivo mexicano.<br />
Tenemos 4 pases dobles para ustedes. Lo único que tienen que hacer es compartir esta publicación explicando por qué no pueden perderse el evento y arrobándonos.<br />
Nunca olvidemos que el apoyo también se celebra y las voces siempre ignoradas de este país son las más fuerte. Vamos todos al <strong>Festival Xaveri</strong>.<br />
Para más información abran el siguiente link: <strong><a href="https://www.facebook.com/events/323204664772195/?acontext=%7B%22action_history%22%3A%22[%7B%5C%22surface%5C%22%3A%5C%22page%5C%22%2C%5C%22mechanism%5C%22%3A%5C%22page_upcoming_events_card%5C%22%2C%5C%22extra_data%5C%22%3A[]%7D]%22%2C%22has_source%22%3Atrue%7D" target="_blank" rel="noopener noreferrer">FESTIVAL XAVERI</a></strong>.<br />
<a href="http://nofm-radio.com/wp-content/uploads/2017/08/FESTIVAL-XAVE1.jpg" class="no-eff img-link lightbox" ><img loading="lazy" decoding="async" src="http://nofm-radio.com/wp-content/uploads/2017/08/FESTIVAL-XAVE1.jpg" alt="FESTIVAL XAVE1" width="768" height="960" class="alignnone size-full wp-image-24824" /></a></p>
