{"id":25080,"date":"2017-08-24T16:07:56","date_gmt":"2017-08-24T21:07:56","guid":{"rendered":"http:\/\/nofm-radio.com\/?p=25080"},"modified":"2017-08-24T16:07:56","modified_gmt":"2017-08-24T21:07:56","slug":"conoce-los-archivos-historicos-feministas-un-proyecto-chingon-y-necesario","status":"publish","type":"archivo","link":"https:\/\/nofm-radio.com\/?archivo=conoce-los-archivos-historicos-feministas-un-proyecto-chingon-y-necesario","title":{"rendered":"Conoce los Archivos Hist\u00f3ricos Feministas. Un proyecto ching\u00f3n y necesario"},"content":{"rendered":"<p>Tal parece que la discusi\u00f3n sobre los feminismos y las luchas por los derechos de las mujeres es un tema que a tomado fuerza recientemente, gracias a las <strong>redes sociales<\/strong>. Lo cierto es que los grupos de trabajo, de discusi\u00f3n y los colectivos de mujeres han existido siempre, y, lo mejor, han producido materiales que nos permiten repensar ciertos temas. En este contexto, queremos recomedarles un valios\u00edsimo trabajo realizado dentro del <strong>Centro de Investigaciones y Estudios de G\u00e9nero de la UNAM<\/strong>. El proyecto <em><strong>Archivos Hist\u00f3ricos Feministas<\/strong><\/em>, busca documentar y digitalizar las publicaciones con tem\u00e1tica feminista que han visto la luz en nuestro pa\u00eds.<br \/>\nEl equipo integrado por bibliotec\u00f3logas, historiadoras y polit\u00f3logas acaba de publicar una primera parte de la investigaci\u00f3n dedicada a las <strong>Revistas Feministas Mexicanas<\/strong> como <em><strong>La Revuelta, La Boletina, Fem, Cihuat<\/strong><\/em> y <em><strong>La Correa Feminista<\/strong><\/em>. As\u00ed, en su sitio web podemos contultar m\u00e1s de 5 mil art\u00edculos de las revistas\u00a0publicadas desde los a\u00f1os 70 en nuestro pa\u00eds, sistematizadas\u00a0por temas, autoras, a\u00f1o y t\u00edtulo. Es decir, <em>Archivos Hist\u00f3ricos Feministas<\/em> es un atisbo de lo que podr\u00eda ser la <strong>primera biblioteca digital feminista<\/strong> en nuestro pa\u00eds.<br \/>\n\u00c9chenle un ojo a este archivo, y podr\u00e1n darse cuenta de c\u00f3mo algunos temas siguen siendo el centro de las discusi\u00f3n, c\u00f3mo otros se han convertido en conquistas y otros en dolorosas heridas.<br \/>\nLes dejamos una galer\u00eda de fotos de lo que podr\u00e1n consultar y <a href=\"http:\/\/archivos-feministas.cieg.unam.mx\/index.html\" target=\"_blank\" rel=\"noopener noreferrer\">PUEDEN ENTRAR AL SITIO\u00a0AQU\u00cd<\/a>.<br \/>\n<\/p>\n","protected":false},"template":"","meta":{"_id_youtube":"","_id_vimeo":"","_podcasts_duration":"","_podcasts_url":"","_podcasts_show":"","_prog_horario_dias":"","_prog_hora":"","_prog_duration":""},"class_list":["post-25080","archivo","type-archivo","status-publish","hentry"],"_links":{"self":[{"href":"https:\/\/nofm-radio.com\/index.php?rest_route=\/wp\/v2\/archivo\/25080","targetHints":{"allow":["GET"]}}],"collection":[{"href":"https:\/\/nofm-radio.com\/index.php?rest_route=\/wp\/v2\/archivo"}],"about":[{"href":"https:\/\/nofm-radio.com\/index.php?rest_route=\/wp\/v2\/types\/archivo"}],"wp:attachment":[{"href":"https:\/\/nofm-radio.com\/index.php?rest_route=%2Fwp%2Fv2%2Fmedia&parent=25080"}],"curies":[{"name":"wp","href":"https:\/\/api.w.org\/{rel}","templated":true}]}}

Conoce los Archivos Históricos Feministas. Un proyecto chingón y necesario

<p>Tal parece que la discusión sobre los feminismos y las luchas por los derechos de las mujeres es un tema que a tomado fuerza recientemente, gracias a las <strong>redes sociales</strong>. Lo cierto es que los grupos de trabajo, de discusión y los colectivos de mujeres han existido siempre, y, lo mejor, han producido materiales que nos permiten repensar ciertos temas. En este contexto, queremos recomedarles un valiosísimo trabajo realizado dentro del <strong>Centro de Investigaciones y Estudios de Género de la UNAM</strong>. El proyecto <em><strong>Archivos Históricos Feministas</strong></em>, busca documentar y digitalizar las publicaciones con temática feminista que han visto la luz en nuestro país.<br />
El equipo integrado por bibliotecólogas, historiadoras y politólogas acaba de publicar una primera parte de la investigación dedicada a las <strong>Revistas Feministas Mexicanas</strong> como <em><strong>La Revuelta, La Boletina, Fem, Cihuat</strong></em> y <em><strong>La Correa Feminista</strong></em>. Así, en su sitio web podemos contultar más de 5 mil artículos de las revistas publicadas desde los años 70 en nuestro país, sistematizadas por temas, autoras, año y título. Es decir, <em>Archivos Históricos Feministas</em> es un atisbo de lo que podría ser la <strong>primera biblioteca digital feminista</strong> en nuestro país.<br />
Échenle un ojo a este archivo, y podrán darse cuenta de cómo algunos temas siguen siendo el centro de las discusión, cómo otros se han convertido en conquistas y otros en dolorosas heridas.<br />
Les dejamos una galería de fotos de lo que podrán consultar y <a href="http://archivos-feministas.cieg.unam.mx/index.html" target="_blank" rel="noopener noreferrer">PUEDEN ENTRAR AL SITIO AQUÍ</a>.<br />
</p>
