{"id":25141,"date":"2017-08-29T16:27:46","date_gmt":"2017-08-29T21:27:46","guid":{"rendered":"http:\/\/nofm-radio.com\/?p=25141"},"modified":"2017-08-29T16:27:46","modified_gmt":"2017-08-29T21:27:46","slug":"juana-y-sus-hermanas-el-esquizofrenico-pasado-de-juana-molina","status":"publish","type":"archivo","link":"https:\/\/nofm-radio.com\/?archivo=juana-y-sus-hermanas-el-esquizofrenico-pasado-de-juana-molina","title":{"rendered":"Juana y sus hermanas. El esquizofr\u00e9nico pasado de Juana Molina"},"content":{"rendered":"<p>Ya lo sabemos todos, <strong>Juana Molina<\/strong> es uno de los artistas distintivos de la <strong>m\u00fasica latinoamericana<\/strong> de los \u00faltimos a\u00f1os. Su trabajo es admirado a nivel mundial e, incluso, fue celebrado primero en el extranjero que en su tierra natal, como suele pasar con los artistas que salen de la norma y protegen su individualidad frente a los gen\u00e9ricos que siempre dominan los caminos comerciales de la industria musical.<br \/>\nPero antes de esta escalada, la se\u00f1ora <strong>Molina<\/strong> fue la se\u00f1orita <strong>Molina<\/strong>, no s\u00f3lo eso. Antes fue la ni\u00f1a <strong>Molina<\/strong>, hija de <strong>Horacio Molina<\/strong> y <strong>Chunchuna Villafa\u00f1e<\/strong>, dos personajes muy importantes de la far\u00e1ndula <strong>argentina<\/strong>. Y la ni\u00f1a <strong>Molina<\/strong> era una buena <strong>actriz<\/strong>. Estos dos elemento se conjugaron para que nuestra amiga saltara rapidamente a la <strong>televisi\u00f3n<\/strong>, donde debut\u00f3 en un extra\u00f1o show llamado <strong>El mundo de Antonio Gasalla<\/strong>.<br \/>\n<iframe loading=\"lazy\" width=\"560\" height=\"315\" src=\"https:\/\/www.youtube.com\/embed\/8MdUx_Ve9nI\" frameborder=\"0\" allowfullscreen><\/iframe><br \/>\nSin embargo no pas\u00f3 demasiado antes de que <strong>Juana Molina<\/strong> tuviera su propio <strong>programa de televisi\u00f3n<\/strong>. Y llegamos al punto clave:<strong> Juana y sus hermanas<\/strong>. As\u00ed es, previo a los trinos, loops y misteriosas letras de la artista, en <strong>1991<\/strong> se dedicaba a hacer uno de los programas de <strong>TV<\/strong> m\u00e1s bizarros de la historia. Entre el cinismo, el surrealismo y el mero humor de barrio, este ejercicio de <strong>sketches<\/strong>, que muchos comparan con la querida <strong>Anabel Ferreira<\/strong> de <strong>M\u00e9xico<\/strong>, fue un suceso en la <strong>televisi\u00f3n de Argentina<\/strong>. Y no s\u00f3lo eso, tambi\u00e9n produjo un <strong>disco<\/strong>, que debiera ser considerado justamente como el primero en la trayectoria de <strong>Juana Molina<\/strong>.<br \/>\n<iframe loading=\"lazy\" width=\"560\" height=\"315\" src=\"https:\/\/www.youtube.com\/embed\/ts-LB-qCwFE\" frameborder=\"0\" allowfullscreen><\/iframe><br \/>\n<iframe loading=\"lazy\" width=\"560\" height=\"315\" src=\"https:\/\/www.youtube.com\/embed\/ym5NdOpxd9U\" frameborder=\"0\" allowfullscreen><\/iframe><br \/>\nNosotros ya nos echamos varias horas de esta faceta de la admirada compositora. Jam\u00e1s lo vimos venir. Pero ahora agradecemos mucho el conocerla. Muchas cosas no se entienden y asumimos que es por la diferencia territorial y l\u00e9xica, pero el resto es pura <strong>calidad de humor<\/strong>. Y del bueno: extra\u00f1o y sin sentido. Es muy claro ver lo bien que la pasaba haciendo todos estos personajes. Les pasamos algunos de nuestros favoritos:<br \/>\n<iframe loading=\"lazy\" width=\"560\" height=\"315\" src=\"https:\/\/www.youtube.com\/embed\/W33YLa_oB8k\" frameborder=\"0\" allowfullscreen><\/iframe><br \/>\n<iframe loading=\"lazy\" width=\"560\" height=\"315\" src=\"https:\/\/www.youtube.com\/embed\/jMB8y1uFS0c\" frameborder=\"0\" allowfullscreen><\/iframe><br \/>\n<iframe loading=\"lazy\" width=\"560\" height=\"315\" src=\"https:\/\/www.youtube.com\/embed\/y4z0iEhrX3s\" frameborder=\"0\" allowfullscreen><\/iframe><br \/>\n<iframe loading=\"lazy\" width=\"560\" height=\"315\" src=\"https:\/\/www.youtube.com\/embed\/9bFQ4D4uWFY\" frameborder=\"0\" allowfullscreen><\/iframe><br \/>\n<iframe loading=\"lazy\" width=\"560\" height=\"315\" src=\"https:\/\/www.youtube.com\/embed\/mJ8wD3iK-gY\" frameborder=\"0\" allowfullscreen><\/iframe><br \/>\n<iframe loading=\"lazy\" width=\"560\" height=\"315\" src=\"https:\/\/www.youtube.com\/embed\/ab2sOD1EVDA\" frameborder=\"0\" allowfullscreen><\/iframe><br \/>\n<iframe loading=\"lazy\" width=\"560\" height=\"315\" src=\"https:\/\/www.youtube.com\/embed\/-s88PM5Nr14\" frameborder=\"0\" allowfullscreen><\/iframe><br \/>\n<iframe loading=\"lazy\" width=\"560\" height=\"315\" src=\"https:\/\/www.youtube.com\/embed\/G-8GqAAJpAc\" frameborder=\"0\" allowfullscreen><\/iframe><br \/>\n<iframe loading=\"lazy\" width=\"560\" height=\"315\" src=\"https:\/\/www.youtube.com\/embed\/IaBltrESynQ\" frameborder=\"0\" allowfullscreen><\/iframe><br \/>\nPero tristemente el programa no dur\u00f3 demasiado. Como todo mundo sabe, pronto el inter\u00e9s de <strong>Molina<\/strong> se centr\u00f3 en la <strong>m\u00fasica<\/strong>, y tiempo despu\u00e9s sali\u00f3 su <strong>primer disco<\/strong>, y el resto pues es historia ya bien conocida. No duele la decisi\u00f3n la verdad, m\u00e1s bien, el nombre se enrriquece grandemente. Y ahora, vemos joyas como su sesi\u00f3n en <strong>KEXP<\/strong>, o escuchamos sus discos, y la queremos mucho m\u00e1s, y ante todo, a todas sus hermanas que son maravillosas.<br \/>\n<iframe loading=\"lazy\" width=\"560\" height=\"315\" src=\"https:\/\/www.youtube.com\/embed\/5XcrCSDQKII\" frameborder=\"0\" allowfullscreen><\/iframe><\/p>\n","protected":false},"template":"","meta":{"_id_youtube":"","_id_vimeo":"","_podcasts_duration":"","_podcasts_url":"","_podcasts_show":"","_prog_horario_dias":"","_prog_hora":"","_prog_duration":""},"class_list":["post-25141","archivo","type-archivo","status-publish","hentry"],"_links":{"self":[{"href":"https:\/\/nofm-radio.com\/index.php?rest_route=\/wp\/v2\/archivo\/25141","targetHints":{"allow":["GET"]}}],"collection":[{"href":"https:\/\/nofm-radio.com\/index.php?rest_route=\/wp\/v2\/archivo"}],"about":[{"href":"https:\/\/nofm-radio.com\/index.php?rest_route=\/wp\/v2\/types\/archivo"}],"wp:attachment":[{"href":"https:\/\/nofm-radio.com\/index.php?rest_route=%2Fwp%2Fv2%2Fmedia&parent=25141"}],"curies":[{"name":"wp","href":"https:\/\/api.w.org\/{rel}","templated":true}]}}

Juana y sus hermanas. El esquizofrénico pasado de Juana Molina

<p>Ya lo sabemos todos, <strong>Juana Molina</strong> es uno de los artistas distintivos de la <strong>música latinoamericana</strong> de los últimos años. Su trabajo es admirado a nivel mundial e, incluso, fue celebrado primero en el extranjero que en su tierra natal, como suele pasar con los artistas que salen de la norma y protegen su individualidad frente a los genéricos que siempre dominan los caminos comerciales de la industria musical.<br />
Pero antes de esta escalada, la señora <strong>Molina</strong> fue la señorita <strong>Molina</strong>, no sólo eso. Antes fue la niña <strong>Molina</strong>, hija de <strong>Horacio Molina</strong> y <strong>Chunchuna Villafañe</strong>, dos personajes muy importantes de la farándula <strong>argentina</strong>. Y la niña <strong>Molina</strong> era una buena <strong>actriz</strong>. Estos dos elemento se conjugaron para que nuestra amiga saltara rapidamente a la <strong>televisión</strong>, donde debutó en un extraño show llamado <strong>El mundo de Antonio Gasalla</strong>.<br />
<iframe loading="lazy" width="560" height="315" src="https://www.youtube.com/embed/8MdUx_Ve9nI" frameborder="0" allowfullscreen></iframe><br />
Sin embargo no pasó demasiado antes de que <strong>Juana Molina</strong> tuviera su propio <strong>programa de televisión</strong>. Y llegamos al punto clave:<strong> Juana y sus hermanas</strong>. Así es, previo a los trinos, loops y misteriosas letras de la artista, en <strong>1991</strong> se dedicaba a hacer uno de los programas de <strong>TV</strong> más bizarros de la historia. Entre el cinismo, el surrealismo y el mero humor de barrio, este ejercicio de <strong>sketches</strong>, que muchos comparan con la querida <strong>Anabel Ferreira</strong> de <strong>México</strong>, fue un suceso en la <strong>televisión de Argentina</strong>. Y no sólo eso, también produjo un <strong>disco</strong>, que debiera ser considerado justamente como el primero en la trayectoria de <strong>Juana Molina</strong>.<br />
<iframe loading="lazy" width="560" height="315" src="https://www.youtube.com/embed/ts-LB-qCwFE" frameborder="0" allowfullscreen></iframe><br />
<iframe loading="lazy" width="560" height="315" src="https://www.youtube.com/embed/ym5NdOpxd9U" frameborder="0" allowfullscreen></iframe><br />
Nosotros ya nos echamos varias horas de esta faceta de la admirada compositora. Jamás lo vimos venir. Pero ahora agradecemos mucho el conocerla. Muchas cosas no se entienden y asumimos que es por la diferencia territorial y léxica, pero el resto es pura <strong>calidad de humor</strong>. Y del bueno: extraño y sin sentido. Es muy claro ver lo bien que la pasaba haciendo todos estos personajes. Les pasamos algunos de nuestros favoritos:<br />
<iframe loading="lazy" width="560" height="315" src="https://www.youtube.com/embed/W33YLa_oB8k" frameborder="0" allowfullscreen></iframe><br />
<iframe loading="lazy" width="560" height="315" src="https://www.youtube.com/embed/jMB8y1uFS0c" frameborder="0" allowfullscreen></iframe><br />
<iframe loading="lazy" width="560" height="315" src="https://www.youtube.com/embed/y4z0iEhrX3s" frameborder="0" allowfullscreen></iframe><br />
<iframe loading="lazy" width="560" height="315" src="https://www.youtube.com/embed/9bFQ4D4uWFY" frameborder="0" allowfullscreen></iframe><br />
<iframe loading="lazy" width="560" height="315" src="https://www.youtube.com/embed/mJ8wD3iK-gY" frameborder="0" allowfullscreen></iframe><br />
<iframe loading="lazy" width="560" height="315" src="https://www.youtube.com/embed/ab2sOD1EVDA" frameborder="0" allowfullscreen></iframe><br />
<iframe loading="lazy" width="560" height="315" src="https://www.youtube.com/embed/-s88PM5Nr14" frameborder="0" allowfullscreen></iframe><br />
<iframe loading="lazy" width="560" height="315" src="https://www.youtube.com/embed/G-8GqAAJpAc" frameborder="0" allowfullscreen></iframe><br />
<iframe loading="lazy" width="560" height="315" src="https://www.youtube.com/embed/IaBltrESynQ" frameborder="0" allowfullscreen></iframe><br />
Pero tristemente el programa no duró demasiado. Como todo mundo sabe, pronto el interés de <strong>Molina</strong> se centró en la <strong>música</strong>, y tiempo después salió su <strong>primer disco</strong>, y el resto pues es historia ya bien conocida. No duele la decisión la verdad, más bien, el nombre se enrriquece grandemente. Y ahora, vemos joyas como su sesión en <strong>KEXP</strong>, o escuchamos sus discos, y la queremos mucho más, y ante todo, a todas sus hermanas que son maravillosas.<br />
<iframe loading="lazy" width="560" height="315" src="https://www.youtube.com/embed/5XcrCSDQKII" frameborder="0" allowfullscreen></iframe></p>
