{"id":25160,"date":"2017-08-30T12:16:50","date_gmt":"2017-08-30T17:16:50","guid":{"rendered":"http:\/\/nofm-radio.com\/?p=25160"},"modified":"2017-08-30T12:16:50","modified_gmt":"2017-08-30T17:16:50","slug":"8-documentales-latinoamericanos-sobre-desapariciones-forzadas","status":"publish","type":"archivo","link":"https:\/\/nofm-radio.com\/?archivo=8-documentales-latinoamericanos-sobre-desapariciones-forzadas","title":{"rendered":"#VivosLosQueremos: 8 documentales latinoamericanos sobre desapariciones forzadas"},"content":{"rendered":"<p><strong>Ni vivos ni muertos<\/strong>, as\u00ed es como el dictador argentino <strong>Jorge Rafael Videla<\/strong> se refer\u00eda a las <strong>personas desaparecidas<\/strong>. Las <strong>desapariciones forzadas<\/strong> son un crimen cada vez m\u00e1s com\u00fan y, al mismo tiempo, uno de los m\u00e1s silenciados. En Latinoam\u00e9rica, las dictaduras, el <strong>crimen organizado<\/strong>\u00a0y a\u00fan los gobiernos que se dicen democr\u00e1ticos han hecho uso de las desapariciones de la manera m\u00e1s impune. Al caso de los <strong>43 de Ayotzinapa<\/strong> y al del argentino <strong>Santiago Maldonado<\/strong>, que son heridas recientes, se suman miles de casos m\u00e1s que se van perdiendo entre las noticias del d\u00eda.<br \/>\nHoy que se conmemora el <strong>D\u00eda Internacional de las V\u00edctimas de Desapariciones Forzadas<\/strong>, les dejamos 8 documentales sobre desaparecidos en <strong>M\u00e9xico, Argentina, Chile y Ecuador<\/strong>, que son apenas una peque\u00f1a muestra de lo que siguen viviendo miles de familias a las que han dejado en un limbo inclemente y una justicia que no acaba de llegar.<br \/>\nA unos d\u00edas de que se cumplan tres a\u00f1os de la desaparici\u00f3n de los normalistas, tambi\u00e9n les dejamos el trailer de<strong> Ayotzinapa 26,<\/strong> un filme que conjunta 26 cortometrajes de distintos directores sobre el crimen de Iguala. Esta pel\u00edcula se presentar\u00e1 en la<strong> Casa Natal de Morelos<\/strong>, localizada en Morelia, Michoac\u00e1n el pr\u00f3ximo 6 de septiembre. Esperamos que pronto est\u00e9 tambi\u00e9n en otras ciudades.<br \/>\n<iframe loading=\"lazy\" src=\"https:\/\/www.youtube.com\/embed\/WKvXHwR4x-8\" width=\"560\" height=\"315\" frameborder=\"0\" allowfullscreen=\"allowfullscreen\"><\/iframe><br \/>\n<strong>* Ni vivos ni muertos<br \/>\n<\/strong><br \/>\n<iframe loading=\"lazy\" src=\"https:\/\/www.youtube.com\/embed\/C4YsPZUj05I\" width=\"560\" height=\"315\" frameborder=\"0\" allowfullscreen=\"allowfullscreen\"><\/iframe><br \/>\n<strong>* Las locas de la plaza<br \/>\n<\/strong><br \/>\n<iframe loading=\"lazy\" src=\"https:\/\/www.youtube.com\/embed\/mGywrQk0O2w\" width=\"560\" height=\"315\" frameborder=\"0\" allowfullscreen=\"allowfullscreen\"><\/iframe><br \/>\n<strong>* Incansables<\/strong><br \/>\n<iframe loading=\"lazy\" src=\"https:\/\/www.youtube.com\/embed\/HSRTIO_pOVM\" width=\"560\" height=\"315\" frameborder=\"0\" allowfullscreen=\"allowfullscreen\"><\/iframe><br \/>\n<strong>* Nunca digas nunca<\/strong><br \/>\n<iframe loading=\"lazy\" src=\"https:\/\/www.youtube.com\/embed\/vli5b5iFzdU\" width=\"560\" height=\"315\" frameborder=\"0\" allowfullscreen=\"allowfullscreen\"><\/iframe><br \/>\n<strong>* Vivos se los llevaron<\/strong><br \/>\n<iframe loading=\"lazy\" src=\"https:\/\/www.youtube.com\/embed\/Uqh2TW9JZao\" width=\"560\" height=\"315\" frameborder=\"0\" allowfullscreen=\"allowfullscreen\"><\/iframe><br \/>\n<strong>* Ausencias<\/strong><br \/>\n<iframe loading=\"lazy\" src=\"https:\/\/www.youtube.com\/embed\/DA03m28Da04\" width=\"560\" height=\"315\" frameborder=\"0\" allowfullscreen=\"allowfullscreen\"><\/iframe><br \/>\n* <strong>A m\u00ed no me va a pasar<\/strong><br \/>\n<iframe loading=\"lazy\" src=\"https:\/\/www.youtube.com\/embed\/I9AVOr6b40Q\" width=\"560\" height=\"315\" frameborder=\"0\" allowfullscreen=\"allowfullscreen\"><\/iframe><br \/>\n<strong>* La Ciudad de los fot\u00f3grafos<\/strong><br \/>\n<iframe loading=\"lazy\" src=\"https:\/\/www.youtube.com\/embed\/ygrQkhOIXw0\" width=\"560\" height=\"315\" frameborder=\"0\" allowfullscreen=\"allowfullscreen\"><\/iframe><\/p>\n","protected":false},"template":"","meta":{"_id_youtube":"","_id_vimeo":"","_podcasts_duration":"","_podcasts_url":"","_podcasts_show":"","_prog_horario_dias":"","_prog_hora":"","_prog_duration":""},"class_list":["post-25160","archivo","type-archivo","status-publish","hentry"],"_links":{"self":[{"href":"https:\/\/nofm-radio.com\/index.php?rest_route=\/wp\/v2\/archivo\/25160","targetHints":{"allow":["GET"]}}],"collection":[{"href":"https:\/\/nofm-radio.com\/index.php?rest_route=\/wp\/v2\/archivo"}],"about":[{"href":"https:\/\/nofm-radio.com\/index.php?rest_route=\/wp\/v2\/types\/archivo"}],"wp:attachment":[{"href":"https:\/\/nofm-radio.com\/index.php?rest_route=%2Fwp%2Fv2%2Fmedia&parent=25160"}],"curies":[{"name":"wp","href":"https:\/\/api.w.org\/{rel}","templated":true}]}}

<p><strong>Ni vivos ni muertos</strong>, así es como el dictador argentino <strong>Jorge Rafael Videla</strong> se refería a las <strong>personas desaparecidas</strong>. Las <strong>desapariciones forzadas</strong> son un crimen cada vez más común y, al mismo tiempo, uno de los más silenciados. En Latinoamérica, las dictaduras, el <strong>crimen organizado</strong> y aún los gobiernos que se dicen democráticos han hecho uso de las desapariciones de la manera más impune. Al caso de los <strong>43 de Ayotzinapa</strong> y al del argentino <strong>Santiago Maldonado</strong>, que son heridas recientes, se suman miles de casos más que se van perdiendo entre las noticias del día.<br />
Hoy que se conmemora el <strong>Día Internacional de las Víctimas de Desapariciones Forzadas</strong>, les dejamos 8 documentales sobre desaparecidos en <strong>México, Argentina, Chile y Ecuador</strong>, que son apenas una pequeña muestra de lo que siguen viviendo miles de familias a las que han dejado en un limbo inclemente y una justicia que no acaba de llegar.<br />
A unos días de que se cumplan tres años de la desaparición de los normalistas, también les dejamos el trailer de<strong> Ayotzinapa 26,</strong> un filme que conjunta 26 cortometrajes de distintos directores sobre el crimen de Iguala. Esta película se presentará en la<strong> Casa Natal de Morelos</strong>, localizada en Morelia, Michoacán el próximo 6 de septiembre. Esperamos que pronto esté también en otras ciudades.<br />
<iframe loading="lazy" src="https://www.youtube.com/embed/WKvXHwR4x-8" width="560" height="315" frameborder="0" allowfullscreen="allowfullscreen"></iframe><br />
<strong>* Ni vivos ni muertos<br />
</strong><br />
<iframe loading="lazy" src="https://www.youtube.com/embed/C4YsPZUj05I" width="560" height="315" frameborder="0" allowfullscreen="allowfullscreen"></iframe><br />
<strong>* Las locas de la plaza<br />
</strong><br />
<iframe loading="lazy" src="https://www.youtube.com/embed/mGywrQk0O2w" width="560" height="315" frameborder="0" allowfullscreen="allowfullscreen"></iframe><br />
<strong>* Incansables</strong><br />
<iframe loading="lazy" src="https://www.youtube.com/embed/HSRTIO_pOVM" width="560" height="315" frameborder="0" allowfullscreen="allowfullscreen"></iframe><br />
<strong>* Nunca digas nunca</strong><br />
<iframe loading="lazy" src="https://www.youtube.com/embed/vli5b5iFzdU" width="560" height="315" frameborder="0" allowfullscreen="allowfullscreen"></iframe><br />
<strong>* Vivos se los llevaron</strong><br />
<iframe loading="lazy" src="https://www.youtube.com/embed/Uqh2TW9JZao" width="560" height="315" frameborder="0" allowfullscreen="allowfullscreen"></iframe><br />
<strong>* Ausencias</strong><br />
<iframe loading="lazy" src="https://www.youtube.com/embed/DA03m28Da04" width="560" height="315" frameborder="0" allowfullscreen="allowfullscreen"></iframe><br />
* <strong>A mí no me va a pasar</strong><br />
<iframe loading="lazy" src="https://www.youtube.com/embed/I9AVOr6b40Q" width="560" height="315" frameborder="0" allowfullscreen="allowfullscreen"></iframe><br />
<strong>* La Ciudad de los fotógrafos</strong><br />
<iframe loading="lazy" src="https://www.youtube.com/embed/ygrQkhOIXw0" width="560" height="315" frameborder="0" allowfullscreen="allowfullscreen"></iframe></p>
