{"id":25362,"date":"2017-09-08T14:33:13","date_gmt":"2017-09-08T19:33:13","guid":{"rendered":"http:\/\/nofm-radio.com\/?p=25362"},"modified":"2017-09-08T14:33:13","modified_gmt":"2017-09-08T19:33:13","slug":"laprimeravez-que-tuve-una-fiesta-sorpresa","status":"publish","type":"archivo","link":"https:\/\/nofm-radio.com\/?archivo=laprimeravez-que-tuve-una-fiesta-sorpresa","title":{"rendered":"#LaPrimeraVez que tuve una fiesta sorpresa"},"content":{"rendered":"<p>por <strong>\u00d3scar Muci\u00f1o<\/strong><br \/>\n<a href=\"https:\/\/twitter.com\/opmucino\" target=\"_blank\" rel=\"noopener noreferrer\">@opmucino<\/a><br \/>\nPara ser el <strong>centro de atenci\u00f3n<\/strong> en reuniones se deben tener unas caracter\u00edsticas especiales, yo en particular no las tengo, no s\u00e9 lidiar con las miradas encima y las expectativas de la gente, me vuelvo torpe y poco acertado, adem\u00e1s que la verg\u00fcenza me paraliza un poco.<br \/>\nEsta es la raz\u00f3n por la que mis <strong>cumplea\u00f1os<\/strong> me resultan fechas complicadas, puedo manejar los ojos de mi familia nuclear mientras me cantan <strong>Las Ma\u00f1anitas<\/strong>, pero si la audiencia es mayor ya me entra la incomodidad.<br \/>\nNo s\u00e9 a bien qu\u00e9 edad cumplir\u00eda cuando a mis padres se les ocurri\u00f3 hacerme una <strong>fiesta sorpresa<\/strong>, como el recuerdo es vago es muy probable que tuviera menos de 8 a\u00f1os. Ya hab\u00eda tenido otras fiestas de cumplea\u00f1os, una en un <strong>sal\u00f3n de fiestas<\/strong> con motivos de <strong>personajes de Disney<\/strong>, que rentaban a precios bajos y a pagos mensuales para los <strong>empleados del IMSS<\/strong>, un par en casa (en uno con un <strong>pastel de campo de futbol<\/strong> donde se disputaba un <strong>Pumas vs Chivas<\/strong>) acompa\u00f1ado de mis amigos de la cuadra y la familia. Pero lleg\u00f3 la <strong>fiesta sorpresa<\/strong>.<br \/>\nEse d\u00eda me ba\u00f1aron relativamente temprano, me pusieron mi ropa de fiesta, no entend\u00eda muy bien por qu\u00e9 pero tampoco se despertaron en m\u00ed sospechas. Mi pap\u00e1 me llev\u00f3 a <strong>Plaza Arag\u00f3n<\/strong>, el <strong>centro comercial<\/strong> m\u00e1s grande que estaba cercano a la casa en <strong>Ecatepec<\/strong>; recuerdo que me consinti\u00f3 mucho, me llev\u00f3 a jugar \u201c<em>maquinitas<\/em>\u201d, comimos algo ligero, me compr\u00f3 <strong>frutsis<\/strong>, y cuando regresamos a la casa creo que le avisaron que a\u00fan no estaba lista <strong>la fiesta<\/strong>, o lo intuy\u00f3, porque dimos unos rodeos extra\u00f1os para llegar, pero ni as\u00ed sospech\u00e9 que en mi casa se estaba cocinando un festejo en honor de mi fecha de <strong>nacimiento<\/strong>.<br \/>\nCuando al fin pudimos llegar a casa, entramos y me recibi\u00f3 el cl\u00e1sico grito de: \u00a1<strong>Sorpresa<\/strong>!, mi primera reacci\u00f3n fue de espanto, mucho espanto, tanto que mi primer movimiento fue correr a las escaleras para subir y encerrarme en mi cuarto; mi mam\u00e1 y pap\u00e1 subieron por m\u00ed, para ese momento yo estaba en una especie de paralisis acompa\u00f1ada de llanto, me negaba a bajar y enfrentar a la gente que hab\u00eda ido a festejarme.<br \/>\nDespu\u00e9s de muchas s\u00faplicas y un rega\u00f1o baj\u00e9, la gente me recibi\u00f3 con una <strong>breve ovaci\u00f3n<\/strong>, y pues ya, me entregu\u00e9 a la algarab\u00eda, aunque s\u00ed, contrariado y a\u00fan con pena.<br \/>\nYa nunca m\u00e1s hubo fiestas sorpresa para m\u00ed, e incluso a veces ha salido la an\u00e9cdota a colaci\u00f3n, por supuesto, para hacerme burla de mi berrinche, aunque para m\u00ed no fue berrinche, fue m\u00e1s un aliciente a esa timidez que tengo y que a veces por mis actitudes parecer\u00eda que no existe.<br \/>\n<iframe loading=\"lazy\" src=\"https:\/\/www.youtube.com\/embed\/cekywSF_gX8\" width=\"560\" height=\"315\" frameborder=\"0\" allowfullscreen=\"allowfullscreen\"><\/iframe><\/p>\n","protected":false},"template":"","meta":{"_id_youtube":"","_id_vimeo":"","_podcasts_duration":"","_podcasts_url":"","_podcasts_show":"","_prog_horario_dias":"","_prog_hora":"","_prog_duration":""},"class_list":["post-25362","archivo","type-archivo","status-publish","hentry"],"_links":{"self":[{"href":"https:\/\/nofm-radio.com\/index.php?rest_route=\/wp\/v2\/archivo\/25362","targetHints":{"allow":["GET"]}}],"collection":[{"href":"https:\/\/nofm-radio.com\/index.php?rest_route=\/wp\/v2\/archivo"}],"about":[{"href":"https:\/\/nofm-radio.com\/index.php?rest_route=\/wp\/v2\/types\/archivo"}],"wp:attachment":[{"href":"https:\/\/nofm-radio.com\/index.php?rest_route=%2Fwp%2Fv2%2Fmedia&parent=25362"}],"curies":[{"name":"wp","href":"https:\/\/api.w.org\/{rel}","templated":true}]}}

<p>por <strong>Óscar Muciño</strong><br />
<a href="https://twitter.com/opmucino" target="_blank" rel="noopener noreferrer">@opmucino</a><br />
Para ser el <strong>centro de atención</strong> en reuniones se deben tener unas características especiales, yo en particular no las tengo, no sé lidiar con las miradas encima y las expectativas de la gente, me vuelvo torpe y poco acertado, además que la vergüenza me paraliza un poco.<br />
Esta es la razón por la que mis <strong>cumpleaños</strong> me resultan fechas complicadas, puedo manejar los ojos de mi familia nuclear mientras me cantan <strong>Las Mañanitas</strong>, pero si la audiencia es mayor ya me entra la incomodidad.<br />
No sé a bien qué edad cumpliría cuando a mis padres se les ocurrió hacerme una <strong>fiesta sorpresa</strong>, como el recuerdo es vago es muy probable que tuviera menos de 8 años. Ya había tenido otras fiestas de cumpleaños, una en un <strong>salón de fiestas</strong> con motivos de <strong>personajes de Disney</strong>, que rentaban a precios bajos y a pagos mensuales para los <strong>empleados del IMSS</strong>, un par en casa (en uno con un <strong>pastel de campo de futbol</strong> donde se disputaba un <strong>Pumas vs Chivas</strong>) acompañado de mis amigos de la cuadra y la familia. Pero llegó la <strong>fiesta sorpresa</strong>.<br />
Ese día me bañaron relativamente temprano, me pusieron mi ropa de fiesta, no entendía muy bien por qué pero tampoco se despertaron en mí sospechas. Mi papá me llevó a <strong>Plaza Aragón</strong>, el <strong>centro comercial</strong> más grande que estaba cercano a la casa en <strong>Ecatepec</strong>; recuerdo que me consintió mucho, me llevó a jugar “<em>maquinitas</em>”, comimos algo ligero, me compró <strong>frutsis</strong>, y cuando regresamos a la casa creo que le avisaron que aún no estaba lista <strong>la fiesta</strong>, o lo intuyó, porque dimos unos rodeos extraños para llegar, pero ni así sospeché que en mi casa se estaba cocinando un festejo en honor de mi fecha de <strong>nacimiento</strong>.<br />
Cuando al fin pudimos llegar a casa, entramos y me recibió el clásico grito de: ¡<strong>Sorpresa</strong>!, mi primera reacción fue de espanto, mucho espanto, tanto que mi primer movimiento fue correr a las escaleras para subir y encerrarme en mi cuarto; mi mamá y papá subieron por mí, para ese momento yo estaba en una especie de paralisis acompañada de llanto, me negaba a bajar y enfrentar a la gente que había ido a festejarme.<br />
Después de muchas súplicas y un regaño bajé, la gente me recibió con una <strong>breve ovación</strong>, y pues ya, me entregué a la algarabía, aunque sí, contrariado y aún con pena.<br />
Ya nunca más hubo fiestas sorpresa para mí, e incluso a veces ha salido la anécdota a colación, por supuesto, para hacerme burla de mi berrinche, aunque para mí no fue berrinche, fue más un aliciente a esa timidez que tengo y que a veces por mis actitudes parecería que no existe.<br />
<iframe loading="lazy" src="https://www.youtube.com/embed/cekywSF_gX8" width="560" height="315" frameborder="0" allowfullscreen="allowfullscreen"></iframe></p>
