{"id":25477,"date":"2017-09-25T17:45:46","date_gmt":"2017-09-25T22:45:46","guid":{"rendered":"http:\/\/nofm-radio.com\/?p=25477"},"modified":"2017-09-25T17:45:46","modified_gmt":"2017-09-25T22:45:46","slug":"no-estamos-levantando-escombros-estamos-bordando-un-pais","status":"publish","type":"archivo","link":"https:\/\/nofm-radio.com\/?archivo=no-estamos-levantando-escombros-estamos-bordando-un-pais","title":{"rendered":"No estamos levantando escombros, estamos bordando un pa\u00eds"},"content":{"rendered":"<p>por <strong>Alan Heiblum<\/strong><br \/>\n<a href=\"https:\/\/twitter.com\/AlanHeiblum\" target=\"_blank\" rel=\"noopener noreferrer\">@AlanHeiblum<\/a><br \/>\nfoto de <strong>Rodrigo Gonz\u00e1lez Olivares<\/strong><br \/>\nLlegamos la ma\u00f1ana del s\u00e1bado 23 al acopio del <strong>Estadio Azteca<\/strong> buscando completar la <strong>donaci\u00f3n<\/strong> que habr\u00edamos de realizar en comunidades de <strong>Morelos<\/strong> por la tarde. La respuesta fue pronta: \u201cNo. S\u00f3lo las camionetas de<strong> Televisa<\/strong>\u201d. Sortear la carretera vieja a Oaxtepec tampoco fue f\u00e1cil, la entrada se encuentra da\u00f1ada e implica una larga desviaci\u00f3n por las comunidades necesitadas de agua de <strong>Xochimilco<\/strong>. Ya en Morelos, en pueblos abandonados por los mapas interactivos como <strong>Felipe Neri<\/strong> y el <strong>Vig\u00eda<\/strong>, visitamos a amigos queridos, que como tantos otros jornaleros con casas agrietadas, prefieren dormir en sus patios o camionetas que aceptar el fr\u00edo ajeno de la plaza p\u00fablica por m\u00e1s toldo que le hayan puesto. No obstante que cuando llegamos a <strong>Totolapan<\/strong> la donaci\u00f3n ya se limitaba a cinco escobas y cinco latas de at\u00fan fuimos recibidos con una gran sonrisa, \u00fanicamente empeque\u00f1ecida por la sonrisa inmensa con que se nos ofreci\u00f3 un pozole vegetariano. De fondo la iglesia completamente derruida y un hombre afincado a un poste recitando las visiones apocal\u00edpticas de <strong>Juan<\/strong>. El pozolito hac\u00eda agua la boca pero como ya hab\u00edamos engullido varias docenas de tortillas rojas con una pasada de salsa verde y l\u00edneas como \u201cpues aqu\u00ed es el para\u00edso en la Tierra, aunque haya sismos nunca falta qu\u00e9 comer\u201d, dejamos instasifecho el \u201c\u00e1ndele an\u00edmense a un pozolito\u201d y reemprendimos la retirada.<br \/>\nDurante la ida y el regreso, el paisaje fue de aire particularmente limpio y brillante. Todo lo contrario, del <strong>paisaje de noticias<\/strong> y notificaciones brotaba una idea turbia y contracturada. Presentada como una disculpa, una cr\u00edtica o un veinte ca\u00eddo, el n\u00facleo de esta idea se reduce a que la<strong> sociedad civil<\/strong>, en su af\u00e1n de protagonismo pero falta de preparaci\u00f3n, tom\u00f3 una delantera que no le pertenec\u00eda y que entorpece el <strong>trabajo de rescate<\/strong> de las autoridades capacitadas. Seg\u00fan esta pintura, las autoridades toman la delantera mientras la sociedad civil queda a la espera de que se le indique como hacerse \u00fatil.<br \/>\n<iframe loading=\"lazy\" src=\"https:\/\/www.facebook.com\/plugins\/video.php?href=https%3A%2F%2Fwww.facebook.com%2Fomarninonoticias%2Fvideos%2F1967579453481939%2F&#038;show_text=0&#038;width=261\" width=\"261\" height=\"476\" style=\"border:none;overflow:hidden\" scrolling=\"no\" frameborder=\"0\" allowTransparency=\"true\" allowFullScreen=\"true\"><\/iframe><br \/>\nNo hace falta remover mucho escombro para ver que dicho reclamo no es sino un falso dilema.\u00a0 No obstante, se trata de una sobre-simplificaci\u00f3n peligrosa que no debiera ser subestimada. La pretendida critica no es tal porque opera una confusi\u00f3n entre el af\u00e1n de protagonismo y la participaci\u00f3n, dos cosas totalmente distintas. Mientras la primera responde a una mera enfermedad de la personalidad \u2013propio, por ejemplo, de la apropiaci\u00f3n de Televisa de un <strong>donativo p\u00fablico<\/strong>\u2013, la segunda es la <strong>cura urgente<\/strong> y necesaria de una enfermedad igualmente grave y que es lo que ven\u00edamos esperando desde hace tiempo. No existe mejor escenario, una sociedad que sale a retomar el bordado de un deshilachado <strong>tejido social<\/strong> es lo mejor que nos puede estar pasando.<br \/>\nEl problema no se reduce a vanguardias protag\u00f3nicas v.s. retaguardias respetuosas. Debemos salir a las calles porque la tierra se retorci\u00f3 derrumbando escuelas y multi-familiares, pero eso es solo el \u00e1pice. Debemos salir y quedarnos afuera porque algunos edificios se derrumbaron por estar negligentemente construidos, por ejemplo con varillas cuatro veces m\u00e1s delgadas que las requeridas. Debemos salir y quedarnos afuera porque nuestra proyecci\u00f3n al exterior es tanto s\u00edntoma como remedio a unas autoridades sordas, lentas e ineptas cuando no <strong>corruptas<\/strong>, <strong>tramposas y alevosas<\/strong>. Debemos salir y quedarnos afuera porque abundan los <strong>pol\u00edticos<\/strong> des-cerebrados que hacen circo o se hacen de acopios p\u00fablicos mientras sus fuerzas armadas entran en labores de rapi\u00f1a e intimidaci\u00f3n de <strong>brigadistas<\/strong>. Es por esto que debemos salir y quedarnos afuera, porque hac\u00eda mucho que no reclam\u00e1bamos lo que siempre fue nuestro, porque de seguir como \u00edbamos, \u00e9ste y cualquier otro <strong>desastre natural<\/strong> seguir\u00e1n superponi\u00e9ndose al <strong>desastre social<\/strong> que hemos dejado nos conforme.<br \/>\nLa <strong>re-apropiaci\u00f3n de lo p\u00fablico<\/strong> en ning\u00fan momento implica ni sirve de apolog\u00eda al protagonismo. Cuando se es part\u00edcipe, se rebasa la mera observaci\u00f3n pasiva y se da paso a la acci\u00f3n, pero no a una acci\u00f3n por la acci\u00f3n sino a una acci\u00f3n con identificaci\u00f3n y coalici\u00f3n. No se trata de pretender hacer lo que no se sabe porque, justamente, no se trata de pretender sino de tender y entender. No se puede reducir la<strong> participaci\u00f3n<\/strong> a un problema de protagonismo y mucho menos pedirle a una sociedad que se sit\u00fae detr\u00e1s de un gobierno que no sabe mandar obedeciendo.\u00a0 A su vez, el problema del protagonismo no se limita a aquellos que salen por salir\u00a0 en un esfuerzo tan imposible como desgarrado por tapiar su vac\u00edo existencial. Lo cual nos lleva al meollo del asunto, el intento de hacer pasar la <strong>toma de las calles<\/strong> por parte de la <strong>sociedad civil<\/strong> como una mera man\u00eda narcisista no es otra cosa que una expresi\u00f3n m\u00e1s del mismo protagonismo que se pretend\u00eda combatir. En la ant\u00edpoda a este trastorno, la conciencia participativa obliga un auto-examen y es origen de una metamorfosis. A\u00fan cuando son un negativo a una superficie limpia y lisa, los escombros funcionan como un espejo donde se revela que la \u00fanica manera de superar la ignorancia y la falta de preparaci\u00f3n de la sociedad civil es <em>in situ<\/em>, en la organizaci\u00f3n permanente\u2026<br \/>\nCiudad de M\u00e9xico<br \/>\n3:30 am, 25 de Septiembre del 2017<\/p>\n","protected":false},"template":"","meta":{"_id_youtube":"","_id_vimeo":"","_podcasts_duration":"","_podcasts_url":"","_podcasts_show":"","_prog_horario_dias":"","_prog_hora":"","_prog_duration":""},"class_list":["post-25477","archivo","type-archivo","status-publish","hentry"],"_links":{"self":[{"href":"https:\/\/nofm-radio.com\/index.php?rest_route=\/wp\/v2\/archivo\/25477","targetHints":{"allow":["GET"]}}],"collection":[{"href":"https:\/\/nofm-radio.com\/index.php?rest_route=\/wp\/v2\/archivo"}],"about":[{"href":"https:\/\/nofm-radio.com\/index.php?rest_route=\/wp\/v2\/types\/archivo"}],"wp:attachment":[{"href":"https:\/\/nofm-radio.com\/index.php?rest_route=%2Fwp%2Fv2%2Fmedia&parent=25477"}],"curies":[{"name":"wp","href":"https:\/\/api.w.org\/{rel}","templated":true}]}}

No estamos levantando escombros, estamos bordando un país

<p>por <strong>Alan Heiblum</strong><br />
<a href="https://twitter.com/AlanHeiblum" target="_blank" rel="noopener noreferrer">@AlanHeiblum</a><br />
foto de <strong>Rodrigo González Olivares</strong><br />
Llegamos la mañana del sábado 23 al acopio del <strong>Estadio Azteca</strong> buscando completar la <strong>donación</strong> que habríamos de realizar en comunidades de <strong>Morelos</strong> por la tarde. La respuesta fue pronta: “No. Sólo las camionetas de<strong> Televisa</strong>”. Sortear la carretera vieja a Oaxtepec tampoco fue fácil, la entrada se encuentra dañada e implica una larga desviación por las comunidades necesitadas de agua de <strong>Xochimilco</strong>. Ya en Morelos, en pueblos abandonados por los mapas interactivos como <strong>Felipe Neri</strong> y el <strong>Vigía</strong>, visitamos a amigos queridos, que como tantos otros jornaleros con casas agrietadas, prefieren dormir en sus patios o camionetas que aceptar el frío ajeno de la plaza pública por más toldo que le hayan puesto. No obstante que cuando llegamos a <strong>Totolapan</strong> la donación ya se limitaba a cinco escobas y cinco latas de atún fuimos recibidos con una gran sonrisa, únicamente empequeñecida por la sonrisa inmensa con que se nos ofreció un pozole vegetariano. De fondo la iglesia completamente derruida y un hombre afincado a un poste recitando las visiones apocalípticas de <strong>Juan</strong>. El pozolito hacía agua la boca pero como ya habíamos engullido varias docenas de tortillas rojas con una pasada de salsa verde y líneas como “pues aquí es el paraíso en la Tierra, aunque haya sismos nunca falta qué comer”, dejamos instasifecho el “ándele anímense a un pozolito” y reemprendimos la retirada.<br />
Durante la ida y el regreso, el paisaje fue de aire particularmente limpio y brillante. Todo lo contrario, del <strong>paisaje de noticias</strong> y notificaciones brotaba una idea turbia y contracturada. Presentada como una disculpa, una crítica o un veinte caído, el núcleo de esta idea se reduce a que la<strong> sociedad civil</strong>, en su afán de protagonismo pero falta de preparación, tomó una delantera que no le pertenecía y que entorpece el <strong>trabajo de rescate</strong> de las autoridades capacitadas. Según esta pintura, las autoridades toman la delantera mientras la sociedad civil queda a la espera de que se le indique como hacerse útil.<br />
<iframe loading="lazy" src="https://www.facebook.com/plugins/video.php?href=https%3A%2F%2Fwww.facebook.com%2Fomarninonoticias%2Fvideos%2F1967579453481939%2F&#038;show_text=0&#038;width=261" width="261" height="476" style="border:none;overflow:hidden" scrolling="no" frameborder="0" allowTransparency="true" allowFullScreen="true"></iframe><br />
No hace falta remover mucho escombro para ver que dicho reclamo no es sino un falso dilema.  No obstante, se trata de una sobre-simplificación peligrosa que no debiera ser subestimada. La pretendida critica no es tal porque opera una confusión entre el afán de protagonismo y la participación, dos cosas totalmente distintas. Mientras la primera responde a una mera enfermedad de la personalidad –propio, por ejemplo, de la apropiación de Televisa de un <strong>donativo público</strong>–, la segunda es la <strong>cura urgente</strong> y necesaria de una enfermedad igualmente grave y que es lo que veníamos esperando desde hace tiempo. No existe mejor escenario, una sociedad que sale a retomar el bordado de un deshilachado <strong>tejido social</strong> es lo mejor que nos puede estar pasando.<br />
El problema no se reduce a vanguardias protagónicas v.s. retaguardias respetuosas. Debemos salir a las calles porque la tierra se retorció derrumbando escuelas y multi-familiares, pero eso es solo el ápice. Debemos salir y quedarnos afuera porque algunos edificios se derrumbaron por estar negligentemente construidos, por ejemplo con varillas cuatro veces más delgadas que las requeridas. Debemos salir y quedarnos afuera porque nuestra proyección al exterior es tanto síntoma como remedio a unas autoridades sordas, lentas e ineptas cuando no <strong>corruptas</strong>, <strong>tramposas y alevosas</strong>. Debemos salir y quedarnos afuera porque abundan los <strong>políticos</strong> des-cerebrados que hacen circo o se hacen de acopios públicos mientras sus fuerzas armadas entran en labores de rapiña e intimidación de <strong>brigadistas</strong>. Es por esto que debemos salir y quedarnos afuera, porque hacía mucho que no reclamábamos lo que siempre fue nuestro, porque de seguir como íbamos, éste y cualquier otro <strong>desastre natural</strong> seguirán superponiéndose al <strong>desastre social</strong> que hemos dejado nos conforme.<br />
La <strong>re-apropiación de lo público</strong> en ningún momento implica ni sirve de apología al protagonismo. Cuando se es partícipe, se rebasa la mera observación pasiva y se da paso a la acción, pero no a una acción por la acción sino a una acción con identificación y coalición. No se trata de pretender hacer lo que no se sabe porque, justamente, no se trata de pretender sino de tender y entender. No se puede reducir la<strong> participación</strong> a un problema de protagonismo y mucho menos pedirle a una sociedad que se sitúe detrás de un gobierno que no sabe mandar obedeciendo.  A su vez, el problema del protagonismo no se limita a aquellos que salen por salir  en un esfuerzo tan imposible como desgarrado por tapiar su vacío existencial. Lo cual nos lleva al meollo del asunto, el intento de hacer pasar la <strong>toma de las calles</strong> por parte de la <strong>sociedad civil</strong> como una mera manía narcisista no es otra cosa que una expresión más del mismo protagonismo que se pretendía combatir. En la antípoda a este trastorno, la conciencia participativa obliga un auto-examen y es origen de una metamorfosis. Aún cuando son un negativo a una superficie limpia y lisa, los escombros funcionan como un espejo donde se revela que la única manera de superar la ignorancia y la falta de preparación de la sociedad civil es <em>in situ</em>, en la organización permanente…<br />
Ciudad de México<br />
3:30 am, 25 de Septiembre del 2017</p>
