{"id":25505,"date":"2017-09-26T13:14:22","date_gmt":"2017-09-26T18:14:22","guid":{"rendered":"http:\/\/nofm-radio.com\/?p=25505"},"modified":"2017-09-26T13:14:22","modified_gmt":"2017-09-26T18:14:22","slug":"que-es-la-brigadalavanderia-y-como-se-puede-participar","status":"publish","type":"archivo","link":"https:\/\/nofm-radio.com\/?archivo=que-es-la-brigadalavanderia-y-como-se-puede-participar","title":{"rendered":"\u00bfQu\u00e9 es la #BrigadaLavander\u00eda y c\u00f3mo se puede participar?"},"content":{"rendered":"<p>La <strong>#BrigadaLavander\u00eda<\/strong> es una <strong>red vecinal<\/strong> que busca compartir un pedacito de nuestro hogar a los <strong>afectados por el sismo del 19s<\/strong> lavando su ropa en casa.<br \/>\nEsta iniciativa fue impulsada por cinco amigos que nos juntamos y buscamos una forma pr\u00e1ctica de ayudar a cubrir una necesidad b\u00e1sica de las personas afectadas por el sismo, utilizando los recursos que tenemos en casa.<br \/>\nNuestra tarea consiste en <strong>recolectar la ropa del albergue<\/strong>, <strong>distribuirla en una red de voluntarios<\/strong> \u2013llamados <strong>lavanderos<\/strong>&#8211; que lavan la ropa en sus casas, cuidando el <strong>lavado correcto de la ropa<\/strong> para despu\u00e9s <strong>devolverla al albergue<\/strong>.<br \/>\nTodos los <strong>Lavanderos<\/strong> cuentan con equipo para lavar ropa. Su misi\u00f3n ser\u00e1 procurar que las prendas queden limpias utilizando los mismos detergentes que usan para su ropa, asegurando as\u00ed la calidad del lavado.<br \/>\nLa intenci\u00f3n de la <strong>iniciativa Brigada Lavander\u00eda<\/strong> es ser replicada en m\u00e1s zonas afectadas. Por ello ponemos a disposici\u00f3n de quien lo desee nuestro modelo de trabajo, el cual puede ser modificado dependiendo las necesidades de cada lugar.<br \/>\nNo se trata de hacerlo una sola vez, se trata de trabajar hasta que las personas puedan integrarse nuevamente a la sociedad con integridad. Por tanto, pedimos a la gente que se quiera comprometer considere esta situaci\u00f3n.<br \/>\nPueden contactarnos a trav\u00e9s de las siguientes cuentas de <strong>Twitter<\/strong> a trav\u00e9s de <strong>mensaje directo<\/strong> (<strong>DM<\/strong>):<br \/>\n<strong><a href=\"https:\/\/twitter.com\/BLavanderia\" rel=\"noopener noreferrer\" target=\"_blank\">@BLavanderia<\/a><\/strong><br \/>\n<strong><a href=\"https:\/\/twitter.com\/RigoMortiz\" rel=\"noopener noreferrer\" target=\"_blank\">@RigoMortiz<\/a><\/strong><br \/>\n<strong><a href=\"https:\/\/twitter.com\/andreanorzan\" rel=\"noopener noreferrer\" target=\"_blank\">@andreanorzan<\/a><\/strong><br \/>\n<strong><a href=\"https:\/\/twitter.com\/karenplata\" rel=\"noopener noreferrer\" target=\"_blank\">@karenplata<\/a><\/strong><br \/>\n<strong><a href=\"https:\/\/twitter.com\/ernest_mb\" rel=\"noopener noreferrer\" target=\"_blank\">@ernest_mb<\/a><\/strong><br \/>\n<a href=\"http:\/\/nofm-radio.com\/wp-content\/uploads\/2017\/09\/frida.jpg\" class=\"no-eff img-link lightbox\" ><img loading=\"lazy\" decoding=\"async\" src=\"http:\/\/nofm-radio.com\/wp-content\/uploads\/2017\/09\/frida.jpg\" alt=\"frida\" width=\"960\" height=\"960\" class=\"alignnone size-full wp-image-25507\" \/><\/a><\/p>\n","protected":false},"template":"","meta":{"_id_youtube":"","_id_vimeo":"","_podcasts_duration":"","_podcasts_url":"","_podcasts_show":"","_prog_horario_dias":"","_prog_hora":"","_prog_duration":""},"class_list":["post-25505","archivo","type-archivo","status-publish","hentry"],"_links":{"self":[{"href":"https:\/\/nofm-radio.com\/index.php?rest_route=\/wp\/v2\/archivo\/25505","targetHints":{"allow":["GET"]}}],"collection":[{"href":"https:\/\/nofm-radio.com\/index.php?rest_route=\/wp\/v2\/archivo"}],"about":[{"href":"https:\/\/nofm-radio.com\/index.php?rest_route=\/wp\/v2\/types\/archivo"}],"wp:attachment":[{"href":"https:\/\/nofm-radio.com\/index.php?rest_route=%2Fwp%2Fv2%2Fmedia&parent=25505"}],"curies":[{"name":"wp","href":"https:\/\/api.w.org\/{rel}","templated":true}]}}

¿Qué es la #BrigadaLavandería y cómo se puede participar?

<p>La <strong>#BrigadaLavandería</strong> es una <strong>red vecinal</strong> que busca compartir un pedacito de nuestro hogar a los <strong>afectados por el sismo del 19s</strong> lavando su ropa en casa.<br />
Esta iniciativa fue impulsada por cinco amigos que nos juntamos y buscamos una forma práctica de ayudar a cubrir una necesidad básica de las personas afectadas por el sismo, utilizando los recursos que tenemos en casa.<br />
Nuestra tarea consiste en <strong>recolectar la ropa del albergue</strong>, <strong>distribuirla en una red de voluntarios</strong> –llamados <strong>lavanderos</strong>&#8211; que lavan la ropa en sus casas, cuidando el <strong>lavado correcto de la ropa</strong> para después <strong>devolverla al albergue</strong>.<br />
Todos los <strong>Lavanderos</strong> cuentan con equipo para lavar ropa. Su misión será procurar que las prendas queden limpias utilizando los mismos detergentes que usan para su ropa, asegurando así la calidad del lavado.<br />
La intención de la <strong>iniciativa Brigada Lavandería</strong> es ser replicada en más zonas afectadas. Por ello ponemos a disposición de quien lo desee nuestro modelo de trabajo, el cual puede ser modificado dependiendo las necesidades de cada lugar.<br />
No se trata de hacerlo una sola vez, se trata de trabajar hasta que las personas puedan integrarse nuevamente a la sociedad con integridad. Por tanto, pedimos a la gente que se quiera comprometer considere esta situación.<br />
Pueden contactarnos a través de las siguientes cuentas de <strong>Twitter</strong> a través de <strong>mensaje directo</strong> (<strong>DM</strong>):<br />
<strong><a href="https://twitter.com/BLavanderia" rel="noopener noreferrer" target="_blank">@BLavanderia</a></strong><br />
<strong><a href="https://twitter.com/RigoMortiz" rel="noopener noreferrer" target="_blank">@RigoMortiz</a></strong><br />
<strong><a href="https://twitter.com/andreanorzan" rel="noopener noreferrer" target="_blank">@andreanorzan</a></strong><br />
<strong><a href="https://twitter.com/karenplata" rel="noopener noreferrer" target="_blank">@karenplata</a></strong><br />
<strong><a href="https://twitter.com/ernest_mb" rel="noopener noreferrer" target="_blank">@ernest_mb</a></strong><br />
<a href="http://nofm-radio.com/wp-content/uploads/2017/09/frida.jpg" class="no-eff img-link lightbox" ><img loading="lazy" decoding="async" src="http://nofm-radio.com/wp-content/uploads/2017/09/frida.jpg" alt="frida" width="960" height="960" class="alignnone size-full wp-image-25507" /></a></p>
