{"id":25521,"date":"2017-09-27T15:31:13","date_gmt":"2017-09-27T20:31:13","guid":{"rendered":"http:\/\/nofm-radio.com\/?p=25521"},"modified":"2017-09-27T15:31:13","modified_gmt":"2017-09-27T20:31:13","slug":"vieja-ciudad-de-hierro","status":"publish","type":"archivo","link":"https:\/\/nofm-radio.com\/?archivo=vieja-ciudad-de-hierro","title":{"rendered":"Vieja Ciudad de Hierro"},"content":{"rendered":"<p>por <strong>Israel Espinosa<\/strong><br \/>\n<a href=\"https:\/\/twitter.com\/arqueorock\" rel=\"noopener noreferrer\" target=\"_blank\">@arqueorock<\/a><br \/>\nUno de los recuerdos que m\u00e1s atesoro en mi memoria es el d\u00eda que salimos en familia a comprar videojuegos al centro, eso pudo haber sido en el a\u00f1o de <strong>1992<\/strong>, o una cosa as\u00ed; recuerdo que fuimos a la zona de <strong>Salto del agua<\/strong>, ese d\u00eda regresamos a casa con el juego de <i>Legend of zelda,<\/i> un cartucho dorado que nunca funcion\u00f3.<b><br \/>\n<\/b><br \/>\nRegres\u00e1bamos cada navidad a comprar cosas de contrabando a los puestos del centro, aunque estuvieran defectuosas: juguetes, ropa, aparatos electr\u00f3nicos. El <strong>centro hist\u00f3rico<\/strong> fue nuestro <strong>centro comercial<\/strong>, porque en ese momento no hab\u00eda plazas con grandes tiendas, ni cerveza importada, ni restaurantes de comida r\u00e1pida, mucho menos \u201ccocinas de barrio\u201d para comer quesadillas, tamales o sopes a precios elevados, porque en ese momento todo era comida de los barrios. Esa ciudad de a poco nos la arrebatan y \u00faltimamente a pu\u00f1os, para m\u00ed y supongo que para varios m\u00e1s, cada nuevo desarrollo es un arrebato de nuestra memoria, de recuerdos que se van en nombre de <strong>grupo FEMSA<\/strong> o alg\u00fan otro.<br \/>\nMi generaci\u00f3n no recuerda el sismo de <strong>1985<\/strong>, y no es necesario porque est\u00e1n bien arraigados los relatos de nuestras familias que lo vivieron. Pero nuestra generaci\u00f3n s\u00ed recuerda el <strong>cambio de gobierno en 1997<\/strong> y la esperanza que eso caus\u00f3. Hoy y por el sismo de la semana pasada vemos c\u00f3mo la <strong>izquierda institucionalizada<\/strong>, que en parte naci\u00f3 por la organizaci\u00f3n popular de aquel sismo de los ochenta, qued\u00f3 rebasada por las personas que, en un acto sincero y espont\u00e1neo, evidencearon las fallas estructurales de su gobierno, tomaron en sus manos el destino de la ciudad. Ahora tambi\u00e9n, me parece estamos en un momento en el que nos preguntamos qu\u00e9 tipo de ciudad queremos, frente a otra que nos imponen y que para muchos ya es inviable.<br \/>\nEl <strong>amor a la ciudad<\/strong> es complejo, ya que est\u00e1 lleno de lugares comunes como la idea de que es un amor mal habido, pero que a mi parecer es el que mejor la describe; <strong>esta ciudad se ama y se odia al mismo tiempo<\/strong>, se disfruta y se padece, pero yo, como millones de capitalino hemos disfrutado de sus calles, su comida y de su gente, de ese extra\u00f1o ser llamado <strong>chilango<\/strong>. Yo termin\u00e9 de descubrir esta ciudad en la preparatoria con amigos que hoy considero mis hermanos, descubrimos el amor juntos y como todos padecimos la <strong>delincuencia<\/strong>, la <strong>gentrificaci\u00f3n<\/strong> y la <strong>pauperizaci\u00f3n del empleo<\/strong>, la falta de buenos salarios y de una renta accesible; apesar de todo eso verla en ruinas nos duele profundamente, porque el amor por ella es m\u00e1s grande.<br \/>\nPero antes de que me ponga m\u00e1s cursi. As\u00ed como yo aprend\u00ed a amarla lo han hecho muchas personas y sobre ella han escrito libros, muchos cuentos, pel\u00edculas y sobre todo infinidad de historias que circulan de boca en boca, que dan testimonio de sus cambios, de la diversidad de personas que en ella habitan, de la particularidad de sus barrios. Ni qu\u00e9 decir de la m\u00fasica que en ella se ha generado, pero m\u00e1s a\u00fan en las canciones que le han cantado, desde <strong>Chava Flores<\/strong> hasta <strong>Molotov<\/strong>, de <strong>Santa Sabina<\/strong> a <strong>La Sonora Santanera<\/strong>. La ciudad es y seguir\u00e1 siendo el escenario de nuestra vida cotidiana, de ese amor y desamor que nos genera, y hoy quiero hacerle un homenaje con algunas canciones que me escuecen y sobre todo que me recuerdan distintas \u00e9pocas de mi vida; colores y recorridos que relatan la vida cotidiana o que s\u00f3lo son sonoridades que la describen. Esta lista de canciones es todo lo que siento por ella y hoy tengo necesidad de dec\u00edrselo.<br \/>\n(la canci\u00f3n <strong>Buldog Blus<\/strong> de <strong>Cecilia Toussaint<\/strong> es en realidad <i><strong>1\u00ba Calle de la Soledad<\/strong><\/i> que por razones que desconozco est\u00e1 cambiada en <strong>spotify<\/strong>)<br \/>\n<a href=\"http:\/\/t.umblr.com\/redirect?z=https%3A%2F%2Fopen.spotify.com%2Fuser%2Fbetterthingz%2Fplaylist%2F5V2GEAhE6j5tXfGDgjpGvw&amp;t=ZDczMGJiNzNiOTc2NzllZmM0ZmZiMjM4MGE4YWNiZjVkMzQ0YTE1ZCxIclN4cGpDNQ%3D%3D&amp;b=t%3ATz9gzXQFnqV39jWSQ9eGAw&amp;p=https%3A%2F%2Fthe-chimps.tumblr.com%2Fpost%2F165801113780%2Fvieja-ciudad-de-hierro&amp;m=1\">https:\/\/open.spotify.com\/user\/betterthingz\/playlist\/5V2GEAhE6j5tXfGDgjpGvw<\/a><br \/>\n<a href=\"http:\/\/nofm-radio.com\/wp-content\/uploads\/2017\/09\/solidaridad.jpeg\" class=\"no-eff img-link lightbox\" ><img loading=\"lazy\" decoding=\"async\" src=\"http:\/\/nofm-radio.com\/wp-content\/uploads\/2017\/09\/solidaridad.jpeg\" alt=\"solidaridad\" width=\"1280\" height=\"853\" class=\"alignnone size-full wp-image-25524\" \/><\/a><\/p>\n","protected":false},"template":"","meta":{"_id_youtube":"","_id_vimeo":"","_podcasts_duration":"","_podcasts_url":"","_podcasts_show":"","_prog_horario_dias":"","_prog_hora":"","_prog_duration":""},"class_list":["post-25521","archivo","type-archivo","status-publish","hentry"],"_links":{"self":[{"href":"https:\/\/nofm-radio.com\/index.php?rest_route=\/wp\/v2\/archivo\/25521","targetHints":{"allow":["GET"]}}],"collection":[{"href":"https:\/\/nofm-radio.com\/index.php?rest_route=\/wp\/v2\/archivo"}],"about":[{"href":"https:\/\/nofm-radio.com\/index.php?rest_route=\/wp\/v2\/types\/archivo"}],"wp:attachment":[{"href":"https:\/\/nofm-radio.com\/index.php?rest_route=%2Fwp%2Fv2%2Fmedia&parent=25521"}],"curies":[{"name":"wp","href":"https:\/\/api.w.org\/{rel}","templated":true}]}}

<p>por <strong>Israel Espinosa</strong><br />
<a href="https://twitter.com/arqueorock" rel="noopener noreferrer" target="_blank">@arqueorock</a><br />
Uno de los recuerdos que más atesoro en mi memoria es el día que salimos en familia a comprar videojuegos al centro, eso pudo haber sido en el año de <strong>1992</strong>, o una cosa así; recuerdo que fuimos a la zona de <strong>Salto del agua</strong>, ese día regresamos a casa con el juego de <i>Legend of zelda,</i> un cartucho dorado que nunca funcionó.<b><br />
</b><br />
Regresábamos cada navidad a comprar cosas de contrabando a los puestos del centro, aunque estuvieran defectuosas: juguetes, ropa, aparatos electrónicos. El <strong>centro histórico</strong> fue nuestro <strong>centro comercial</strong>, porque en ese momento no había plazas con grandes tiendas, ni cerveza importada, ni restaurantes de comida rápida, mucho menos “cocinas de barrio” para comer quesadillas, tamales o sopes a precios elevados, porque en ese momento todo era comida de los barrios. Esa ciudad de a poco nos la arrebatan y últimamente a puños, para mí y supongo que para varios más, cada nuevo desarrollo es un arrebato de nuestra memoria, de recuerdos que se van en nombre de <strong>grupo FEMSA</strong> o algún otro.<br />
Mi generación no recuerda el sismo de <strong>1985</strong>, y no es necesario porque están bien arraigados los relatos de nuestras familias que lo vivieron. Pero nuestra generación sí recuerda el <strong>cambio de gobierno en 1997</strong> y la esperanza que eso causó. Hoy y por el sismo de la semana pasada vemos cómo la <strong>izquierda institucionalizada</strong>, que en parte nació por la organización popular de aquel sismo de los ochenta, quedó rebasada por las personas que, en un acto sincero y espontáneo, evidencearon las fallas estructurales de su gobierno, tomaron en sus manos el destino de la ciudad. Ahora también, me parece estamos en un momento en el que nos preguntamos qué tipo de ciudad queremos, frente a otra que nos imponen y que para muchos ya es inviable.<br />
El <strong>amor a la ciudad</strong> es complejo, ya que está lleno de lugares comunes como la idea de que es un amor mal habido, pero que a mi parecer es el que mejor la describe; <strong>esta ciudad se ama y se odia al mismo tiempo</strong>, se disfruta y se padece, pero yo, como millones de capitalino hemos disfrutado de sus calles, su comida y de su gente, de ese extraño ser llamado <strong>chilango</strong>. Yo terminé de descubrir esta ciudad en la preparatoria con amigos que hoy considero mis hermanos, descubrimos el amor juntos y como todos padecimos la <strong>delincuencia</strong>, la <strong>gentrificación</strong> y la <strong>pauperización del empleo</strong>, la falta de buenos salarios y de una renta accesible; apesar de todo eso verla en ruinas nos duele profundamente, porque el amor por ella es más grande.<br />
Pero antes de que me ponga más cursi. Así como yo aprendí a amarla lo han hecho muchas personas y sobre ella han escrito libros, muchos cuentos, películas y sobre todo infinidad de historias que circulan de boca en boca, que dan testimonio de sus cambios, de la diversidad de personas que en ella habitan, de la particularidad de sus barrios. Ni qué decir de la música que en ella se ha generado, pero más aún en las canciones que le han cantado, desde <strong>Chava Flores</strong> hasta <strong>Molotov</strong>, de <strong>Santa Sabina</strong> a <strong>La Sonora Santanera</strong>. La ciudad es y seguirá siendo el escenario de nuestra vida cotidiana, de ese amor y desamor que nos genera, y hoy quiero hacerle un homenaje con algunas canciones que me escuecen y sobre todo que me recuerdan distintas épocas de mi vida; colores y recorridos que relatan la vida cotidiana o que sólo son sonoridades que la describen. Esta lista de canciones es todo lo que siento por ella y hoy tengo necesidad de decírselo.<br />
(la canción <strong>Buldog Blus</strong> de <strong>Cecilia Toussaint</strong> es en realidad <i><strong>1º Calle de la Soledad</strong></i> que por razones que desconozco está cambiada en <strong>spotify</strong>)<br />
<a href="http://t.umblr.com/redirect?z=https%3A%2F%2Fopen.spotify.com%2Fuser%2Fbetterthingz%2Fplaylist%2F5V2GEAhE6j5tXfGDgjpGvw&amp;t=ZDczMGJiNzNiOTc2NzllZmM0ZmZiMjM4MGE4YWNiZjVkMzQ0YTE1ZCxIclN4cGpDNQ%3D%3D&amp;b=t%3ATz9gzXQFnqV39jWSQ9eGAw&amp;p=https%3A%2F%2Fthe-chimps.tumblr.com%2Fpost%2F165801113780%2Fvieja-ciudad-de-hierro&amp;m=1">https://open.spotify.com/user/betterthingz/playlist/5V2GEAhE6j5tXfGDgjpGvw</a><br />
<a href="http://nofm-radio.com/wp-content/uploads/2017/09/solidaridad.jpeg" class="no-eff img-link lightbox" ><img loading="lazy" decoding="async" src="http://nofm-radio.com/wp-content/uploads/2017/09/solidaridad.jpeg" alt="solidaridad" width="1280" height="853" class="alignnone size-full wp-image-25524" /></a></p>
