{"id":25875,"date":"2017-10-25T14:59:09","date_gmt":"2017-10-25T19:59:09","guid":{"rendered":"http:\/\/nofm-radio.com\/?p=25875"},"modified":"2017-10-25T14:59:09","modified_gmt":"2017-10-25T19:59:09","slug":"el-llamadobahidora-se-escucha-de-nuevo","status":"publish","type":"archivo","link":"https:\/\/nofm-radio.com\/?archivo=el-llamadobahidora-se-escucha-de-nuevo","title":{"rendered":"El #LlamadoBahidor\u00e1 se escucha de nuevo"},"content":{"rendered":"<p>As\u00ed como lo leen, la banda del <strong>Bahidor\u00e1<\/strong> acaba de revelar lugar, fechas y precios de lo que ser\u00e1 la 6a edici\u00f3n de su Carnaval y aunque faltan unos cuantos meses ya nos empezamos a emocionar.<br \/>\nComo veces pasadas, <strong>Las Estacas<\/strong>, <strong>Morelos<\/strong> ser\u00e1 donde se celebre este proyecto\u00a0 los d\u00edas <strong>17 y 18 de febrero de 2018<\/strong>,\u00a0con una sorpresa especial para los hospedados en el campamento y el <strong>Hotel Bahidor\u00e1<\/strong>\u00a0que podr\u00e1n empezar la fiesta con un warm-up de bienvenida el dia <strong>viernes 16 de febrero<\/strong> llamado <strong>El Umbral<\/strong><br \/>\nTodav\u00eda no tenemos mucha noticia del cartel, pero tenemos una confianza ciega en la organzaci\u00f3n, por lo que hay que aprovechar la etapa\u00a0<strong>Early Bird<\/strong>\u00a0que arranca a partir de hoy <strong>25 de octubre <\/strong>(y hasta agotar existencias). Los boletos tienen un costo de $1,150, y los pueden encontrar en <a href=\"https:\/\/bahidora.boletia.com\/?utm_source=newsletter&amp;utm_medi-um=email&amp;utm_presskit=mayo&amp;utm_content=email1-octubre-25\" target=\"_blank\" rel=\"noopener noreferrer\">Boletia<\/a>. Igualmente ah\u00ed podr\u00e1n encontrar los detalles del hospedaje y transporte para disfrutar el carnaval.<br \/>\nMantenganse atentos ya que por aqu\u00ed les seguiremos dando cualquier otra informaci\u00f3n acerca del\u00a0<strong>#LlamadoBahidor\u00e1<\/strong>. Pueden seguirlos en <a href=\"https:\/\/twitter.com\/Bahidora\" target=\"_blank\" rel=\"noopener noreferrer\">redes sociales<\/a>\u00a0o visitar la <a href=\"http:\/\/www.bahidora.com\/\" target=\"_blank\" rel=\"noopener noreferrer\">p\u00e1gina oficial<\/a> del festival.<br \/>\n<a class=\"no-eff img-link lightbox\" href=\"http:\/\/nofm-radio.com\/wp-content\/uploads\/2017\/10\/unnamed.jpg\"><img loading=\"lazy\" decoding=\"async\" class=\"alignnone size-full wp-image-25891\" src=\"http:\/\/nofm-radio.com\/wp-content\/uploads\/2017\/10\/unnamed.jpg\" alt=\"unnamed\" width=\"860\" height=\"908\" \/><\/a><\/p>\n","protected":false},"template":"","meta":{"_id_youtube":"","_id_vimeo":"","_podcasts_duration":"","_podcasts_url":"","_podcasts_show":"","_prog_horario_dias":"","_prog_hora":"","_prog_duration":""},"class_list":["post-25875","archivo","type-archivo","status-publish","hentry"],"_links":{"self":[{"href":"https:\/\/nofm-radio.com\/index.php?rest_route=\/wp\/v2\/archivo\/25875","targetHints":{"allow":["GET"]}}],"collection":[{"href":"https:\/\/nofm-radio.com\/index.php?rest_route=\/wp\/v2\/archivo"}],"about":[{"href":"https:\/\/nofm-radio.com\/index.php?rest_route=\/wp\/v2\/types\/archivo"}],"wp:attachment":[{"href":"https:\/\/nofm-radio.com\/index.php?rest_route=%2Fwp%2Fv2%2Fmedia&parent=25875"}],"curies":[{"name":"wp","href":"https:\/\/api.w.org\/{rel}","templated":true}]}}

El #LlamadoBahidorá se escucha de nuevo

<p>Así como lo leen, la banda del <strong>Bahidorá</strong> acaba de revelar lugar, fechas y precios de lo que será la 6a edición de su Carnaval y aunque faltan unos cuantos meses ya nos empezamos a emocionar.<br />
Como veces pasadas, <strong>Las Estacas</strong>, <strong>Morelos</strong> será donde se celebre este proyecto  los días <strong>17 y 18 de febrero de 2018</strong>, con una sorpresa especial para los hospedados en el campamento y el <strong>Hotel Bahidorá</strong> que podrán empezar la fiesta con un warm-up de bienvenida el dia <strong>viernes 16 de febrero</strong> llamado <strong>El Umbral</strong><br />
Todavía no tenemos mucha noticia del cartel, pero tenemos una confianza ciega en la organzación, por lo que hay que aprovechar la etapa <strong>Early Bird</strong> que arranca a partir de hoy <strong>25 de octubre </strong>(y hasta agotar existencias). Los boletos tienen un costo de $1,150, y los pueden encontrar en <a href="https://bahidora.boletia.com/?utm_source=newsletter&amp;utm_medi-um=email&amp;utm_presskit=mayo&amp;utm_content=email1-octubre-25" target="_blank" rel="noopener noreferrer">Boletia</a>. Igualmente ahí podrán encontrar los detalles del hospedaje y transporte para disfrutar el carnaval.<br />
Mantenganse atentos ya que por aquí les seguiremos dando cualquier otra información acerca del <strong>#LlamadoBahidorá</strong>. Pueden seguirlos en <a href="https://twitter.com/Bahidora" target="_blank" rel="noopener noreferrer">redes sociales</a> o visitar la <a href="http://www.bahidora.com/" target="_blank" rel="noopener noreferrer">página oficial</a> del festival.<br />
<a class="no-eff img-link lightbox" href="http://nofm-radio.com/wp-content/uploads/2017/10/unnamed.jpg"><img loading="lazy" decoding="async" class="alignnone size-full wp-image-25891" src="http://nofm-radio.com/wp-content/uploads/2017/10/unnamed.jpg" alt="unnamed" width="860" height="908" /></a></p>
