{"id":25959,"date":"2017-10-30T12:02:28","date_gmt":"2017-10-30T18:02:28","guid":{"rendered":"http:\/\/nofm-radio.com\/?p=25959"},"modified":"2017-10-30T12:02:28","modified_gmt":"2017-10-30T18:02:28","slug":"desvelos-ponte-el-sueter","status":"publish","type":"archivo","link":"https:\/\/nofm-radio.com\/?archivo=desvelos-ponte-el-sueter","title":{"rendered":"#Desvelos. Ponte el su\u00e9ter"},"content":{"rendered":"<p>por <strong>Joaqu\u00edn Diez-Canedo Novelo<\/strong><br \/>\n<a href=\"https:\/\/twitter.com\/joaquindcn\" target=\"_blank\" rel=\"noopener noreferrer\">@joaquindcn<\/a><br \/>\nAhora que vuelve la \u00e9poca de fr\u00edo, vuelven tambi\u00e9n los atardeceres dorados, los d\u00edas con viento, las hojas oscuras y las horas por el suelo. (\u00bfO eran las horas las que eran oscuras y las hojas las que surcaban los suelos? A saber.) Con el fin de <strong>octubre<\/strong> vuelve el chifl\u00f3n y apresurados, tambi\u00e9n, aparecen los su\u00e9teres, chamarras, bufandas, gorros y abrigos que han esperado pacientemente desde el comienzo de la \u00e9poca de calor, por ah\u00ed de marzo pasado, al negro fondo del armario. Grises, azul marino, de rayas, lisos, de lana, de algod\u00f3n o de <em>cashmere<\/em>; con cuello de tortuga, en v o redondos \u2014largos o cortos, regalados por t\u00edas o no\u2014 surgen estos ropajes de su encerrado letargo de pelusa y polilla para recalentar las vapuleadas cuerpas de sus portadoras, cuerpas azoradas por el aire que, juguet\u00f3n, recorre por estas \u00e9pocas las calles.<br \/>\nA m\u00ed este tiempo del a\u00f1o me encanta y me pone nost\u00e1lgico. Ser\u00e1 quiz\u00e1s porque despu\u00e9s de la larga temporada de lluvias que supone el verano chilango, octubre finalmente nos ofrece momentos suficientemente prolongados de sol y, como ya se acerca el solsticio de invierno, \u00e9ste ya est\u00e1 tendido al sur, lo que lo vuelve m\u00e1s una sensaci\u00f3n de ma\u00f1ana perenne que ese sol brillante y juzg\u00f3n de mediados de junio. O ser\u00e1 quiz\u00e1s porque hay algo de las hojas regadas y los rincones donde se arremolina el viento que lo hace a uno sentirse en otro lado, una sensaci\u00f3n de hojas amarillas que fue robada de pel\u00edculas extranjeras a la <strong>autumn in New York<\/strong> y que m\u00e1s que ser, evoca, llev\u00e1ndolo a uno a imaginarse \u00e9pocas mejores, o a recordar una infancia a\u00f1orada que anida en la nebulosa lontananza de la memoria.<br \/>\nY entonces me acuerdo de estar jugando con primos lejanos en una casa antigua llena de cosas, corriendo de arriba para abajo, y luego de mi t\u00eda abuela \u2014agarrotada en su silla con sus arrugas, su pelito blanco y un su\u00e9ter negro que de lo grande la hac\u00eda ver como un buitre\u2014 tomando entre sus manos de dedos largos y delicados un bast\u00f3n que la ayudara a caminar, y grit\u00e1ndonos desde una esquina oscura y con una voz que nadie sab\u00eda de d\u00f3nde sal\u00eda que nos pusi\u00e9ramos el <strong>su\u00e9ter<\/strong> porque ella ten\u00eda fr\u00edo. Y nadie hac\u00eda caso porque corr\u00edamos en mangas y sud\u00e1bamos y brinc\u00e1bamos sobre muebles demasiado delicados, en espera de que nuestras madres terminaran su sobremesa \u2014que acabar\u00eda temprano por la \u00e9poca del a\u00f1o\u2014 y finalmente pudi\u00e9ramos ir a casa a dormir, o a cenar un chocolate caliente y un <strong>pancito de muerto<\/strong>, tan tradicional de esta \u00e9poca.<\/p>\n<p style=\"text-align: center;\"><a class=\"no-eff img-link lightbox\" href=\"http:\/\/nofm-radio.com\/wp-content\/uploads\/2017\/10\/oto\u00f1o1.jpg\"><img loading=\"lazy\" decoding=\"async\" class=\"alignnone size-full wp-image-25963\" src=\"http:\/\/nofm-radio.com\/wp-content\/uploads\/2017\/10\/oto\u00f1o1.jpg\" alt=\"oto\u00f1o1\" width=\"960\" height=\"720\" \/><\/a><\/p>\n<p>\u201c<strong>Ponte el su\u00e9ter que tengo fr\u00edo<\/strong>\u201d, dec\u00eda la pobre, cuando te acercabas a decirle adi\u00f3s y te acariciaba la mejilla con sus ojitos azules.<br \/>\nPero ahora he crecido y ella ya no est\u00e1, y ya no existe su casa ni sus muebles y los primos ya no viven ac\u00e1 \u2014ellos s\u00ed se fueron a <strong>Nueva York<\/strong>. Yo estoy, sentado en una silla con mi su\u00e9ter azul (que me regal\u00f3 mi t\u00eda en Navidad), en ese momento suspendido del ocaso en el que uno prende la luz. Mi padre lee en un sill\u00f3n con una cobija gruesa encima, y sugiere que prendamos el calentador. Mientras, yo veo por la ventana c\u00f3mo baja el sol, c\u00f3mo juegan los p\u00e1jaros antes de dormir y c\u00f3mo caen las hojas doradas al pasto del jard\u00edn; y entonces me da por acordarme de todos los oto\u00f1os que he pasado ac\u00e1, de todos los su\u00e9teres que me han regalado y de lo c\u00f3modos que son.<br \/>\nY yendo a la cocina por un t\u00e9, veo a mi sobrino corriendo por el jard\u00edn, quitado de la pena y desprovisto de abrigo, y en ese momento siento un escalofr\u00edo que me recorre el cuerpo, un algo que me sale de las entra\u00f1as y que por suerte reprimo a tiempo y que en seguida reconozco como unas ganas terribles de gritarle que se ponga un su\u00e9ter.<br \/>\nPor el simple hecho de que yo tengo <strong>fr\u00edo<\/strong>.<\/p>\n","protected":false},"template":"","meta":{"_id_youtube":"","_id_vimeo":"","_podcasts_duration":"","_podcasts_url":"","_podcasts_show":"","_prog_horario_dias":"","_prog_hora":"","_prog_duration":""},"class_list":["post-25959","archivo","type-archivo","status-publish","hentry"],"_links":{"self":[{"href":"https:\/\/nofm-radio.com\/index.php?rest_route=\/wp\/v2\/archivo\/25959","targetHints":{"allow":["GET"]}}],"collection":[{"href":"https:\/\/nofm-radio.com\/index.php?rest_route=\/wp\/v2\/archivo"}],"about":[{"href":"https:\/\/nofm-radio.com\/index.php?rest_route=\/wp\/v2\/types\/archivo"}],"wp:attachment":[{"href":"https:\/\/nofm-radio.com\/index.php?rest_route=%2Fwp%2Fv2%2Fmedia&parent=25959"}],"curies":[{"name":"wp","href":"https:\/\/api.w.org\/{rel}","templated":true}]}}

#Desvelos. Ponte el suéter

<p>por <strong>Joaquín Diez-Canedo Novelo</strong><br />
<a href="https://twitter.com/joaquindcn" target="_blank" rel="noopener noreferrer">@joaquindcn</a><br />
Ahora que vuelve la época de frío, vuelven también los atardeceres dorados, los días con viento, las hojas oscuras y las horas por el suelo. (¿O eran las horas las que eran oscuras y las hojas las que surcaban los suelos? A saber.) Con el fin de <strong>octubre</strong> vuelve el chiflón y apresurados, también, aparecen los suéteres, chamarras, bufandas, gorros y abrigos que han esperado pacientemente desde el comienzo de la época de calor, por ahí de marzo pasado, al negro fondo del armario. Grises, azul marino, de rayas, lisos, de lana, de algodón o de <em>cashmere</em>; con cuello de tortuga, en v o redondos —largos o cortos, regalados por tías o no— surgen estos ropajes de su encerrado letargo de pelusa y polilla para recalentar las vapuleadas cuerpas de sus portadoras, cuerpas azoradas por el aire que, juguetón, recorre por estas épocas las calles.<br />
A mí este tiempo del año me encanta y me pone nostálgico. Será quizás porque después de la larga temporada de lluvias que supone el verano chilango, octubre finalmente nos ofrece momentos suficientemente prolongados de sol y, como ya se acerca el solsticio de invierno, éste ya está tendido al sur, lo que lo vuelve más una sensación de mañana perenne que ese sol brillante y juzgón de mediados de junio. O será quizás porque hay algo de las hojas regadas y los rincones donde se arremolina el viento que lo hace a uno sentirse en otro lado, una sensación de hojas amarillas que fue robada de películas extranjeras a la <strong>autumn in New York</strong> y que más que ser, evoca, llevándolo a uno a imaginarse épocas mejores, o a recordar una infancia añorada que anida en la nebulosa lontananza de la memoria.<br />
Y entonces me acuerdo de estar jugando con primos lejanos en una casa antigua llena de cosas, corriendo de arriba para abajo, y luego de mi tía abuela —agarrotada en su silla con sus arrugas, su pelito blanco y un suéter negro que de lo grande la hacía ver como un buitre— tomando entre sus manos de dedos largos y delicados un bastón que la ayudara a caminar, y gritándonos desde una esquina oscura y con una voz que nadie sabía de dónde salía que nos pusiéramos el <strong>suéter</strong> porque ella tenía frío. Y nadie hacía caso porque corríamos en mangas y sudábamos y brincábamos sobre muebles demasiado delicados, en espera de que nuestras madres terminaran su sobremesa —que acabaría temprano por la época del año— y finalmente pudiéramos ir a casa a dormir, o a cenar un chocolate caliente y un <strong>pancito de muerto</strong>, tan tradicional de esta época.</p>
<p style="text-align: center;"><a class="no-eff img-link lightbox" href="http://nofm-radio.com/wp-content/uploads/2017/10/otoño1.jpg"><img loading="lazy" decoding="async" class="alignnone size-full wp-image-25963" src="http://nofm-radio.com/wp-content/uploads/2017/10/otoño1.jpg" alt="otoño1" width="960" height="720" /></a></p>
<p>“<strong>Ponte el suéter que tengo frío</strong>”, decía la pobre, cuando te acercabas a decirle adiós y te acariciaba la mejilla con sus ojitos azules.<br />
Pero ahora he crecido y ella ya no está, y ya no existe su casa ni sus muebles y los primos ya no viven acá —ellos sí se fueron a <strong>Nueva York</strong>. Yo estoy, sentado en una silla con mi suéter azul (que me regaló mi tía en Navidad), en ese momento suspendido del ocaso en el que uno prende la luz. Mi padre lee en un sillón con una cobija gruesa encima, y sugiere que prendamos el calentador. Mientras, yo veo por la ventana cómo baja el sol, cómo juegan los pájaros antes de dormir y cómo caen las hojas doradas al pasto del jardín; y entonces me da por acordarme de todos los otoños que he pasado acá, de todos los suéteres que me han regalado y de lo cómodos que son.<br />
Y yendo a la cocina por un té, veo a mi sobrino corriendo por el jardín, quitado de la pena y desprovisto de abrigo, y en ese momento siento un escalofrío que me recorre el cuerpo, un algo que me sale de las entrañas y que por suerte reprimo a tiempo y que en seguida reconozco como unas ganas terribles de gritarle que se ponga un suéter.<br />
Por el simple hecho de que yo tengo <strong>frío</strong>.</p>
