{"id":26200,"date":"2017-11-21T16:45:00","date_gmt":"2017-11-21T22:45:00","guid":{"rendered":"http:\/\/nofm-radio.com\/?p=26200"},"modified":"2017-11-21T16:45:00","modified_gmt":"2017-11-21T22:45:00","slug":"noticiasmujeres-de-atencotestimoniojuicio","status":"publish","type":"archivo","link":"https:\/\/nofm-radio.com\/?archivo=noticiasmujeres-de-atencotestimoniojuicio","title":{"rendered":"&quot;Nos han hecho sentir rotas&quot;. \u00bfAtenco no se olvida?"},"content":{"rendered":"<p>Tras once a\u00f1os de b\u00fasqueda de justacia, los pasados d\u00edas <strong>16 y 17 de noviembre<\/strong>, cinco de las once mujeres de<strong> Atenco<\/strong> v\u00edctimas de <strong>tortura sexual y secuestro<\/strong> comparecieron ante la <strong>Corte Interamericana de Derechos Humanos<\/strong>. Esta audiencia sucede como parte del juicio\u00a0ante la Corte al que las <strong>#MujeresDeAtenco<\/strong> han llegado tras omisiones, malos tratos, recomedaciones sin atenci\u00f3n y autoridades que promueven la impunidad.<br \/>\n<strong>Norma Jim\u00e9nez, Claudia Hern\u00e1ndez, Italia M\u00e9ndez, Patricia Torres y Suhelen Cuevas<\/strong> dieron testimonio, una vez m\u00e1s, de lo que pas\u00f3 en <strong>San Salvador Atenco<\/strong> en <strong>mayo de 2006<\/strong>, los procesos a los que fueron sometidas, las consecuencias que la represi\u00f3n y la <strong>violaci\u00f3n a sus derechos humanos<\/strong> ha traido a sus vidas, y lo que asumen como una reparaci\u00f3n del da\u00f1o. Tambi\u00e9n fueron cuestionadas tanto por los representantes del <strong>Estado mexicano<\/strong>, como por los jueces de la <strong>Corte Interamericana<\/strong>. Estas son sus voces y un fragmento no s\u00f3lo de lo que han vivido, sino de las varias formas en que estas mujeres han aprendido a vivir con la tortura a cuestas. Los videos son largos e intensos, pero si de veras queremos decir &#8220;<strong>Atenco no se olvida<\/strong>&#8220;, hay que ver y escuchar a estas mujeres, y nunca perder de vista que quien estaba a la cabeza del <strong>Estado de M\u00e9xico<\/strong> en ese entonces, es quien ahora est\u00e1 en la silla presidencial.<br \/>\n<strong>* Norma Jim\u00e9nez<\/strong><br \/>\n&#8220;La tortura sexual destruye vidas, destruye familias y comunidades enteras. Y a las sobrevivientes nos ha tocado reconstruirnos solas, luchar por la verdad, pero no olvidamos que el Estado es el responsable. Y que es su obligaci\u00f3n investigar y sancionar a todos los responsables de estos hechos. No estamos pidiendo nada extraordinario: queremos la verdad y queremos la justicia, y queremos la certeza de que esto no se va a volver a repetir.&#8221;<br \/>\n<iframe loading=\"lazy\" src=\"https:\/\/www.youtube.com\/embed\/xjG_uZhWN0M\" width=\"560\" height=\"315\" frameborder=\"0\" allowfullscreen=\"allowfullscreen\"><\/iframe><br \/>\n<strong>* Claudia Hern\u00e1ndez<\/strong><br \/>\n&#8220;Yo s\u00f3lo quer\u00eda sobrevivir. Aunque nos amenazaron de muerte, yo s\u00f3lo quer\u00eda sobrevivir.&#8221;<br \/>\n<iframe loading=\"lazy\" src=\"https:\/\/www.youtube.com\/embed\/X8HZ9LwcCZk\" width=\"560\" height=\"315\" frameborder=\"0\" allowfullscreen=\"allowfullscreen\"><\/iframe><br \/>\n<strong>* Italia M\u00e9ndez<\/strong><br \/>\n&#8220;Lo primero que uno pierde despu\u00e9s de un proceso as\u00ed es la confianza al aparato estatal, a los m\u00e9dicos legistas, al ministerio p\u00fablico, a todas las organziaciones que representa el Estado, porque hacen todo lo posible por acallarnos, hacen todo lo posible por seguirnos humillando, hacen todo lo posible porque nosotras vivamos sumidas en la p\u00e9rdida y en el dolor.&#8221;<br \/>\n<iframe loading=\"lazy\" src=\"https:\/\/www.youtube.com\/embed\/7z1O6aiXBRI\" width=\"560\" height=\"315\" frameborder=\"0\" allowfullscreen=\"allowfullscreen\"><\/iframe><br \/>\n<strong>* Patricia Torres<\/strong><br \/>\n&#8220;Se acerc\u00f3 conmigo una persona de la Comisi\u00f3n de Derechos Humanos del Estado de M\u00e9xico. Le dije que hab\u00eda metido sus manos en mi pantal\u00f3n y que si eso era violaci\u00f3n. \u00c9l me dijo que no, que no hab\u00eda sido violada.&#8221;<br \/>\n<iframe loading=\"lazy\" src=\"https:\/\/www.youtube.com\/embed\/RXSm61iLojw\" width=\"560\" height=\"315\" frameborder=\"0\" allowfullscreen=\"allowfullscreen\"><\/iframe><br \/>\n<strong>* Suhelen Cuevas<\/strong><br \/>\n&#8220;Soy una persona que no puedo reaccionar a la crisis, vivo en un estado de indefensi\u00f3n porque no reacciono, si viene un auto a atropellarme me quedo pasmada. No tengo capacidad de reacci\u00f3n. No tengo capacidad de darle un abrazo a mi padre, un abrazo a mi hijo, porque no tengo confianza en la figura masculina.&#8221;<br \/>\n<iframe loading=\"lazy\" src=\"https:\/\/www.youtube.com\/embed\/sl2mnkYRkSA\" width=\"560\" height=\"315\" frameborder=\"0\" allowfullscreen=\"allowfullscreen\"><\/iframe><br \/>\nLes dejamos tambi\u00e9n los videos del resto del juicio: los testimionios de <strong>Ernesto L\u00f3pez Portillo<\/strong>, experto en seguridad, sobre el estado de las polic\u00edas en M\u00e9xico, y las constantes\u00a0violaciones a los derechos humanos que se comenten en nuestro pa\u00eds; el testimonio de <strong>Julissa Mantilla<\/strong>, perito en materia de <strong>violencia sexual<\/strong> ejercida hacia mujeres; los alegatos de los representantes de las v\u00edctimas y los del <strong>Estado mexicano<\/strong>.<br \/>\nEn los pr\u00f3ximos meses, la<strong> Corte Interamericana de Derechos Humanos<\/strong> deber\u00e1 dar sentencia sobre este caso que es una de las muchas heridas, de las muchas v\u00edctimas, de las muchas violaciones de los derechos humanos que siguen en busca de justicia. Para saber m\u00e1s del camino de estas mujeres en busca de justicia, c\u00f3mo llegaron a la Corte Interamericana y las implicaciones para el Estado mexicano pueden consultar la p\u00e1gina de <a href=\"http:\/\/centroprodh.org.mx\/rompiendoelsilencio\/?page_id=9\" target=\"_blank\" rel=\"noopener noreferrer\"><strong>Rompiendo el Silencio aqu\u00ed<\/strong><\/a>.<br \/>\n<iframe loading=\"lazy\" src=\"https:\/\/www.youtube.com\/embed\/jx0Gy3uXZ30\" width=\"560\" height=\"315\" frameborder=\"0\" allowfullscreen=\"allowfullscreen\"><\/iframe><br \/>\n<iframe loading=\"lazy\" src=\"https:\/\/www.youtube.com\/embed\/9OTYriQMkMQ\" width=\"560\" height=\"315\" frameborder=\"0\" allowfullscreen=\"allowfullscreen\"><\/iframe><br \/>\n<iframe loading=\"lazy\" src=\"https:\/\/www.youtube.com\/embed\/aVADO2RpBcw\" width=\"560\" height=\"315\" frameborder=\"0\" allowfullscreen=\"allowfullscreen\"><\/iframe><br \/>\n<iframe loading=\"lazy\" src=\"https:\/\/www.youtube.com\/embed\/ACtxZolxsiw\" width=\"560\" height=\"315\" frameborder=\"0\" allowfullscreen=\"allowfullscreen\"><\/iframe><br \/>\n<iframe loading=\"lazy\" src=\"https:\/\/www.youtube.com\/embed\/zrO5FSMSQJE\" width=\"560\" height=\"315\" frameborder=\"0\" allowfullscreen=\"allowfullscreen\"><\/iframe><br \/>\n<iframe loading=\"lazy\" src=\"https:\/\/www.youtube.com\/embed\/Hbf5AI8oQSI\" width=\"560\" height=\"315\" frameborder=\"0\" allowfullscreen=\"allowfullscreen\"><\/iframe><\/p>\n","protected":false},"template":"","meta":{"_id_youtube":"","_id_vimeo":"","_podcasts_duration":"","_podcasts_url":"","_podcasts_show":"","_prog_horario_dias":"","_prog_hora":"","_prog_duration":""},"class_list":["post-26200","archivo","type-archivo","status-publish","hentry"],"_links":{"self":[{"href":"https:\/\/nofm-radio.com\/index.php?rest_route=\/wp\/v2\/archivo\/26200","targetHints":{"allow":["GET"]}}],"collection":[{"href":"https:\/\/nofm-radio.com\/index.php?rest_route=\/wp\/v2\/archivo"}],"about":[{"href":"https:\/\/nofm-radio.com\/index.php?rest_route=\/wp\/v2\/types\/archivo"}],"wp:attachment":[{"href":"https:\/\/nofm-radio.com\/index.php?rest_route=%2Fwp%2Fv2%2Fmedia&parent=26200"}],"curies":[{"name":"wp","href":"https:\/\/api.w.org\/{rel}","templated":true}]}}

<p>Tras once años de búsqueda de justacia, los pasados días <strong>16 y 17 de noviembre</strong>, cinco de las once mujeres de<strong> Atenco</strong> víctimas de <strong>tortura sexual y secuestro</strong> comparecieron ante la <strong>Corte Interamericana de Derechos Humanos</strong>. Esta audiencia sucede como parte del juicio ante la Corte al que las <strong>#MujeresDeAtenco</strong> han llegado tras omisiones, malos tratos, recomedaciones sin atención y autoridades que promueven la impunidad.<br />
<strong>Norma Jiménez, Claudia Hernández, Italia Méndez, Patricia Torres y Suhelen Cuevas</strong> dieron testimonio, una vez más, de lo que pasó en <strong>San Salvador Atenco</strong> en <strong>mayo de 2006</strong>, los procesos a los que fueron sometidas, las consecuencias que la represión y la <strong>violación a sus derechos humanos</strong> ha traido a sus vidas, y lo que asumen como una reparación del daño. También fueron cuestionadas tanto por los representantes del <strong>Estado mexicano</strong>, como por los jueces de la <strong>Corte Interamericana</strong>. Estas son sus voces y un fragmento no sólo de lo que han vivido, sino de las varias formas en que estas mujeres han aprendido a vivir con la tortura a cuestas. Los videos son largos e intensos, pero si de veras queremos decir &#8220;<strong>Atenco no se olvida</strong>&#8220;, hay que ver y escuchar a estas mujeres, y nunca perder de vista que quien estaba a la cabeza del <strong>Estado de México</strong> en ese entonces, es quien ahora está en la silla presidencial.<br />
<strong>* Norma Jiménez</strong><br />
&#8220;La tortura sexual destruye vidas, destruye familias y comunidades enteras. Y a las sobrevivientes nos ha tocado reconstruirnos solas, luchar por la verdad, pero no olvidamos que el Estado es el responsable. Y que es su obligación investigar y sancionar a todos los responsables de estos hechos. No estamos pidiendo nada extraordinario: queremos la verdad y queremos la justicia, y queremos la certeza de que esto no se va a volver a repetir.&#8221;<br />
<iframe loading="lazy" src="https://www.youtube.com/embed/xjG_uZhWN0M" width="560" height="315" frameborder="0" allowfullscreen="allowfullscreen"></iframe><br />
<strong>* Claudia Hernández</strong><br />
&#8220;Yo sólo quería sobrevivir. Aunque nos amenazaron de muerte, yo sólo quería sobrevivir.&#8221;<br />
<iframe loading="lazy" src="https://www.youtube.com/embed/X8HZ9LwcCZk" width="560" height="315" frameborder="0" allowfullscreen="allowfullscreen"></iframe><br />
<strong>* Italia Méndez</strong><br />
&#8220;Lo primero que uno pierde después de un proceso así es la confianza al aparato estatal, a los médicos legistas, al ministerio público, a todas las organziaciones que representa el Estado, porque hacen todo lo posible por acallarnos, hacen todo lo posible por seguirnos humillando, hacen todo lo posible porque nosotras vivamos sumidas en la pérdida y en el dolor.&#8221;<br />
<iframe loading="lazy" src="https://www.youtube.com/embed/7z1O6aiXBRI" width="560" height="315" frameborder="0" allowfullscreen="allowfullscreen"></iframe><br />
<strong>* Patricia Torres</strong><br />
&#8220;Se acercó conmigo una persona de la Comisión de Derechos Humanos del Estado de México. Le dije que había metido sus manos en mi pantalón y que si eso era violación. Él me dijo que no, que no había sido violada.&#8221;<br />
<iframe loading="lazy" src="https://www.youtube.com/embed/RXSm61iLojw" width="560" height="315" frameborder="0" allowfullscreen="allowfullscreen"></iframe><br />
<strong>* Suhelen Cuevas</strong><br />
&#8220;Soy una persona que no puedo reaccionar a la crisis, vivo en un estado de indefensión porque no reacciono, si viene un auto a atropellarme me quedo pasmada. No tengo capacidad de reacción. No tengo capacidad de darle un abrazo a mi padre, un abrazo a mi hijo, porque no tengo confianza en la figura masculina.&#8221;<br />
<iframe loading="lazy" src="https://www.youtube.com/embed/sl2mnkYRkSA" width="560" height="315" frameborder="0" allowfullscreen="allowfullscreen"></iframe><br />
Les dejamos también los videos del resto del juicio: los testimionios de <strong>Ernesto López Portillo</strong>, experto en seguridad, sobre el estado de las policías en México, y las constantes violaciones a los derechos humanos que se comenten en nuestro país; el testimonio de <strong>Julissa Mantilla</strong>, perito en materia de <strong>violencia sexual</strong> ejercida hacia mujeres; los alegatos de los representantes de las víctimas y los del <strong>Estado mexicano</strong>.<br />
En los próximos meses, la<strong> Corte Interamericana de Derechos Humanos</strong> deberá dar sentencia sobre este caso que es una de las muchas heridas, de las muchas víctimas, de las muchas violaciones de los derechos humanos que siguen en busca de justicia. Para saber más del camino de estas mujeres en busca de justicia, cómo llegaron a la Corte Interamericana y las implicaciones para el Estado mexicano pueden consultar la página de <a href="http://centroprodh.org.mx/rompiendoelsilencio/?page_id=9" target="_blank" rel="noopener noreferrer"><strong>Rompiendo el Silencio aquí</strong></a>.<br />
<iframe loading="lazy" src="https://www.youtube.com/embed/jx0Gy3uXZ30" width="560" height="315" frameborder="0" allowfullscreen="allowfullscreen"></iframe><br />
<iframe loading="lazy" src="https://www.youtube.com/embed/9OTYriQMkMQ" width="560" height="315" frameborder="0" allowfullscreen="allowfullscreen"></iframe><br />
<iframe loading="lazy" src="https://www.youtube.com/embed/aVADO2RpBcw" width="560" height="315" frameborder="0" allowfullscreen="allowfullscreen"></iframe><br />
<iframe loading="lazy" src="https://www.youtube.com/embed/ACtxZolxsiw" width="560" height="315" frameborder="0" allowfullscreen="allowfullscreen"></iframe><br />
<iframe loading="lazy" src="https://www.youtube.com/embed/zrO5FSMSQJE" width="560" height="315" frameborder="0" allowfullscreen="allowfullscreen"></iframe><br />
<iframe loading="lazy" src="https://www.youtube.com/embed/Hbf5AI8oQSI" width="560" height="315" frameborder="0" allowfullscreen="allowfullscreen"></iframe></p>
