{"id":26310,"date":"2017-11-29T14:22:36","date_gmt":"2017-11-29T20:22:36","guid":{"rendered":"http:\/\/nofm-radio.com\/?p=26310"},"modified":"2017-11-29T14:22:36","modified_gmt":"2017-11-29T20:22:36","slug":"10-mejores-frases-los-simpson","status":"publish","type":"archivo","link":"https:\/\/nofm-radio.com\/?archivo=10-mejores-frases-los-simpson","title":{"rendered":"Y con ustedes las 10 frases de Los Simpson que ya son sabidur\u00eda popular"},"content":{"rendered":"<p>Hay cosas que nos forman, que nos marcan, que se convierten en parte de nosotros: la familia, los recuerdos de infancia, las lecciones aprendidas de los mayors y, para un par de generaciones, <strong>Los Simpson<\/strong>. La una vez gloriosa serie creada por <strong>Matt Groening<\/strong> no ha regalado frases para la posteridad, y otras muy absurdas pero que han pasado al <strong>inconsciente colectivo<\/strong> cual refranes de t\u00eda.<br \/>\nSeguramente habr\u00e1 ya generaciones a las ques estas frases ya no les digan demasiado, tal vez a otros les digan pero ni siquiera recuerden a<strong> Homero<\/strong> y familia, pero no importa, ya son parte del c\u00f3digo de comunicaci\u00f3n. No nos queda m\u00e1s que agradecer por haber presenciado esas temporadas de oro, guardarlas en nuestro coraz\u00f3n y recordar estas <strong>10 frases de Los Simpson<\/strong> que ya son <strong>sabidur\u00eda popular<\/strong>.<\/p>\n<div class=\"rnkrw-widget\" data-rnkrw-id=\"2644338\" data-rnkrw-format=\"grid\" data-rnkrw-rows=\"999\" data-rnkrw-header-fontface=\"verdana\" data-rnkrw-header-fontcolor=\"ed1111\" data-rnkrw-list-fontface=\"verdana\" data-rnkrw-footer-fontcolor=\"ed0028\" ><\/div>\n<p><script id=\"rnkrw-loader\" type=\"text\/javascript\" async src=\"\/\/widget.ranker.com\/static\/rnkrw2.js\"><\/script><\/p>\n","protected":false},"template":"","meta":{"_id_youtube":"","_id_vimeo":"","_podcasts_duration":"","_podcasts_url":"","_podcasts_show":"","_prog_horario_dias":"","_prog_hora":"","_prog_duration":""},"class_list":["post-26310","archivo","type-archivo","status-publish","hentry"],"_links":{"self":[{"href":"https:\/\/nofm-radio.com\/index.php?rest_route=\/wp\/v2\/archivo\/26310","targetHints":{"allow":["GET"]}}],"collection":[{"href":"https:\/\/nofm-radio.com\/index.php?rest_route=\/wp\/v2\/archivo"}],"about":[{"href":"https:\/\/nofm-radio.com\/index.php?rest_route=\/wp\/v2\/types\/archivo"}],"wp:attachment":[{"href":"https:\/\/nofm-radio.com\/index.php?rest_route=%2Fwp%2Fv2%2Fmedia&parent=26310"}],"curies":[{"name":"wp","href":"https:\/\/api.w.org\/{rel}","templated":true}]}}

Y con ustedes las 10 frases de Los Simpson que ya son sabiduría popular

<p>Hay cosas que nos forman, que nos marcan, que se convierten en parte de nosotros: la familia, los recuerdos de infancia, las lecciones aprendidas de los mayors y, para un par de generaciones, <strong>Los Simpson</strong>. La una vez gloriosa serie creada por <strong>Matt Groening</strong> no ha regalado frases para la posteridad, y otras muy absurdas pero que han pasado al <strong>inconsciente colectivo</strong> cual refranes de tía.<br />
Seguramente habrá ya generaciones a las ques estas frases ya no les digan demasiado, tal vez a otros les digan pero ni siquiera recuerden a<strong> Homero</strong> y familia, pero no importa, ya son parte del código de comunicación. No nos queda más que agradecer por haber presenciado esas temporadas de oro, guardarlas en nuestro corazón y recordar estas <strong>10 frases de Los Simpson</strong> que ya son <strong>sabiduría popular</strong>.</p>
<div class="rnkrw-widget" data-rnkrw-id="2644338" data-rnkrw-format="grid" data-rnkrw-rows="999" data-rnkrw-header-fontface="verdana" data-rnkrw-header-fontcolor="ed1111" data-rnkrw-list-fontface="verdana" data-rnkrw-footer-fontcolor="ed0028" ></div>
<p><script id="rnkrw-loader" type="text/javascript" async src="//widget.ranker.com/static/rnkrw2.js"></script></p>
