{"id":26405,"date":"2017-12-12T18:28:00","date_gmt":"2017-12-13T00:28:00","guid":{"rendered":"http:\/\/nofm-radio.com\/?p=26405"},"modified":"2017-12-12T18:28:00","modified_gmt":"2017-12-13T00:28:00","slug":"que-es-la-leydeseguridadinterior","status":"publish","type":"archivo","link":"https:\/\/nofm-radio.com\/?archivo=que-es-la-leydeseguridadinterior","title":{"rendered":"Aqu\u00ed puedes escuchar el programa especial sobre la #LeyDeSeguridadInterior"},"content":{"rendered":"<p>Durante todo 2017 la aprobaci\u00f3n de la <strong>Ley de Seguridad Interior<\/strong> ha sido una amenaza latente. Una ley rechazada por expertos, por <strong>instituciones defensoras de los derechos humanos<\/strong>, contraria a toda evidencia, pero defendida a ultranza como una imperiosa necesidad para las <strong>fuerzas armadas<\/strong>. Los peligros de la militarizaci\u00f3n, de elevar a ley una estrategia de seguridad que ha demostrado una y otra vez su fracaso, se unen a una redacci\u00f3n ambigua que sujeta las acciones de los militares a su interpretaci\u00f3n subjetiva de los hechos.<br \/>\nEn estos d\u00edas, la aprobaci\u00f3n de la ley en el <strong>Senado<\/strong> se ha retrasado mientras sucede un di\u00e1logo de entre los legisladores y las voces de los expertos, aunque \u00e9stos \u00faltimos aseguran que los senadores hacen o\u00eddos sordos a las recomendaciones.<br \/>\nA pocas horas de que termine el per\u00edodo legislativo, el viernes pasado transmitimos el <strong>programa especial #LeyDeSeguridadInterior: la necesidad del miedo<\/strong>, que se enfoc\u00f3 en las facetas m\u00e1s problem\u00e1ticas de la iniciativa aprobada en la <strong>C\u00e1mara de Diputados<\/strong>. Recurrimos a voces de los expertos que comentaron desde los peligros en materia de seguridad, las <strong>violaciones a los derechos humanos<\/strong>, hasta las posibles acciones que se pueden tomar si llega a aprobarse la ley. Igualmente, retomamos fragmentos \u00edntegros de los art\u00edculos y usamos ejemplos burdos, pero posibles en un escenario como el que propone la <strong>Ley de Seguridad Interior<\/strong>.<br \/>\nAgradecemos la colaboraci\u00f3n de <strong>Ra\u00fal Zepeda Gil<\/strong>, de <strong>Luis Tapia<\/strong>, del <strong>Centro de Derechos Humanos Miguel Agust\u00edn Pro Ju\u00e1rez<\/strong>, y del abogado <strong>Javier Carmona Hern\u00e1ndez<\/strong>, por su gu\u00eda ante lo que parece uno de los retrocesos m\u00e1s grandes en la historia reciente de nuestro pa\u00eds.<br \/>\n<iframe loading=\"lazy\" src=\"https:\/\/www.youtube.com\/embed\/QUKwOBc_v1c\" width=\"560\" height=\"315\" frameborder=\"0\" allowfullscreen=\"allowfullscreen\"><\/iframe><\/p>\n","protected":false},"template":"","meta":{"_id_youtube":"","_id_vimeo":"","_podcasts_duration":"","_podcasts_url":"","_podcasts_show":"","_prog_horario_dias":"","_prog_hora":"","_prog_duration":""},"class_list":["post-26405","archivo","type-archivo","status-publish","hentry"],"_links":{"self":[{"href":"https:\/\/nofm-radio.com\/index.php?rest_route=\/wp\/v2\/archivo\/26405","targetHints":{"allow":["GET"]}}],"collection":[{"href":"https:\/\/nofm-radio.com\/index.php?rest_route=\/wp\/v2\/archivo"}],"about":[{"href":"https:\/\/nofm-radio.com\/index.php?rest_route=\/wp\/v2\/types\/archivo"}],"wp:attachment":[{"href":"https:\/\/nofm-radio.com\/index.php?rest_route=%2Fwp%2Fv2%2Fmedia&parent=26405"}],"curies":[{"name":"wp","href":"https:\/\/api.w.org\/{rel}","templated":true}]}}

Aquí puedes escuchar el programa especial sobre la #LeyDeSeguridadInterior

<p>Durante todo 2017 la aprobación de la <strong>Ley de Seguridad Interior</strong> ha sido una amenaza latente. Una ley rechazada por expertos, por <strong>instituciones defensoras de los derechos humanos</strong>, contraria a toda evidencia, pero defendida a ultranza como una imperiosa necesidad para las <strong>fuerzas armadas</strong>. Los peligros de la militarización, de elevar a ley una estrategia de seguridad que ha demostrado una y otra vez su fracaso, se unen a una redacción ambigua que sujeta las acciones de los militares a su interpretación subjetiva de los hechos.<br />
En estos días, la aprobación de la ley en el <strong>Senado</strong> se ha retrasado mientras sucede un diálogo de entre los legisladores y las voces de los expertos, aunque éstos últimos aseguran que los senadores hacen oídos sordos a las recomendaciones.<br />
A pocas horas de que termine el período legislativo, el viernes pasado transmitimos el <strong>programa especial #LeyDeSeguridadInterior: la necesidad del miedo</strong>, que se enfocó en las facetas más problemáticas de la iniciativa aprobada en la <strong>Cámara de Diputados</strong>. Recurrimos a voces de los expertos que comentaron desde los peligros en materia de seguridad, las <strong>violaciones a los derechos humanos</strong>, hasta las posibles acciones que se pueden tomar si llega a aprobarse la ley. Igualmente, retomamos fragmentos íntegros de los artículos y usamos ejemplos burdos, pero posibles en un escenario como el que propone la <strong>Ley de Seguridad Interior</strong>.<br />
Agradecemos la colaboración de <strong>Raúl Zepeda Gil</strong>, de <strong>Luis Tapia</strong>, del <strong>Centro de Derechos Humanos Miguel Agustín Pro Juárez</strong>, y del abogado <strong>Javier Carmona Hernández</strong>, por su guía ante lo que parece uno de los retrocesos más grandes en la historia reciente de nuestro país.<br />
<iframe loading="lazy" src="https://www.youtube.com/embed/QUKwOBc_v1c" width="560" height="315" frameborder="0" allowfullscreen="allowfullscreen"></iframe></p>
