{"id":26495,"date":"2018-01-09T14:48:20","date_gmt":"2018-01-09T20:48:20","guid":{"rendered":"http:\/\/nofm-radio.com\/?p=26495"},"modified":"2018-01-09T14:48:20","modified_gmt":"2018-01-09T20:48:20","slug":"8-momentos-que-demuestran-por-que-necesitamos-el-poder-de-joan-baez","status":"publish","type":"archivo","link":"https:\/\/nofm-radio.com\/?archivo=8-momentos-que-demuestran-por-que-necesitamos-el-poder-de-joan-baez","title":{"rendered":"8 momentos que demuestran por qu\u00e9 necesitamos el poder de Joan Baez"},"content":{"rendered":"<p>Hay muchos m\u00fasicos comprometidos con su presente y, aparte, muy muy aparte, est\u00e1 <strong>Joan Baez<\/strong>. Con una voz \u00fanica y un papel fundamental en el desarrollo del folk, Joan Baez es quiz\u00e1 una de las figuras m\u00e1s subestimadas de la m\u00fasica popular, a la que suele mencionarse \u00fanicamente en relaci\u00f3n con otros grandes monstruos de la escena. Sin embargo, nadie como ella ha sabido encarnar qu\u00e9 es eso de ser un <strong>artista comprometido<\/strong> que no teme jugarse el pellejo, no por su p\u00fablico, sino con su gente.<br \/>\nDesde sus inicios en los a\u00f1os sesenta, Baez ha participado como <strong>activista<\/strong> en causas que van de los derechos de los migrantes, la defensa de los derechos civiles, la equidad de g\u00e9nero, y contra cualquier tipo de violencia. Pero el hecho de ser una ac\u00e9rrima <strong>pacifista<\/strong> tambi\u00e9n la convierte en una de las cantantes m\u00e1s rudas e incre\u00edbles. Las an\u00e9cdotas sobran: que en su primera gira se neg\u00f3 a tocar en cualquier escuela para blancos que segregara por raza, que la arrestaron m\u00faltiples veces en manifestaciones contra la guerra, que evit\u00f3 a toda costa salir en las portadas de sus primeros \u00e1lbumes, que varias veces a puesto en su justa dimensi\u00f3n el &#8220;compromiso social&#8221; de <strong>Bob Dylan<\/strong>, que le dijo a <strong>Michelle Obama<\/strong> que no cantar\u00eda <strong>If I had a hammer<\/strong> por ser la canci\u00f3n m\u00e1s molesta del mundo, que regres\u00f3 del retiro para cantar contra<strong> Donald Trump<\/strong>, etc, etc, etc.<br \/>\nHoy que est\u00e1 de <strong>cumplea\u00f1os<\/strong>, nos dimos a la tarea de recopilar algunos de los momentos que demuestran que a sus setenta y siete a\u00f1os, Joan Baez sigue siendo una de las artistas m\u00e1s duras, audaces y sin miedo que han existido. Porque en estos tiempos que corren siempre necesitamos un poco m\u00e1s de Joan Baez.<br \/>\n<strong>* La No Violencia<\/strong><br \/>\n<iframe loading=\"lazy\" src=\"https:\/\/www.youtube.com\/embed\/N1Wkmz9ucyU\" width=\"560\" height=\"315\" frameborder=\"0\" allowfullscreen=\"allowfullscreen\"><\/iframe><br \/>\n<strong>* Protestas contra la guerra de Vietnam<\/strong><br \/>\n<iframe loading=\"lazy\" src=\"https:\/\/www.youtube.com\/embed\/tcnNSavtoeI\" width=\"560\" height=\"315\" frameborder=\"0\" allowfullscreen=\"allowfullscreen\"><\/iframe><br \/>\n<strong>* En Chile durante la dictadura<\/strong><br \/>\n<iframe loading=\"lazy\" src=\"https:\/\/www.youtube.com\/embed\/vJnQUkc7k5k\" width=\"560\" height=\"315\" frameborder=\"0\" allowfullscreen=\"allowfullscreen\"><\/iframe><br \/>\n<strong>* Bailando con Taylor Swift<\/strong><br \/>\n<iframe loading=\"lazy\" src=\"https:\/\/www.youtube.com\/embed\/hqHQD5eTwDo\" width=\"560\" height=\"315\" frameborder=\"0\" allowfullscreen=\"allowfullscreen\"><\/iframe><br \/>\n<strong>* Contra el Oleoducto en Dakota<\/strong><br \/>\n<iframe loading=\"lazy\" src=\"https:\/\/www.youtube.com\/embed\/NC-xdPJrIjA\" width=\"560\" height=\"315\" frameborder=\"0\" allowfullscreen=\"allowfullscreen\"><\/iframe><br \/>\n<strong>* La Marcha de las mujeres<\/strong><br \/>\n<iframe loading=\"lazy\" src=\"https:\/\/www.youtube.com\/embed\/Yi0W0mz1riM\" width=\"560\" height=\"315\" frameborder=\"0\" allowfullscreen=\"allowfullscreen\"><\/iframe><br \/>\n<strong>* El Sal\u00f3n de la Fama del Rock<\/strong><br \/>\n<iframe loading=\"lazy\" src=\"https:\/\/www.youtube.com\/embed\/jRvW3RxRHek\" width=\"560\" height=\"315\" frameborder=\"0\" allowfullscreen=\"allowfullscreen\"><\/iframe><\/p>\n","protected":false},"template":"","meta":{"_id_youtube":"","_id_vimeo":"","_podcasts_duration":"","_podcasts_url":"","_podcasts_show":"","_prog_horario_dias":"","_prog_hora":"","_prog_duration":""},"class_list":["post-26495","archivo","type-archivo","status-publish","hentry"],"_links":{"self":[{"href":"https:\/\/nofm-radio.com\/index.php?rest_route=\/wp\/v2\/archivo\/26495","targetHints":{"allow":["GET"]}}],"collection":[{"href":"https:\/\/nofm-radio.com\/index.php?rest_route=\/wp\/v2\/archivo"}],"about":[{"href":"https:\/\/nofm-radio.com\/index.php?rest_route=\/wp\/v2\/types\/archivo"}],"wp:attachment":[{"href":"https:\/\/nofm-radio.com\/index.php?rest_route=%2Fwp%2Fv2%2Fmedia&parent=26495"}],"curies":[{"name":"wp","href":"https:\/\/api.w.org\/{rel}","templated":true}]}}

8 momentos que demuestran por qué necesitamos el poder de Joan Baez

<p>Hay muchos músicos comprometidos con su presente y, aparte, muy muy aparte, está <strong>Joan Baez</strong>. Con una voz única y un papel fundamental en el desarrollo del folk, Joan Baez es quizá una de las figuras más subestimadas de la música popular, a la que suele mencionarse únicamente en relación con otros grandes monstruos de la escena. Sin embargo, nadie como ella ha sabido encarnar qué es eso de ser un <strong>artista comprometido</strong> que no teme jugarse el pellejo, no por su público, sino con su gente.<br />
Desde sus inicios en los años sesenta, Baez ha participado como <strong>activista</strong> en causas que van de los derechos de los migrantes, la defensa de los derechos civiles, la equidad de género, y contra cualquier tipo de violencia. Pero el hecho de ser una acérrima <strong>pacifista</strong> también la convierte en una de las cantantes más rudas e increíbles. Las anécdotas sobran: que en su primera gira se negó a tocar en cualquier escuela para blancos que segregara por raza, que la arrestaron múltiples veces en manifestaciones contra la guerra, que evitó a toda costa salir en las portadas de sus primeros álbumes, que varias veces a puesto en su justa dimensión el &#8220;compromiso social&#8221; de <strong>Bob Dylan</strong>, que le dijo a <strong>Michelle Obama</strong> que no cantaría <strong>If I had a hammer</strong> por ser la canción más molesta del mundo, que regresó del retiro para cantar contra<strong> Donald Trump</strong>, etc, etc, etc.<br />
Hoy que está de <strong>cumpleaños</strong>, nos dimos a la tarea de recopilar algunos de los momentos que demuestran que a sus setenta y siete años, Joan Baez sigue siendo una de las artistas más duras, audaces y sin miedo que han existido. Porque en estos tiempos que corren siempre necesitamos un poco más de Joan Baez.<br />
<strong>* La No Violencia</strong><br />
<iframe loading="lazy" src="https://www.youtube.com/embed/N1Wkmz9ucyU" width="560" height="315" frameborder="0" allowfullscreen="allowfullscreen"></iframe><br />
<strong>* Protestas contra la guerra de Vietnam</strong><br />
<iframe loading="lazy" src="https://www.youtube.com/embed/tcnNSavtoeI" width="560" height="315" frameborder="0" allowfullscreen="allowfullscreen"></iframe><br />
<strong>* En Chile durante la dictadura</strong><br />
<iframe loading="lazy" src="https://www.youtube.com/embed/vJnQUkc7k5k" width="560" height="315" frameborder="0" allowfullscreen="allowfullscreen"></iframe><br />
<strong>* Bailando con Taylor Swift</strong><br />
<iframe loading="lazy" src="https://www.youtube.com/embed/hqHQD5eTwDo" width="560" height="315" frameborder="0" allowfullscreen="allowfullscreen"></iframe><br />
<strong>* Contra el Oleoducto en Dakota</strong><br />
<iframe loading="lazy" src="https://www.youtube.com/embed/NC-xdPJrIjA" width="560" height="315" frameborder="0" allowfullscreen="allowfullscreen"></iframe><br />
<strong>* La Marcha de las mujeres</strong><br />
<iframe loading="lazy" src="https://www.youtube.com/embed/Yi0W0mz1riM" width="560" height="315" frameborder="0" allowfullscreen="allowfullscreen"></iframe><br />
<strong>* El Salón de la Fama del Rock</strong><br />
<iframe loading="lazy" src="https://www.youtube.com/embed/jRvW3RxRHek" width="560" height="315" frameborder="0" allowfullscreen="allowfullscreen"></iframe></p>
