{"id":26692,"date":"2018-02-01T13:01:39","date_gmt":"2018-02-01T19:01:39","guid":{"rendered":"http:\/\/nofm-radio.com\/?p=26692"},"modified":"2018-02-01T13:01:39","modified_gmt":"2018-02-01T19:01:39","slug":"miles-in-tokio","status":"publish","type":"archivo","link":"https:\/\/nofm-radio.com\/?archivo=miles-in-tokio","title":{"rendered":"&quot;La gente no ha desaparecido en medio de la ciudad&quot;. #HotelPanorama con Miles Davis"},"content":{"rendered":"<p>Todos sabemos que en <strong>NoFM<\/strong> a veces suceden cosas m\u00e1gicas. En la cabina logran confabularse los astros para producir breves, pero muy potentes, momentos de belleza, y ayer sucedi\u00f3 uno de ellos. En su m\u00e1s reciente emisi\u00f3n, el <strong>#HotelPanorama<\/strong> abri\u00f3 sus puertas con <strong>Miles Davis<\/strong> y el narrador japon\u00e9s <strong>Natsume S\u014dseki<\/strong> como anfitriones. Conel grand\u00edsimo <em><strong>Miles in Tokio<\/strong> <\/em>de fondo, nos dimos una vuelta por esos extra\u00f1os rincones de la urbe.<br \/>\nLes dejamos el programa completo en que <strong>Ana Mart\u00ednez de Buen<\/strong> y <strong>Vikingo Morales<\/strong> se echaron un ejercicio de improvisaci\u00f3n de los que suelen escucharse en la <strong>radio en vivo<\/strong>.<br \/>\nNo se pierdan <strong>#HotelPanorama<\/strong> todos los mi\u00e9rcoles en punto de las 6 de la tarde por www.nofm-radio.com<br \/>\n<strong>#HotelPanorama (31 de enero de 2018 &#8211; Miles Davis y Natsume S\u014dseki)<\/strong><br \/>\n[audio:http:\/\/nofm-radio.com\/podcast\/2018\/Hotel_Panorama_31_01_2018.mp3]<\/p>\n","protected":false},"template":"","meta":{"_id_youtube":"","_id_vimeo":"","_podcasts_duration":"","_podcasts_url":"","_podcasts_show":"","_prog_horario_dias":"","_prog_hora":"","_prog_duration":""},"class_list":["post-26692","archivo","type-archivo","status-publish","hentry"],"_links":{"self":[{"href":"https:\/\/nofm-radio.com\/index.php?rest_route=\/wp\/v2\/archivo\/26692","targetHints":{"allow":["GET"]}}],"collection":[{"href":"https:\/\/nofm-radio.com\/index.php?rest_route=\/wp\/v2\/archivo"}],"about":[{"href":"https:\/\/nofm-radio.com\/index.php?rest_route=\/wp\/v2\/types\/archivo"}],"wp:attachment":[{"href":"https:\/\/nofm-radio.com\/index.php?rest_route=%2Fwp%2Fv2%2Fmedia&parent=26692"}],"curies":[{"name":"wp","href":"https:\/\/api.w.org\/{rel}","templated":true}]}}

<p>Todos sabemos que en <strong>NoFM</strong> a veces suceden cosas mágicas. En la cabina logran confabularse los astros para producir breves, pero muy potentes, momentos de belleza, y ayer sucedió uno de ellos. En su más reciente emisión, el <strong>#HotelPanorama</strong> abrió sus puertas con <strong>Miles Davis</strong> y el narrador japonés <strong>Natsume Sōseki</strong> como anfitriones. Conel grandísimo <em><strong>Miles in Tokio</strong> </em>de fondo, nos dimos una vuelta por esos extraños rincones de la urbe.<br />
Les dejamos el programa completo en que <strong>Ana Martínez de Buen</strong> y <strong>Vikingo Morales</strong> se echaron un ejercicio de improvisación de los que suelen escucharse en la <strong>radio en vivo</strong>.<br />
No se pierdan <strong>#HotelPanorama</strong> todos los miércoles en punto de las 6 de la tarde por www.nofm-radio.com<br />
<strong>#HotelPanorama (31 de enero de 2018 &#8211; Miles Davis y Natsume Sōseki)</strong><br />
[audio:http://nofm-radio.com/podcast/2018/Hotel_Panorama_31_01_2018.mp3]</p>
