{"id":26718,"date":"2018-02-06T16:16:07","date_gmt":"2018-02-06T22:16:07","guid":{"rendered":"http:\/\/nofm-radio.com\/?p=26718"},"modified":"2018-02-06T16:16:07","modified_gmt":"2018-02-06T22:16:07","slug":"101-anos-despues-la-constitucion-es-un-poema","status":"publish","type":"archivo","link":"https:\/\/nofm-radio.com\/?archivo=101-anos-despues-la-constitucion-es-un-poema","title":{"rendered":"101 a\u00f1os despu\u00e9s, la Constituci\u00f3n es un poema"},"content":{"rendered":"<p>Hoy que andamos recuper\u00e1ndonos de este puente, cabe recordar a qu\u00e9 le debemos ese dulce descanso. Y para muchos ser\u00e1 obvio, pero siempre cabe recordar aquella persona que se avent\u00f3 la puntada de decir que el <strong>5 de febrero<\/strong> celebramos la <strong>Batalla del 5 de mayo<\/strong>, o a algunos de nuestros legisladores que se lanzan a consultar la agenda antes de asegurar que el 5 de febrero se conmemora la <strong>promulgaci\u00f3n de la Constituci\u00f3n de 1917<\/strong>. Siendo brutalmente honestos nadie se siente con muchas ganas de celebrar nuestra carta magna. Esa carta que alguna vez fue de vanguardia en t\u00e9rminos de <strong>garant\u00edas individuales<\/strong> y que, 101 a\u00f1os y m\u00e1s de 700 reformas despu\u00e9s, es una cosa muy extra\u00f1a.<br \/>\nSin embargo, pasado el centenario hay una faceta de la Constituci\u00f3n de 1917 que cabe recordar: la literaria.<strong> Justo Sierra<\/strong> dijo, sobre la carta magna de 1857, que &#8220;la Constituci\u00f3n es un bello poema&#8221;. El escritor lo dec\u00eda porque nadie aplicaba los derechos consagrados en la carta magna. Y m\u00e1s o menos en las mismas circunstancias estamos ahora. Con eso en mente, este 2018 han surgido dos proyectos que celebran la constituci\u00f3n como poema, que buscan recuperar el peso de las palabras y revivir lo que la realidad se empe\u00f1a en hacer letra muerta.<br \/>\nEl primer proyecto es de nuestra querida <strong>Editorial Cascajo<\/strong>, que se dio a la tarea de reunir a ocho poetas para leer <strong>136 art\u00edculos de la Constituci\u00f3n<\/strong>. As\u00ed podemos tratar de darle sentido y hacer nuestros los textos a menudo confusos para entender cu\u00e1les son nuestros derechos. Les dejamos todos los art\u00edculos le\u00eddos por <strong>Martha Rodr\u00edguez Mega, Jos\u00e9 Pulido, Javier Pe\u00f1alosa, Camila Krauss, Benjam\u00edn Morales, Iv\u00e1n Cruz, Isabel Rodr\u00edguez Lopez y Valeria Guzm\u00e1n<\/strong>. No dejen de revisar el resto de los proyectos de Editorial Cascajo<strong> <a href=\"https:\/\/editorialcascajo.org\/2018\/01\/30\/264\/\" target=\"_blank\" rel=\"noopener noreferrer\">aqu\u00ed<\/a><\/strong>.<br \/>\n<iframe loading=\"lazy\" src=\"https:\/\/w.soundcloud.com\/player\/?url=https%3A\/\/api.soundcloud.com\/playlists\/436348806&amp;color=%23ff5500&amp;auto_play=false&amp;hide_related=false&amp;show_comments=true&amp;show_user=true&amp;show_reposts=false&amp;show_teaser=true&amp;visual=true\" width=\"100%\" height=\"300\" frameborder=\"no\" scrolling=\"no\"><\/iframe><br \/>\nEl segundo proyecto est\u00e1 a cargo del poeta y abogado <strong>Manuel de J. Jim\u00e9nez\u00a0<\/strong>y la<strong> editorial Literal<\/strong> que convocaron a 23 poetas para realizar la <em><strong>Constituci\u00f3n Po\u00e9tica<\/strong><\/em>, versiones po\u00e9ticas de los art\u00edculos de la Constituci\u00f3n. Este proyecto se presentar\u00e1 el pr\u00f3ximo 10 de febrero en la<strong> Casa Refugio Citlalt\u00e9petl<\/strong> a las 6 pm. Los invitamos a acercarse a estos proyectos que se aproximan de manera distinta a ese libro que guarda lo que se supone que nos hace ciudadanos de este honroso y maltrecho pa\u00eds.<br \/>\n<a class=\"no-eff img-link lightbox\" href=\"http:\/\/nofm-radio.com\/wp-content\/uploads\/2018\/02\/Constituci\u00f3nPol\u00edtica.jpg\"><img loading=\"lazy\" decoding=\"async\" class=\"size-full wp-image-26719 aligncenter\" src=\"http:\/\/nofm-radio.com\/wp-content\/uploads\/2018\/02\/Constituci\u00f3nPol\u00edtica.jpg\" alt=\"\" width=\"704\" height=\"960\" \/><\/a><\/p>\n","protected":false},"template":"","meta":{"_id_youtube":"","_id_vimeo":"","_podcasts_duration":"","_podcasts_url":"","_podcasts_show":"","_prog_horario_dias":"","_prog_hora":"","_prog_duration":""},"class_list":["post-26718","archivo","type-archivo","status-publish","hentry"],"_links":{"self":[{"href":"https:\/\/nofm-radio.com\/index.php?rest_route=\/wp\/v2\/archivo\/26718","targetHints":{"allow":["GET"]}}],"collection":[{"href":"https:\/\/nofm-radio.com\/index.php?rest_route=\/wp\/v2\/archivo"}],"about":[{"href":"https:\/\/nofm-radio.com\/index.php?rest_route=\/wp\/v2\/types\/archivo"}],"wp:attachment":[{"href":"https:\/\/nofm-radio.com\/index.php?rest_route=%2Fwp%2Fv2%2Fmedia&parent=26718"}],"curies":[{"name":"wp","href":"https:\/\/api.w.org\/{rel}","templated":true}]}}

101 años después, la Constitución es un poema

<p>Hoy que andamos recuperándonos de este puente, cabe recordar a qué le debemos ese dulce descanso. Y para muchos será obvio, pero siempre cabe recordar aquella persona que se aventó la puntada de decir que el <strong>5 de febrero</strong> celebramos la <strong>Batalla del 5 de mayo</strong>, o a algunos de nuestros legisladores que se lanzan a consultar la agenda antes de asegurar que el 5 de febrero se conmemora la <strong>promulgación de la Constitución de 1917</strong>. Siendo brutalmente honestos nadie se siente con muchas ganas de celebrar nuestra carta magna. Esa carta que alguna vez fue de vanguardia en términos de <strong>garantías individuales</strong> y que, 101 años y más de 700 reformas después, es una cosa muy extraña.<br />
Sin embargo, pasado el centenario hay una faceta de la Constitución de 1917 que cabe recordar: la literaria.<strong> Justo Sierra</strong> dijo, sobre la carta magna de 1857, que &#8220;la Constitución es un bello poema&#8221;. El escritor lo decía porque nadie aplicaba los derechos consagrados en la carta magna. Y más o menos en las mismas circunstancias estamos ahora. Con eso en mente, este 2018 han surgido dos proyectos que celebran la constitución como poema, que buscan recuperar el peso de las palabras y revivir lo que la realidad se empeña en hacer letra muerta.<br />
El primer proyecto es de nuestra querida <strong>Editorial Cascajo</strong>, que se dio a la tarea de reunir a ocho poetas para leer <strong>136 artículos de la Constitución</strong>. Así podemos tratar de darle sentido y hacer nuestros los textos a menudo confusos para entender cuáles son nuestros derechos. Les dejamos todos los artículos leídos por <strong>Martha Rodríguez Mega, José Pulido, Javier Peñalosa, Camila Krauss, Benjamín Morales, Iván Cruz, Isabel Rodríguez Lopez y Valeria Guzmán</strong>. No dejen de revisar el resto de los proyectos de Editorial Cascajo<strong> <a href="https://editorialcascajo.org/2018/01/30/264/" target="_blank" rel="noopener noreferrer">aquí</a></strong>.<br />
<iframe loading="lazy" src="https://w.soundcloud.com/player/?url=https%3A//api.soundcloud.com/playlists/436348806&amp;color=%23ff5500&amp;auto_play=false&amp;hide_related=false&amp;show_comments=true&amp;show_user=true&amp;show_reposts=false&amp;show_teaser=true&amp;visual=true" width="100%" height="300" frameborder="no" scrolling="no"></iframe><br />
El segundo proyecto está a cargo del poeta y abogado <strong>Manuel de J. Jiménez </strong>y la<strong> editorial Literal</strong> que convocaron a 23 poetas para realizar la <em><strong>Constitución Poética</strong></em>, versiones poéticas de los artículos de la Constitución. Este proyecto se presentará el próximo 10 de febrero en la<strong> Casa Refugio Citlaltépetl</strong> a las 6 pm. Los invitamos a acercarse a estos proyectos que se aproximan de manera distinta a ese libro que guarda lo que se supone que nos hace ciudadanos de este honroso y maltrecho país.<br />
<a class="no-eff img-link lightbox" href="http://nofm-radio.com/wp-content/uploads/2018/02/ConstituciónPolítica.jpg"><img loading="lazy" decoding="async" class="size-full wp-image-26719 aligncenter" src="http://nofm-radio.com/wp-content/uploads/2018/02/ConstituciónPolítica.jpg" alt="" width="704" height="960" /></a></p>
