{"id":27526,"date":"2018-03-16T13:16:41","date_gmt":"2018-03-16T19:16:41","guid":{"rendered":"http:\/\/nofm-radio.com\/?p=27526"},"modified":"2018-03-16T13:16:41","modified_gmt":"2018-03-16T19:16:41","slug":"postal-110-distante-para-estar-cerca","status":"publish","type":"archivo","link":"https:\/\/nofm-radio.com\/?archivo=postal-110-distante-para-estar-cerca","title":{"rendered":"Postal 110. Distante para estar cerca"},"content":{"rendered":"<p>por <strong>Erika Arroyo<\/strong> y<br \/>\n<a href=\"https:\/\/twitter.com\/_earroyo\" target=\"_blank\" rel=\"noopener noreferrer\">@_earroyo<\/a><br \/>\n<strong>Ana Mart\u00ednez de Buen<\/strong><br \/>\n<a href=\"https:\/\/twitter.com\/Anamdb\" target=\"_blank\" rel=\"noopener noreferrer\">@Anamdb<\/a><br \/>\nERIKA: Los <strong>recuerdos<\/strong> son im\u00e1genes. Al recordar, estamos haciendo lo m\u00e1s parecido a proyectar sobre una superficie -a veces blanca, a veces mucho m\u00e1s oscura, a veces muda, a veces ruidosa-, <strong>el pasado<\/strong>.<br \/>\nANA: La distancia objetiva con la que hemos aprendido a relacionarnos con el mundo -con nuestro mundo, incluso-, esa mirada fr\u00eda de laboratorio que nos hemos inventado para mantener fuera de nuestro alcance la <strong>parcialidad<\/strong>, no es m\u00e1s que un intento destinado al fracaso. Omitir la primera persona implica reconocer que no hemos estado ah\u00ed. Pero ah\u00ed estuvimos, aunque de principio no est\u00e9 muy claro c\u00f3mo.<br \/>\nERIKA: Hablamos de nosotros porque no hay otro <strong>cuerpo<\/strong>, otra vida que conozcamos mejor. As\u00ed que aqu\u00ed estamos, esta noche, intentando poner tanto de nosotros como nos es posible, no importa si en el proceso, aquello que sosten\u00edamos con seguridad entre las manos se nos evapora.<br \/>\nANA: Escuche muy bien lo siguiente: de entre sus memorias elija un recuerdo. \u00bfC\u00f3mo era el lugar en el que ocurri\u00f3? \u00bfA qu\u00e9 ol\u00eda el <strong>ambiente<\/strong>? \u00bfDe qu\u00e9 color era? \u00bfQu\u00e9 sonaba al fondo?<br \/>\nERIKA: Apague la luz y mire fijamente donde, a\u00fan en medio de la oscuridad, se revele ante usted un poco de claridad, ser\u00e1 ese el lugar donde brotar\u00e1n los momentos de esta <strong>postal<\/strong>.<br \/>\n<iframe loading=\"lazy\" src=\"https:\/\/www.youtube.com\/embed\/_RZpphITFM4\" width=\"560\" height=\"315\" frameborder=\"0\" allowfullscreen=\"allowfullscreen\"><\/iframe><br \/>\n<iframe loading=\"lazy\" src=\"https:\/\/www.youtube.com\/embed\/Zo1naJEacE8\" width=\"560\" height=\"315\" frameborder=\"0\" allowfullscreen=\"allowfullscreen\"><\/iframe><br \/>\nANA: Algunos rostros se resisten al tiempo, hemos procurado encapsular algunas de sus facciones y dejamos escapar de ellos ciertos gestos, los escuchamos decirnos al o\u00eddo, como si estuvieran frente a nosotros, algunas frases que forman parte de nuestra <strong>galer\u00eda mental<\/strong>.<br \/>\n<iframe loading=\"lazy\" src=\"https:\/\/www.youtube.com\/embed\/g1kDd6yBQZ4\" width=\"560\" height=\"315\" frameborder=\"0\" allowfullscreen=\"allowfullscreen\"><\/iframe><br \/>\nERIKA: La <strong>cabeza<\/strong> es una habitaci\u00f3n oscura, a ella se cuela el mundo a trav\u00e9s de nuestros ojos y se plasma en las paredes como un tapiz siempre cambiante.<br \/>\n<iframe loading=\"lazy\" src=\"https:\/\/www.youtube.com\/embed\/ek-KaihM0gA\" width=\"560\" height=\"315\" frameborder=\"0\" allowfullscreen=\"allowfullscreen\"><\/iframe><br \/>\n<iframe loading=\"lazy\" src=\"https:\/\/www.youtube.com\/embed\/SoqYQdregRI\" width=\"560\" height=\"315\" frameborder=\"0\" allowfullscreen=\"allowfullscreen\"><\/iframe><br \/>\nERIKA: La <strong>nostalgia<\/strong>, esa sensaci\u00f3n de <strong>melancol\u00eda<\/strong>, empuja las cosas para alejarlas de nosotros. Distante para estar cerca, cada vez m\u00e1s cerca del deseo de lo que ya no es, a\u00f1orando un retorno que se sabe imposible; somos artesanos de nuestra <strong>conciencia del tiempo<\/strong>.<br \/>\n<iframe loading=\"lazy\" src=\"https:\/\/www.youtube.com\/embed\/B7F_qfopI_c\" width=\"560\" height=\"315\" frameborder=\"0\" allowfullscreen=\"allowfullscreen\"><\/iframe><br \/>\nANA: Una imagen queda fijada temporalmente en una superficie. El foco luminoso que la transporta hasta ese cuerpo se parece mucho a <strong>la memoria<\/strong>, a narrar un recuerdo y que resuene en el cuerpo de otros.\u00a0Mi padre y yo nos bebimos sus recuerdos una tarde de lunes. Saliendo, hicimos la lista del s\u00faper y hablamos del clima. Por suerte, no llovi\u00f3.<br \/>\nANA: Gracias por acompa\u00f1arnos en esta transmisi\u00f3n especial de <strong>#Postales.<\/strong>\u00a0Gracias, <strong>Eugenio<\/strong>, por prestarnos tu memoria para proyectar est\u00e1 postal.<br \/>\n<iframe loading=\"lazy\" src=\"https:\/\/www.youtube.com\/embed\/n4NLcCEqJMw\" width=\"560\" height=\"315\" frameborder=\"0\" allowfullscreen=\"allowfullscreen\"><\/iframe><\/p>\n","protected":false},"template":"","meta":{"_id_youtube":"","_id_vimeo":"","_podcasts_duration":"","_podcasts_url":"","_podcasts_show":"","_prog_horario_dias":"","_prog_hora":"","_prog_duration":""},"class_list":["post-27526","archivo","type-archivo","status-publish","hentry"],"_links":{"self":[{"href":"https:\/\/nofm-radio.com\/index.php?rest_route=\/wp\/v2\/archivo\/27526","targetHints":{"allow":["GET"]}}],"collection":[{"href":"https:\/\/nofm-radio.com\/index.php?rest_route=\/wp\/v2\/archivo"}],"about":[{"href":"https:\/\/nofm-radio.com\/index.php?rest_route=\/wp\/v2\/types\/archivo"}],"wp:attachment":[{"href":"https:\/\/nofm-radio.com\/index.php?rest_route=%2Fwp%2Fv2%2Fmedia&parent=27526"}],"curies":[{"name":"wp","href":"https:\/\/api.w.org\/{rel}","templated":true}]}}

<p>por <strong>Erika Arroyo</strong> y<br />
<a href="https://twitter.com/_earroyo" target="_blank" rel="noopener noreferrer">@_earroyo</a><br />
<strong>Ana Martínez de Buen</strong><br />
<a href="https://twitter.com/Anamdb" target="_blank" rel="noopener noreferrer">@Anamdb</a><br />
ERIKA: Los <strong>recuerdos</strong> son imágenes. Al recordar, estamos haciendo lo más parecido a proyectar sobre una superficie -a veces blanca, a veces mucho más oscura, a veces muda, a veces ruidosa-, <strong>el pasado</strong>.<br />
ANA: La distancia objetiva con la que hemos aprendido a relacionarnos con el mundo -con nuestro mundo, incluso-, esa mirada fría de laboratorio que nos hemos inventado para mantener fuera de nuestro alcance la <strong>parcialidad</strong>, no es más que un intento destinado al fracaso. Omitir la primera persona implica reconocer que no hemos estado ahí. Pero ahí estuvimos, aunque de principio no esté muy claro cómo.<br />
ERIKA: Hablamos de nosotros porque no hay otro <strong>cuerpo</strong>, otra vida que conozcamos mejor. Así que aquí estamos, esta noche, intentando poner tanto de nosotros como nos es posible, no importa si en el proceso, aquello que sosteníamos con seguridad entre las manos se nos evapora.<br />
ANA: Escuche muy bien lo siguiente: de entre sus memorias elija un recuerdo. ¿Cómo era el lugar en el que ocurrió? ¿A qué olía el <strong>ambiente</strong>? ¿De qué color era? ¿Qué sonaba al fondo?<br />
ERIKA: Apague la luz y mire fijamente donde, aún en medio de la oscuridad, se revele ante usted un poco de claridad, será ese el lugar donde brotarán los momentos de esta <strong>postal</strong>.<br />
<iframe loading="lazy" src="https://www.youtube.com/embed/_RZpphITFM4" width="560" height="315" frameborder="0" allowfullscreen="allowfullscreen"></iframe><br />
<iframe loading="lazy" src="https://www.youtube.com/embed/Zo1naJEacE8" width="560" height="315" frameborder="0" allowfullscreen="allowfullscreen"></iframe><br />
ANA: Algunos rostros se resisten al tiempo, hemos procurado encapsular algunas de sus facciones y dejamos escapar de ellos ciertos gestos, los escuchamos decirnos al oído, como si estuvieran frente a nosotros, algunas frases que forman parte de nuestra <strong>galería mental</strong>.<br />
<iframe loading="lazy" src="https://www.youtube.com/embed/g1kDd6yBQZ4" width="560" height="315" frameborder="0" allowfullscreen="allowfullscreen"></iframe><br />
ERIKA: La <strong>cabeza</strong> es una habitación oscura, a ella se cuela el mundo a través de nuestros ojos y se plasma en las paredes como un tapiz siempre cambiante.<br />
<iframe loading="lazy" src="https://www.youtube.com/embed/ek-KaihM0gA" width="560" height="315" frameborder="0" allowfullscreen="allowfullscreen"></iframe><br />
<iframe loading="lazy" src="https://www.youtube.com/embed/SoqYQdregRI" width="560" height="315" frameborder="0" allowfullscreen="allowfullscreen"></iframe><br />
ERIKA: La <strong>nostalgia</strong>, esa sensación de <strong>melancolía</strong>, empuja las cosas para alejarlas de nosotros. Distante para estar cerca, cada vez más cerca del deseo de lo que ya no es, añorando un retorno que se sabe imposible; somos artesanos de nuestra <strong>conciencia del tiempo</strong>.<br />
<iframe loading="lazy" src="https://www.youtube.com/embed/B7F_qfopI_c" width="560" height="315" frameborder="0" allowfullscreen="allowfullscreen"></iframe><br />
ANA: Una imagen queda fijada temporalmente en una superficie. El foco luminoso que la transporta hasta ese cuerpo se parece mucho a <strong>la memoria</strong>, a narrar un recuerdo y que resuene en el cuerpo de otros. Mi padre y yo nos bebimos sus recuerdos una tarde de lunes. Saliendo, hicimos la lista del súper y hablamos del clima. Por suerte, no llovió.<br />
ANA: Gracias por acompañarnos en esta transmisión especial de <strong>#Postales.</strong> Gracias, <strong>Eugenio</strong>, por prestarnos tu memoria para proyectar está postal.<br />
<iframe loading="lazy" src="https://www.youtube.com/embed/n4NLcCEqJMw" width="560" height="315" frameborder="0" allowfullscreen="allowfullscreen"></iframe></p>
