{"id":27562,"date":"2018-03-21T10:30:11","date_gmt":"2018-03-21T16:30:11","guid":{"rendered":"http:\/\/nofm-radio.com\/?p=27562"},"modified":"2018-03-21T10:30:11","modified_gmt":"2018-03-21T16:30:11","slug":"pecessueltos-presenta-tia-anica-la-pirinaca","status":"publish","type":"archivo","link":"https:\/\/nofm-radio.com\/?archivo=pecessueltos-presenta-tia-anica-la-pirinaca","title":{"rendered":"#PecesSueltos presenta: T\u00eda Anica la Piri\u00f1aca"},"content":{"rendered":"<p style=\"text-align: right;\"><em>&#8220;A Loose-Fish is fair game for anybody who can soonest catch it.\u201d<\/em> Herman Melville, <em>Moby Dick<\/em><\/p>\n<p><em>Si la m\u00fasica se parece al mar, y lo habitamos todos, hay especies raras, que se ven poco y extra\u00f1a vez son capturadas. Aqu\u00ed surcamos las olas para hacerlos m\u00e1s evidentes.<\/em><\/p>\n<p style=\"text-align: center;\"><strong>T\u00eda Anica la Piri\u00f1aca<\/strong><\/p>\n<p>por <strong>Ana Mart\u00ednez de Buen<\/strong><br \/>\n<a href=\"https:\/\/twitter.com\/Anamdb\" target=\"_blank\" rel=\"noopener noreferrer\">@Anamdb<\/a><br \/>\nLo que les traigo son ecos: esa memoria que dice la <strong>t\u00eda Anica<\/strong>, eso antiguo que no se grab\u00f3 jam\u00e1s en est\u00e9reo, que se evapor\u00f3 antes de ser registrado con fidelidad, quiz\u00e1s a prop\u00f3sito, porque era buen cante y eso se hereda, no se hurta.<br \/>\n<strong>Ana Blanco Soto<\/strong> nace en 1899 en la cuna del buen<strong> cante<\/strong>, o eso dicen de <strong>Jerez de la Frontera<\/strong>, y qui\u00e9nes somos para dudarlo, si no sabemos ni sentarnos en un patio o alrededor de una mesa, porque para eso tambi\u00e9n hay formas y tambi\u00e9n se heredan, y hay que soportar tener decenas de vasos y sentarse con las rodillas abiertas para que la cadera se acomode.<br \/>\n<iframe loading=\"lazy\" title=\"T\u00eda Anica La Piri\u00f1aca _ Buler\u00edas _ 1973 (Rito)\" width=\"640\" height=\"480\" src=\"https:\/\/www.youtube.com\/embed\/c9qk1KUbX2I?feature=oembed\" frameborder=\"0\" allow=\"accelerometer; autoplay; clipboard-write; encrypted-media; gyroscope; picture-in-picture; web-share\" referrerpolicy=\"strict-origin-when-cross-origin\" allowfullscreen><\/iframe><br \/>\nAhora, imagina a tu t\u00eda, la t\u00eda que m\u00e1s quieres, con el chongo entrecano, el busto m\u00e1s grande que tus aspiraciones y las cejas m\u00e1s negras que el caf\u00e9 de la ma\u00f1ana. Tiene la piel cuarteada por el sol. Un primo saca <strong>la guitarra<\/strong> y nadie calla, porque en <strong>el flamenco<\/strong> uno acompa\u00f1a con la interrupci\u00f3n, aunque probablemente para eso tambi\u00e9n hay protocolos que no conocemos, que vienen de la cuna, como la habilidad para abrir el abanico y <strong>florear con las manos<\/strong>. Esos verbos flamencos: florear y romper. Entonces la t\u00eda Anica junta las palmas y todos los primos la acompa\u00f1an. Porque as\u00ed es entre <strong>gitanos<\/strong>, todos somos primos, y hoy nosotros nos vestimos con este plural porque estamos con la <strong>T\u00eda Anica la Piri\u00f1aca<\/strong>.<br \/>\nA sus ochenta hablaba de los j\u00f3venes que van recogiendo lo que pueden en su camino para hacer una tradici\u00f3n propia del <strong>cante<\/strong>. Son otras formas, dice, y le gustan, pero jam\u00e1s van a entender lo antiguo, <strong>el buen cante<\/strong>. Para ella <strong>Camar\u00f3n de la Isla<\/strong> era un joven que no lo hab\u00eda entendido del todo, \u201cdice que canta, pero no. No como yo\u201d.<br \/>\n<iframe loading=\"lazy\" title=\"tia anica la piri\u00f1aca\" width=\"640\" height=\"480\" src=\"https:\/\/www.youtube.com\/embed\/FHq0UfZiTOg?feature=oembed\" frameborder=\"0\" allow=\"accelerometer; autoplay; clipboard-write; encrypted-media; gyroscope; picture-in-picture; web-share\" referrerpolicy=\"strict-origin-when-cross-origin\" allowfullscreen><\/iframe><br \/>\nSu casa. Esa casa donde se criaron todos los hijos, y los nietos y los sobrinos. Como <strong>El Moro<\/strong>, que tambi\u00e9n creci\u00f3 en esa casa y luego tuvo una familia y se la llev\u00f3 a <strong>la venta<\/strong> una noche despu\u00e9s de telefonear a la t\u00eda Anica, \u201cque te vengas en el coche a una casa de bien, los se\u00f1ores te quieren escuchar\u201d. Y ella, ya viuda, fue. El marido le prohibi\u00f3 cantar hasta en las fiestas familiares, y eso que ella era una loca del <strong>cante<\/strong> que no lo dejaba ni en el trabajo, especialmente en el trabajo, porque eso de ser ni\u00f1o no es excusa para no trabajar o para no saber cantar.<br \/>\nY el Moro le dio la oportunidad, le abri\u00f3 camino. Ella estaba muy nerviosa, pero entre medias copas de vino rompi\u00f3 en cante. Y los se\u00f1ores, como locos, dec\u00eda la t\u00eda. Y c\u00f3mo no, que escucharla cantar por sole\u00e1 es escucha al pozo mismo. De esos llantos que se beben, y la t\u00eda mejor se beb\u00eda una segunda media copa y se romp\u00eda a cantar por seguiriyas con una maestr\u00eda que ya no hay. As\u00ed mantuvo a su familia, cantando en casas y ventas. Al final, ya hasta cobraba por las entrevista, dec\u00eda que la ten\u00edan mal acostumbrada y pues ella mejor cobraba como si fuera estrella de <strong>Hollywood<\/strong>.<br \/>\nVolvemos a la casa. <strong>Los pisos arabescos<\/strong>. A los<strong> reporteros<\/strong> les gustaba entrevistarla en su cuarto. Ella hab\u00eda parido a sus hijos en otro, pero ahora prefer\u00eda estar refugiada en uno muy peque\u00f1o, acompa\u00f1ada de un radio con una carpeta tejida arriba y una mu\u00f1eca flamenca medio tuerta atorada detr\u00e1s de la antena. Seguro hab\u00eda muchas estampitas de qui\u00e9n sabe cu\u00e1nto santo por ah\u00ed. El ropero ten\u00eda un espejo que reflejaba su chongo cuando la filmaban sentada en su silla azul cielo. Qu\u00e9 gracia esa de las t\u00edas de ponerle un pl\u00e1stico encima al mantel blanco de crochet.<br \/>\n<iframe loading=\"lazy\" title=\"Habla T\u00eda Anica La Piri\u00f1aca\" width=\"640\" height=\"360\" src=\"https:\/\/www.youtube.com\/embed\/pymSUOsLvc0?feature=oembed\" frameborder=\"0\" allow=\"accelerometer; autoplay; clipboard-write; encrypted-media; gyroscope; picture-in-picture; web-share\" referrerpolicy=\"strict-origin-when-cross-origin\" allowfullscreen><\/iframe><br \/>\nDe nuevo estamos, primos, en la mesa. Y la <strong>Pira\u00f1aca<\/strong> es fondo y forma a la vez. El qu\u00e9 y el c\u00f3mo, y todo lo muestra acuchillando con la voz y damos gracias, con jubilosos <strong>\u00f3les<\/strong>, que decimos a pesar de nosotros, porque el sentimiento nos explota como un cuete con p\u00f3lvora impredecible, mientras la t\u00eda s\u00ed sabe de qu\u00e9 va todo esto, y es m\u00e1s hoguera que persona.<br \/>\nHay que hablar de esta m\u00fasica, la que no se escucha ya, porque las grabaciones son como fotocopias de una pintura. Y la escuchamos no por c\u00f3mo suenan, sino porque son un punto de partida para imaginarnos en una mesa, con una se\u00f1ora imponente marcando el <strong>comp\u00e1s de 12<\/strong> con el bast\u00f3n, para arrancarse en medio del <strong>rasgueo de la guitarra<\/strong> y encajarnos frases entre las costillas que dicen algo como:<\/p>\n<blockquote><p>Ay, como una cosa m\u00eda te he mirao<br \/>\nComo cosita m\u00eda te he mirao<br \/>\nPero quererte como yo te quer\u00eda<br \/>\nEso se ha acabao.<\/p><\/blockquote>\n<p>A todos nosotros, ajenos a las <strong>tradiciones flamencas<\/strong>, s\u00f3lo nos queda evocar la idea de <strong>melancol\u00eda<\/strong> desde un frente muy ingenuo. Algo tiene que poder rasgarse cada noche para cantar as\u00ed. Me recuerda al blues, aunque la voz en el blues se enra\u00edza y entierra, partiendo paso con las ra\u00edces hacia abajo, mientras que el <strong>cante jondo<\/strong> se rompe; una fuerza que no se acaba en el pecho de quien pronuncia el cante y en la garganta de quien lo escucha. Pasa que es dif\u00edcil saber cu\u00e1ndo terminaron una palabra y comenzaron otra, no solamente por el hilado de las vocales entre frases, sino por los ecos que nos quedan en esa limosna de silencio, cuando una voz como la de <strong>la Piri\u00f1aca<\/strong> se calla.<br \/>\n<iframe loading=\"lazy\" title=\"tia anica la piri\u00f1aca por seguiriyas\" width=\"640\" height=\"480\" src=\"https:\/\/www.youtube.com\/embed\/nPh2NVCSaUA?feature=oembed\" frameborder=\"0\" allow=\"accelerometer; autoplay; clipboard-write; encrypted-media; gyroscope; picture-in-picture; web-share\" referrerpolicy=\"strict-origin-when-cross-origin\" allowfullscreen><\/iframe><\/p>\n","protected":false},"template":"","meta":{"_id_youtube":"","_id_vimeo":"","_podcasts_duration":"","_podcasts_url":"","_podcasts_show":"","_prog_horario_dias":"","_prog_hora":"","_prog_duration":""},"class_list":["post-27562","archivo","type-archivo","status-publish","hentry"],"_links":{"self":[{"href":"https:\/\/nofm-radio.com\/index.php?rest_route=\/wp\/v2\/archivo\/27562","targetHints":{"allow":["GET"]}}],"collection":[{"href":"https:\/\/nofm-radio.com\/index.php?rest_route=\/wp\/v2\/archivo"}],"about":[{"href":"https:\/\/nofm-radio.com\/index.php?rest_route=\/wp\/v2\/types\/archivo"}],"wp:attachment":[{"href":"https:\/\/nofm-radio.com\/index.php?rest_route=%2Fwp%2Fv2%2Fmedia&parent=27562"}],"curies":[{"name":"wp","href":"https:\/\/api.w.org\/{rel}","templated":true}]}}

#PecesSueltos presenta: Tía Anica la Piriñaca

<p style="text-align: right;"><em>&#8220;A Loose-Fish is fair game for anybody who can soonest catch it.”</em> Herman Melville, <em>Moby Dick</em></p>
<p><em>Si la música se parece al mar, y lo habitamos todos, hay especies raras, que se ven poco y extraña vez son capturadas. Aquí surcamos las olas para hacerlos más evidentes.</em></p>
<p style="text-align: center;"><strong>Tía Anica la Piriñaca</strong></p>
<p>por <strong>Ana Martínez de Buen</strong><br />
<a href="https://twitter.com/Anamdb" target="_blank" rel="noopener noreferrer">@Anamdb</a><br />
Lo que les traigo son ecos: esa memoria que dice la <strong>tía Anica</strong>, eso antiguo que no se grabó jamás en estéreo, que se evaporó antes de ser registrado con fidelidad, quizás a propósito, porque era buen cante y eso se hereda, no se hurta.<br />
<strong>Ana Blanco Soto</strong> nace en 1899 en la cuna del buen<strong> cante</strong>, o eso dicen de <strong>Jerez de la Frontera</strong>, y quiénes somos para dudarlo, si no sabemos ni sentarnos en un patio o alrededor de una mesa, porque para eso también hay formas y también se heredan, y hay que soportar tener decenas de vasos y sentarse con las rodillas abiertas para que la cadera se acomode.<br />
<iframe loading="lazy" title="Tía Anica La Piriñaca _ Bulerías _ 1973 (Rito)" width="640" height="480" src="https://www.youtube.com/embed/c9qk1KUbX2I?feature=oembed" frameborder="0" allow="accelerometer; autoplay; clipboard-write; encrypted-media; gyroscope; picture-in-picture; web-share" referrerpolicy="strict-origin-when-cross-origin" allowfullscreen></iframe><br />
Ahora, imagina a tu tía, la tía que más quieres, con el chongo entrecano, el busto más grande que tus aspiraciones y las cejas más negras que el café de la mañana. Tiene la piel cuarteada por el sol. Un primo saca <strong>la guitarra</strong> y nadie calla, porque en <strong>el flamenco</strong> uno acompaña con la interrupción, aunque probablemente para eso también hay protocolos que no conocemos, que vienen de la cuna, como la habilidad para abrir el abanico y <strong>florear con las manos</strong>. Esos verbos flamencos: florear y romper. Entonces la tía Anica junta las palmas y todos los primos la acompañan. Porque así es entre <strong>gitanos</strong>, todos somos primos, y hoy nosotros nos vestimos con este plural porque estamos con la <strong>Tía Anica la Piriñaca</strong>.<br />
A sus ochenta hablaba de los jóvenes que van recogiendo lo que pueden en su camino para hacer una tradición propia del <strong>cante</strong>. Son otras formas, dice, y le gustan, pero jamás van a entender lo antiguo, <strong>el buen cante</strong>. Para ella <strong>Camarón de la Isla</strong> era un joven que no lo había entendido del todo, “dice que canta, pero no. No como yo”.<br />
<iframe loading="lazy" title="tia anica la piriñaca" width="640" height="480" src="https://www.youtube.com/embed/FHq0UfZiTOg?feature=oembed" frameborder="0" allow="accelerometer; autoplay; clipboard-write; encrypted-media; gyroscope; picture-in-picture; web-share" referrerpolicy="strict-origin-when-cross-origin" allowfullscreen></iframe><br />
Su casa. Esa casa donde se criaron todos los hijos, y los nietos y los sobrinos. Como <strong>El Moro</strong>, que también creció en esa casa y luego tuvo una familia y se la llevó a <strong>la venta</strong> una noche después de telefonear a la tía Anica, “que te vengas en el coche a una casa de bien, los señores te quieren escuchar”. Y ella, ya viuda, fue. El marido le prohibió cantar hasta en las fiestas familiares, y eso que ella era una loca del <strong>cante</strong> que no lo dejaba ni en el trabajo, especialmente en el trabajo, porque eso de ser niño no es excusa para no trabajar o para no saber cantar.<br />
Y el Moro le dio la oportunidad, le abrió camino. Ella estaba muy nerviosa, pero entre medias copas de vino rompió en cante. Y los señores, como locos, decía la tía. Y cómo no, que escucharla cantar por soleá es escucha al pozo mismo. De esos llantos que se beben, y la tía mejor se bebía una segunda media copa y se rompía a cantar por seguiriyas con una maestría que ya no hay. Así mantuvo a su familia, cantando en casas y ventas. Al final, ya hasta cobraba por las entrevista, decía que la tenían mal acostumbrada y pues ella mejor cobraba como si fuera estrella de <strong>Hollywood</strong>.<br />
Volvemos a la casa. <strong>Los pisos arabescos</strong>. A los<strong> reporteros</strong> les gustaba entrevistarla en su cuarto. Ella había parido a sus hijos en otro, pero ahora prefería estar refugiada en uno muy pequeño, acompañada de un radio con una carpeta tejida arriba y una muñeca flamenca medio tuerta atorada detrás de la antena. Seguro había muchas estampitas de quién sabe cuánto santo por ahí. El ropero tenía un espejo que reflejaba su chongo cuando la filmaban sentada en su silla azul cielo. Qué gracia esa de las tías de ponerle un plástico encima al mantel blanco de crochet.<br />
<iframe loading="lazy" title="Habla Tía Anica La Piriñaca" width="640" height="360" src="https://www.youtube.com/embed/pymSUOsLvc0?feature=oembed" frameborder="0" allow="accelerometer; autoplay; clipboard-write; encrypted-media; gyroscope; picture-in-picture; web-share" referrerpolicy="strict-origin-when-cross-origin" allowfullscreen></iframe><br />
De nuevo estamos, primos, en la mesa. Y la <strong>Pirañaca</strong> es fondo y forma a la vez. El qué y el cómo, y todo lo muestra acuchillando con la voz y damos gracias, con jubilosos <strong>óles</strong>, que decimos a pesar de nosotros, porque el sentimiento nos explota como un cuete con pólvora impredecible, mientras la tía sí sabe de qué va todo esto, y es más hoguera que persona.<br />
Hay que hablar de esta música, la que no se escucha ya, porque las grabaciones son como fotocopias de una pintura. Y la escuchamos no por cómo suenan, sino porque son un punto de partida para imaginarnos en una mesa, con una señora imponente marcando el <strong>compás de 12</strong> con el bastón, para arrancarse en medio del <strong>rasgueo de la guitarra</strong> y encajarnos frases entre las costillas que dicen algo como:</p>
<blockquote><p>Ay, como una cosa mía te he mirao<br />
Como cosita mía te he mirao<br />
Pero quererte como yo te quería<br />
Eso se ha acabao.</p></blockquote>
<p>A todos nosotros, ajenos a las <strong>tradiciones flamencas</strong>, sólo nos queda evocar la idea de <strong>melancolía</strong> desde un frente muy ingenuo. Algo tiene que poder rasgarse cada noche para cantar así. Me recuerda al blues, aunque la voz en el blues se enraíza y entierra, partiendo paso con las raíces hacia abajo, mientras que el <strong>cante jondo</strong> se rompe; una fuerza que no se acaba en el pecho de quien pronuncia el cante y en la garganta de quien lo escucha. Pasa que es difícil saber cuándo terminaron una palabra y comenzaron otra, no solamente por el hilado de las vocales entre frases, sino por los ecos que nos quedan en esa limosna de silencio, cuando una voz como la de <strong>la Piriñaca</strong> se calla.<br />
<iframe loading="lazy" title="tia anica la piriñaca por seguiriyas" width="640" height="480" src="https://www.youtube.com/embed/nPh2NVCSaUA?feature=oembed" frameborder="0" allow="accelerometer; autoplay; clipboard-write; encrypted-media; gyroscope; picture-in-picture; web-share" referrerpolicy="strict-origin-when-cross-origin" allowfullscreen></iframe></p>
