{"id":27604,"date":"2018-04-03T14:13:09","date_gmt":"2018-04-03T19:13:09","guid":{"rendered":"http:\/\/nofm-radio.com\/?p=27604"},"modified":"2018-04-03T14:13:09","modified_gmt":"2018-04-03T19:13:09","slug":"altiro-diputados-daran-albazo-para-aprobar-la-ley-de-publicidad-oficial","status":"publish","type":"archivo","link":"https:\/\/nofm-radio.com\/?archivo=altiro-diputados-daran-albazo-para-aprobar-la-ley-de-publicidad-oficial","title":{"rendered":"#AlTiro. Diputados dar\u00e1n albazo para aprobar la Ley de Publicidad Oficial"},"content":{"rendered":"<p>Ya es una constante en nuestra vida diaria que, de tanto en tanto, escuchemos, leamos o veamos a un funcionario p\u00fablico hablar de los logros y las bellezas de su labor. Ya sea el se\u00f1or <strong>Pe\u00f1a Nieto<\/strong> pidiendo que hagamos bien las cuentas, que se cuente lo bueno, o ya sea alg\u00fan gobernador &#8220;entrevistado&#8221; por alg\u00fan diario nacional, los p\u00f3l\u00edticos se han hecho de ma\u00f1as muy efectivas para convertirse en una presencia ineludible en nuestra vida. Y parece que a los ciudadanos no nos queda m\u00e1s que asumir con cristiana resignaci\u00f3n ser bombardeados con miles de anuncios de <strong>publicidad oficial<\/strong>.<br \/>\nLa cosa en nuestro <strong>M\u00e9xico<\/strong> M\u00e1gico es que esta publicidad se ha convertido en una forma para manipular la <strong>opini\u00f3n p\u00fablica<\/strong>. Porque una cosa es que el gobierno de este pa\u00eds (y de todos) necesite tener una comunicaci\u00f3n nutrida con la ciudadan\u00eda, y otra muy distinta que el gobierno compre a billetazos a los medios de comunicaci\u00f3n para que publique s\u00f3lo su versi\u00f3n de los hechos. Como dice<strong> Ana Cristina Ruelas<\/strong>, de <strong>Art\u00edculo 19<\/strong>, una cosa es que el gobierno anuncie una campa\u00f1a de vacunaci\u00f3n, y otra que se anuncie que se han vacunado m\u00e1s de 50 mil ni\u00f1os que el sexenio anterior. Por otro lado, una cosa es que el gobierno utilice los medios de circulaci\u00f3n nacional para hacer llegar mensajes importantes a la ciudadan\u00eda, y otra hacer que el<strong> 80% de los ingresos econ\u00f3micos de los medios de comunicaci\u00f3n provengan de la publicidad oficial<\/strong>.<br \/>\nEn fin, el tema de la publicidad oficial ha sido tema desde 2007, y se ha convertido en un problema grave, pues los recursos que se invierten en el rubro son excesivos y rebasan much\u00edsimo lo aprobado por el <strong>Congreso<\/strong>. El <strong>gasto de publicidad oficial<\/strong> del gobierno federal <strong>pas\u00f3 de casi 5 mil millones de pesos en 2010 a casi 9 mil millones en 2016<\/strong>. Y no s\u00f3lo eso: lo m\u00e1s grave es que los ciudadanos no tenemos manera de saber en qu\u00e9 se gasta ese dinero.<br \/>\n<iframe loading=\"lazy\" width=\"560\" height=\"315\" src=\"https:\/\/www.youtube.com\/embed\/2hTpMgYoMWk\" frameborder=\"0\" allow=\"autoplay; encrypted-media\" allowfullscreen><\/iframe><br \/>\nPor estos motivos, organizaciones como Art\u00edculo 19 y <strong>Fundar<\/strong>,\u00a0 interpusieron un amparo ante la <strong>Suprema Corte de Justicia de la Naci\u00f3n<\/strong> para que el poder legislativo emitiera una ley que regulara la publicidad oficial. El 15 de noviembre de 2017, los magistrados dictaminaron que el Congreso ten\u00eda que emitir la <strong>Ley de Comunicaci\u00f3n Social<\/strong> para proteger la <strong>libertad de expresi\u00f3n<\/strong> de los medios, y transparentara el uso de recursos, y ten\u00eda que emitirla antes del 30 de abril. Todo era felicidad.<br \/>\nY luego, todo se derrumb\u00f3. Esta semana, los diputados del <strong>PRI<\/strong> y el <strong>Partido Verde Ecologista<\/strong> prsentaron una iniciativa de Ley de Comunicaci\u00f3n Social que no s\u00f3lo no cumple con los principios <strong>eficacia, eficiencia, transparencia, honradez, objetividad e imparcialidad<\/strong>; sino que pretende ser aprobada de manera apresurada y sin consultar a experrtos independientes de la <strong>sociedad civil<\/strong>. Lo que propone la iniciativa del eje del mal PRI-PVEM es que el control de la publicidad oficial lo tenga nada m\u00e1s y nada menos quela <strong>SECRETAR\u00cdA DE GOBERNACI\u00d3N<\/strong>. As\u00ed como lo leen, la idea es que Gobernaci\u00f3n regule los tiempos concedidos a la publicidad oficial, seleccione a los medios que recibir\u00e1n los recursos y vigilar\u00e1n que la publicidad oficial no se convierta en la promoci\u00f3n personalizada de alg\u00fan pol\u00edtico. La pregunta es \u00bfqui\u00e9n vigilar\u00e1 a la Secretar\u00eda de Gobernaci\u00f3n?<br \/>\nLo m\u00e1s grave es que el Congreso est\u00e1 dando albazos y han pasado la iniciativa para que se vote en el pleno ya. Por lo que hay que estar al pendiente de c\u00f3mo avanza este asunto, pues si est\u00e1n hartos de las campa\u00f1as, nom\u00e1s imag\u00ednense lo que nos espera con esta ley hecha a modo para que sepamos m\u00e1s de nuestros pol\u00edticos que del mism\u00edsimo gansito. Para seguir la discusi\u00f3n en tiempo real, pueden seguir la cuenta <strong><a href=\"https:\/\/twitter.com\/PubliOficial\" target=\"_blank\" rel=\"noopener noreferrer\">@PubliOficial<\/a> <\/strong>y consultar m\u00e1s informaci\u00f3n en el sitio <strong><a href=\"http:\/\/publicidadoficial.com.mx\/\" target=\"_blank\" rel=\"noopener noreferrer\">www.publicidadoficial.com.mx<\/a><\/strong><\/p>\n","protected":false},"template":"","meta":{"_id_youtube":"","_id_vimeo":"","_podcasts_duration":"","_podcasts_url":"","_podcasts_show":"","_prog_horario_dias":"","_prog_hora":"","_prog_duration":""},"class_list":["post-27604","archivo","type-archivo","status-publish","hentry"],"_links":{"self":[{"href":"https:\/\/nofm-radio.com\/index.php?rest_route=\/wp\/v2\/archivo\/27604","targetHints":{"allow":["GET"]}}],"collection":[{"href":"https:\/\/nofm-radio.com\/index.php?rest_route=\/wp\/v2\/archivo"}],"about":[{"href":"https:\/\/nofm-radio.com\/index.php?rest_route=\/wp\/v2\/types\/archivo"}],"wp:attachment":[{"href":"https:\/\/nofm-radio.com\/index.php?rest_route=%2Fwp%2Fv2%2Fmedia&parent=27604"}],"curies":[{"name":"wp","href":"https:\/\/api.w.org\/{rel}","templated":true}]}}

#AlTiro. Diputados darán albazo para aprobar la Ley de Publicidad Oficial

<p>Ya es una constante en nuestra vida diaria que, de tanto en tanto, escuchemos, leamos o veamos a un funcionario público hablar de los logros y las bellezas de su labor. Ya sea el señor <strong>Peña Nieto</strong> pidiendo que hagamos bien las cuentas, que se cuente lo bueno, o ya sea algún gobernador &#8220;entrevistado&#8221; por algún diario nacional, los pólíticos se han hecho de mañas muy efectivas para convertirse en una presencia ineludible en nuestra vida. Y parece que a los ciudadanos no nos queda más que asumir con cristiana resignación ser bombardeados con miles de anuncios de <strong>publicidad oficial</strong>.<br />
La cosa en nuestro <strong>México</strong> Mágico es que esta publicidad se ha convertido en una forma para manipular la <strong>opinión pública</strong>. Porque una cosa es que el gobierno de este país (y de todos) necesite tener una comunicación nutrida con la ciudadanía, y otra muy distinta que el gobierno compre a billetazos a los medios de comunicación para que publique sólo su versión de los hechos. Como dice<strong> Ana Cristina Ruelas</strong>, de <strong>Artículo 19</strong>, una cosa es que el gobierno anuncie una campaña de vacunación, y otra que se anuncie que se han vacunado más de 50 mil niños que el sexenio anterior. Por otro lado, una cosa es que el gobierno utilice los medios de circulación nacional para hacer llegar mensajes importantes a la ciudadanía, y otra hacer que el<strong> 80% de los ingresos económicos de los medios de comunicación provengan de la publicidad oficial</strong>.<br />
En fin, el tema de la publicidad oficial ha sido tema desde 2007, y se ha convertido en un problema grave, pues los recursos que se invierten en el rubro son excesivos y rebasan muchísimo lo aprobado por el <strong>Congreso</strong>. El <strong>gasto de publicidad oficial</strong> del gobierno federal <strong>pasó de casi 5 mil millones de pesos en 2010 a casi 9 mil millones en 2016</strong>. Y no sólo eso: lo más grave es que los ciudadanos no tenemos manera de saber en qué se gasta ese dinero.<br />
<iframe loading="lazy" width="560" height="315" src="https://www.youtube.com/embed/2hTpMgYoMWk" frameborder="0" allow="autoplay; encrypted-media" allowfullscreen></iframe><br />
Por estos motivos, organizaciones como Artículo 19 y <strong>Fundar</strong>,  interpusieron un amparo ante la <strong>Suprema Corte de Justicia de la Nación</strong> para que el poder legislativo emitiera una ley que regulara la publicidad oficial. El 15 de noviembre de 2017, los magistrados dictaminaron que el Congreso tenía que emitir la <strong>Ley de Comunicación Social</strong> para proteger la <strong>libertad de expresión</strong> de los medios, y transparentara el uso de recursos, y tenía que emitirla antes del 30 de abril. Todo era felicidad.<br />
Y luego, todo se derrumbó. Esta semana, los diputados del <strong>PRI</strong> y el <strong>Partido Verde Ecologista</strong> prsentaron una iniciativa de Ley de Comunicación Social que no sólo no cumple con los principios <strong>eficacia, eficiencia, transparencia, honradez, objetividad e imparcialidad</strong>; sino que pretende ser aprobada de manera apresurada y sin consultar a experrtos independientes de la <strong>sociedad civil</strong>. Lo que propone la iniciativa del eje del mal PRI-PVEM es que el control de la publicidad oficial lo tenga nada más y nada menos quela <strong>SECRETARÍA DE GOBERNACIÓN</strong>. Así como lo leen, la idea es que Gobernación regule los tiempos concedidos a la publicidad oficial, seleccione a los medios que recibirán los recursos y vigilarán que la publicidad oficial no se convierta en la promoción personalizada de algún político. La pregunta es ¿quién vigilará a la Secretaría de Gobernación?<br />
Lo más grave es que el Congreso está dando albazos y han pasado la iniciativa para que se vote en el pleno ya. Por lo que hay que estar al pendiente de cómo avanza este asunto, pues si están hartos de las campañas, nomás imagínense lo que nos espera con esta ley hecha a modo para que sepamos más de nuestros políticos que del mismísimo gansito. Para seguir la discusión en tiempo real, pueden seguir la cuenta <strong><a href="https://twitter.com/PubliOficial" target="_blank" rel="noopener noreferrer">@PubliOficial</a> </strong>y consultar más información en el sitio <strong><a href="http://publicidadoficial.com.mx/" target="_blank" rel="noopener noreferrer">www.publicidadoficial.com.mx</a></strong></p>
