{"id":27637,"date":"2018-04-05T13:31:54","date_gmt":"2018-04-05T18:31:54","guid":{"rendered":"http:\/\/nofm-radio.com\/?p=27637"},"modified":"2018-04-05T13:31:54","modified_gmt":"2018-04-05T18:31:54","slug":"la-otra-orilla-del-olvido-un-retrato-del-exilio-espanol-en-mexico","status":"publish","type":"archivo","link":"https:\/\/nofm-radio.com\/?archivo=la-otra-orilla-del-olvido-un-retrato-del-exilio-espanol-en-mexico","title":{"rendered":"La Otra Orilla del Olvido, un retrato del Exilio Espa\u00f1ol en M\u00e9xico"},"content":{"rendered":"<p>La relaci\u00f3n de M\u00e9xico con el pueblo espa\u00f1ol es una de las m\u00e1s fuertes y \u00fanicas de nuestra historia. Los puntos de contacto en intercambio van desde la violenta<strong> Conquista<\/strong>, hasta las constantes migraciones. Uno de los momentos m\u00e1s importantes a nivel cultural es sin duda el <strong>Exilio Espa\u00f1ol<\/strong>. Desde que <strong>L\u00e1zaro C\u00e1rdenas<\/strong> abri\u00f3 las fronteras a los republicanos que sal\u00edan de su pa\u00eds a causa de la Guerra Civil, la inlfuencia del Exilio Espa\u00f1ol en nuestro pa\u00eds es notorio en la creaci\u00f3n de instituciones educativas, culturales y tambi\u00e9n en el arte.<br \/>\nParte de esta influencia, podemos verla en <em><strong>La Otra Orilla del Olvido<\/strong><\/em>, una exposici\u00f3n del fot\u00f3grafo <strong>Ricardo Vin\u00f3s<\/strong>, conformada por retratos de la comunidad de refugiados de la <strong>Guerra Civil Espa\u00f1ola<\/strong> en M\u00e9xico. Vin\u00f3s, hijo de exiliados republicanos espa\u00f1oles, prolong\u00f3 el nomadeo paterno viviendo y trabajando en la Ciudad de M\u00e9xico, en varias ciudades del interior de la Rep\u00fablica, as\u00ed como en Los \u00c1ngeles, San Francisco y Madrid, donde ha publicado y exhibido sus fotos. Desde 1996 reside en Cuernavaca.<br \/>\nLa exposici\u00f3n <em>La Otra Orilla del Olvido<\/em>, que muestra 100 fotograf\u00edas tomadas e impresas por el artista entre 1991 y 2011, se exhibir\u00e1 en el <strong>Museo de Historia de Tlalpan<\/strong> (Plaza de la Constituci\u00f3n 10, Tlalpan Centro) a partir del 14 de abril y hasta el 13 de mayo. La entrada es libre.<\/p>\n","protected":false},"template":"","meta":{"_id_youtube":"","_id_vimeo":"","_podcasts_duration":"","_podcasts_url":"","_podcasts_show":"","_prog_horario_dias":"","_prog_hora":"","_prog_duration":""},"class_list":["post-27637","archivo","type-archivo","status-publish","hentry"],"_links":{"self":[{"href":"https:\/\/nofm-radio.com\/index.php?rest_route=\/wp\/v2\/archivo\/27637","targetHints":{"allow":["GET"]}}],"collection":[{"href":"https:\/\/nofm-radio.com\/index.php?rest_route=\/wp\/v2\/archivo"}],"about":[{"href":"https:\/\/nofm-radio.com\/index.php?rest_route=\/wp\/v2\/types\/archivo"}],"wp:attachment":[{"href":"https:\/\/nofm-radio.com\/index.php?rest_route=%2Fwp%2Fv2%2Fmedia&parent=27637"}],"curies":[{"name":"wp","href":"https:\/\/api.w.org\/{rel}","templated":true}]}}

La Otra Orilla del Olvido, un retrato del Exilio Español en México

<p>La relación de México con el pueblo español es una de las más fuertes y únicas de nuestra historia. Los puntos de contacto en intercambio van desde la violenta<strong> Conquista</strong>, hasta las constantes migraciones. Uno de los momentos más importantes a nivel cultural es sin duda el <strong>Exilio Español</strong>. Desde que <strong>Lázaro Cárdenas</strong> abrió las fronteras a los republicanos que salían de su país a causa de la Guerra Civil, la inlfuencia del Exilio Español en nuestro país es notorio en la creación de instituciones educativas, culturales y también en el arte.<br />
Parte de esta influencia, podemos verla en <em><strong>La Otra Orilla del Olvido</strong></em>, una exposición del fotógrafo <strong>Ricardo Vinós</strong>, conformada por retratos de la comunidad de refugiados de la <strong>Guerra Civil Española</strong> en México. Vinós, hijo de exiliados republicanos españoles, prolongó el nomadeo paterno viviendo y trabajando en la Ciudad de México, en varias ciudades del interior de la República, así como en Los Ángeles, San Francisco y Madrid, donde ha publicado y exhibido sus fotos. Desde 1996 reside en Cuernavaca.<br />
La exposición <em>La Otra Orilla del Olvido</em>, que muestra 100 fotografías tomadas e impresas por el artista entre 1991 y 2011, se exhibirá en el <strong>Museo de Historia de Tlalpan</strong> (Plaza de la Constitución 10, Tlalpan Centro) a partir del 14 de abril y hasta el 13 de mayo. La entrada es libre.</p>
