{"id":27812,"date":"2018-04-24T14:03:32","date_gmt":"2018-04-24T19:03:32","guid":{"rendered":"http:\/\/nofm-radio.com\/?p=27812"},"modified":"2018-04-24T14:03:32","modified_gmt":"2018-04-24T19:03:32","slug":"hablamedeflow-pablo-hasel-quien-debe-ser-juzgado-por-actos-de-odio","status":"publish","type":"archivo","link":"https:\/\/nofm-radio.com\/?archivo=hablamedeflow-pablo-hasel-quien-debe-ser-juzgado-por-actos-de-odio","title":{"rendered":"#H\u00e1blameDeFlow. Pablo Has\u00e9l, \u00bfqui\u00e9n debe ser juzgado por actos de odio?"},"content":{"rendered":"<p>por <strong>Takeshi L\u00f3pez<\/strong><br \/>\n<a href=\"https:\/\/twitter.com\/TakeshiLopez\" target=\"_blank\" rel=\"noopener noreferrer\">@TakeshiLopez<\/a><\/p>\n<p style=\"text-align: right;\"><em>\u201cSi no creemos en la libertad de expresi\u00f3n de aquellos que despreciamos, no creemos en ella en absoluto.\u201d<\/em><br \/>\nNoam Chomsky<\/p>\n<p>Es importante tener claro un concepto b\u00e1sico: \u201cLa <strong>libertad de expresi\u00f3n<\/strong> es un elemento cr\u00edtico y fundamental para la democracia, el desarrollo y el di\u00e1logo \u2013 sin ella ninguna de estas palabras podr\u00eda funcionar o prosperar. La libertad de expresi\u00f3n es un derecho universal que todo el mundo debe gozar. Todos tienen el derecho a la libertad de opini\u00f3n y de expresi\u00f3n; \u00e9ste incluye el derecho a mantener una opini\u00f3n sin interferencias y a buscar, recibir y difundir informaci\u00f3n e ideas a trav\u00e9s de cualquier medio de difusi\u00f3n sin limitaci\u00f3n de fronteras.\u201d As\u00ed dicta la <em><strong>Declaraci\u00f3n Universal de los Derechos Humanos<\/strong><\/em> de 1948.<br \/>\nEn octubre de 2011, el rapero leridano <strong>Pablo Has\u00e9l<\/strong>, nombre art\u00edstico de<strong> Pau Rivadulla<\/strong>, de 22 a\u00f1os, fue detenido y acusado de enaltecimiento del terrorismo por el contenido de sus letras en sus canciones de Rap. Fue amonestado y puesto en libertad despu\u00e9s de registrar su domicilio del que se llevaron material inform\u00e1tico, libros, revistas y letras de sus canciones. En ese momento recibi\u00f3 un fuerte apoyo de medios y activistas a trav\u00e9s de redes sociales para que se le pusiera en libertad. Se le inst\u00f3 a comparecer dos veces al mes mientras se daba el procedimiento legal. En el 2014 se llev\u00f3 acabo su primer juicio donde se le conden\u00f3 a dos a\u00f1os de carcel. El tribunal presidido por <strong>Alfonso Guevara<\/strong> record\u00f3 la doctrina constitucional de que no es leg\u00edtimo limitar el <strong>derecho a la libertad de expresi\u00f3n<\/strong> o informaci\u00f3n incluso cuando tiene car\u00e1cter hiriente o molesto. Sin embargo, sostiene que \u201cel discurso del odio no est\u00e1 amparado por la libertad de expresi\u00f3n en un Estado democr\u00e1tico\u201d, ya en el 2015 el tribunal confirm\u00f3 la sentencia, pero Pablo no entr\u00f3 en la c\u00e1rcel porque es necesario tener una condena de dos a\u00f1os m\u00e1s un d\u00eda para ingresar al reformatorio por este tipo de delitos.<br \/>\n\u00bfEstado democr\u00e1tico? Volvamos a la declaraci\u00f3n de la ONU: \u201cLa libertad de expresi\u00f3n es un elemento cr\u00edtico y fundamental para la democracia\u201d. C\u00f3mo hablar de democracia si de facto se est\u00e1 violando un elemento fundacional. \u00bfQu\u00e9 sucede con los medios amarillistas que imparten la doctrina del shok en medios de comunicaci\u00f3n masiva0 o con los medios no oficialistas que cuentan los tejes y manejes de gobiernos corruptos? Hay tantos por ah\u00ed diciendo la verdad, \u00bfdeber\u00edan entonces estar todos en la carcel por sentir desprecio y odio por un grupo de poder, que de maneras directas e indirectas nos oprimen con actos deshumanizados?<br \/>\n<iframe loading=\"lazy\" title=\"NOS QUIEREN CONDENAR POR 1 CANCI\u00d3N...\u00a1Ay\u00fadanos a difundirlo!\" width=\"640\" height=\"360\" src=\"https:\/\/www.youtube.com\/embed\/4IbpImL-Dxw?feature=oembed\" frameborder=\"0\" allow=\"accelerometer; autoplay; clipboard-write; encrypted-media; gyroscope; picture-in-picture; web-share\" referrerpolicy=\"strict-origin-when-cross-origin\" allowfullscreen><\/iframe><br \/>\nHas\u00e9l rapea en sus canciones cosas como: \u201c<strong>Vivan los GRAPO, ac\u00fasame de desacato, estoy preparado<\/strong>&#8220;, &#8220;cuando ETA le vuele la nuca a un pepero [Popero Militante del Partido Popular de Espa\u00f1a]&#8221;, &#8220;<strong>yo fusilar\u00eda a Zapatero en la plaza de Las Ventas<\/strong>&#8220;, &#8220;merece una bomba TVE&#8221; y &#8220;<strong>vivan los GRAPO<\/strong>&#8220;. Hoy en d\u00eda Estados Unidos est\u00e1 bombardeando Siria sin tener puebas fidedignas de un ataque qu\u00edmico, que se \u201cdice\u201d fue realizado por el gobierto de Al Asad. \u00bfQui\u00e9n debe de ser juzgado por actos de odio?<br \/>\nAhora si hablamos de la parte musical sus bases y su flow son de muy buen nivel, podemos encontrar rimas bien armadas y una l\u00edrica con buena diccci\u00f3n, maneja temas con toques de iron\u00eda, sarcasmo y de denuncia. No podemos negar que hay talento y quiz\u00e1 no estemos de acuerdo con todo lo que dicen las letras, pero ser condenado por expresar la problem\u00e1tica cotidiana es una aberraci\u00f3n. Has\u00e9l tienes canciones como \u201c<strong>Maten a los Borbones<\/strong>\u201d en las que dice que el rey se gasta el dinero p\u00fablico en lujos, algo que miles de espa\u00f1oles piensan, declaran en redes sociales y no est\u00e1n siendo enjuiciados, \u00bfser\u00e1 una persecuci\u00f3n pol\u00edtica como lo declara el rapero leridano? Ustedes juzguen.<br \/>\n<iframe loading=\"lazy\" title=\"Pablo Has\u00e9l \u2022 Muerte a los Borbones (Con Letra)\" width=\"640\" height=\"360\" src=\"https:\/\/www.youtube.com\/embed\/HbDcs0_5cxk?feature=oembed\" frameborder=\"0\" allow=\"accelerometer; autoplay; clipboard-write; encrypted-media; gyroscope; picture-in-picture; web-share\" referrerpolicy=\"strict-origin-when-cross-origin\" allowfullscreen><\/iframe><br \/>\nEn el mismo a\u00f1o que fue condenado volvi\u00f3 a ser detenido, seg\u00fan <a href=\"http:\/\/www.europapress.es\/catalunya\/noticia-detenido-pablo-hasel-atacar-sant-jordi-parada-lleida-identitaria-20140514213014.html\" target=\"_blank\" rel=\"noopener noreferrer\">medios locales<\/a>, &#8220;los hechos se remontan a la <strong>Diada de Sant Jordi<\/strong> cuando un grupo de personas &#8220;atac\u00f3 la parada de venta de rosas y libros&#8221; que la <strong>Associaci\u00f3 Cultural Lleida Identit\u00e0ria<\/strong> ten\u00eda instalada en la calle Sant Antoni de la localidad, por lo cual los representantes de la asociaci\u00f3n presentaron una denuncia. Tras investigar el caso, la polic\u00eda ha realizado un reconocimiento fotogr\u00e1fico que ha permitido que una de las v\u00edctimas y un testimonio reconociera al detenido <strong>Pablo Has\u00e9l<\/strong> como presunto agresor. Despu\u00e9s de negarse a declarar y no tener las pruebas suficientes, por no decir ninguna, fue puesto en libertad.<br \/>\n<strong>Valtonyc, Elgio y Ciniko<\/strong><br \/>\nEl caso de Has\u00e9l no es el \u00fanico que ha sucedido en la regi\u00f3n de <strong>Catalu\u00f1a<\/strong>, otro de los Mcs que han sido condenados es <strong>Alex Nicolaev<\/strong>, que en la escena Rap de Espa\u00f1a se le conoce como <strong>Elgio<\/strong>, que en 2017 se impuso una pena de dos a\u00f1os y un d\u00eda, m\u00e1s una multa de 4.300 euros por el mismo delito de enaltecimiento del terrorismo junto a sus compa\u00f1eros de <strong>La Insurgencia<\/strong>, un colectivo de Hip Hop que se dedica a producir m\u00fasica donde expresan el descontento social. Pasa lo mismo con <strong>Alex Nicolaev<\/strong>, rapero que a principios de este a\u00f1o se le dict\u00f3 la condena de 3 a\u00f1os y medio de c\u00e1rcel, que la Audiencia Nacional le impuso por delitos de enaltecimiento del terrorismo, calumnias e injurias graves a la corona, y amenazas no condicionales. Otro m\u00e1s de los condenados es <strong>Ciniko<\/strong> del grupo <strong>Prozaks<\/strong>, donde colabora con Has\u00e9l en el tema \u201c<strong>Menti\u2026Ros<\/strong>\u201d en el cu\u00e1l denuncian al alcalde de Lleida por actos de represi\u00f3n y corrupci\u00f3n, a este artista se le est\u00e1 condenando por un a\u00f1o y tres meses de c\u00e1rcel.<br \/>\nhttps:\/\/www.youtube.com\/watch?v=_o9T4uVUuyg<br \/>\n<strong>Pablo Has\u00e9l, la justicia es sorda<\/strong><br \/>\nRegresando al caso de <strong>Rivadull<\/strong>a, en el que se han centrado m\u00e1s los medios debido a que el Mc en ning\u00fan momento se ha retractado por sus declaraciones, su ideolog\u00eda y las letras de sus canciones. Es admirable la manera en la que este joven se ha enfrentado al estado en los juicios, con argumentos s\u00f3lidos y que resuenan en el colectivo de una sociedad, que ha vivido bajo la sombra horrenda del <strong>franquismo<\/strong>. Has\u00e9l est\u00e1 por pisar la c\u00e1rcel debido a que el 2 de marzo de este a\u00f1o la <strong>Audiencia Nacional<\/strong> ha decidido sumarle dos a\u00f1os m\u00e1s de c\u00e1rcel por el contenido de 64 mensajes publicados en Twitter y una canci\u00f3n en Youtube e injurias a la corona e instituciones. Con esta \u00faltima condena el rapero podr\u00eda entrar a prisi\u00f3n dado que se acumular\u00edan a su condena 2 a\u00f1os y 1 d\u00eda, m\u00e1s una multa de 24.300 euros. En la resoluci\u00f3n que dio el tribunal dice que se est\u00e1 condenando:<\/p>\n<blockquote><p>Las expresiones o manifestaciones que se formulen tengan, desde el punto de vista sem\u00e1ntico y literal, un significado de ensalzamiento o justificaci\u00f3n del terrorismo o de sus protagonistas\u2026 Y esto es lo que acontece en todas y cada una de las letras contenidas en las canciones objeto de acusaci\u00f3n, transgredi\u00e9ndose, y por ello transgrediendo el acusado el bien jur\u00eddico protegido y traspasando los l\u00edmites de la libertad de expresi\u00f3n de forma tal que este derecho fundamental no puede ampararle.<\/p><\/blockquote>\n<p>Hay un voto a favor, la magistrada <strong>Manuela Fern\u00e1ndez de Prado<\/strong> consideraba que lo correspondiente era la absoluci\u00f3n del rapero, comparando su caso con el de Valtonyc.\u00a0Vale mucho la pena que revisen la dign\u00edsima defensa del Pablo y vayan ustedes generando una opini\u00f3n al respecto, casos como estos no debieran suceder en ninguna parte del mundo, para los que amamos el Hip Hop, poder expresarse abiertamente en un Rap es fundamental para el movimiento, es momento de estar unidos y compartir la informaci\u00f3n, como apoyo y protesta ante esta injusticia.<br \/>\n<iframe loading=\"lazy\" title=\"Pablo Hasel, declaraci\u00f3n en el juzgado\" width=\"640\" height=\"360\" src=\"https:\/\/www.youtube.com\/embed\/Ko93L2VSkg8?feature=oembed\" frameborder=\"0\" allow=\"accelerometer; autoplay; clipboard-write; encrypted-media; gyroscope; picture-in-picture; web-share\" referrerpolicy=\"strict-origin-when-cross-origin\" allowfullscreen><\/iframe><br \/>\nAl enterarse de la condena, claramente injusta y que pone en punto de discusi\u00f3n la censura que se vive en Espa\u00f1a, la campa\u00f1a excesiva de islamofobia y la persecuci\u00f3n que hace el Estado contra activistas y artistas que expresan la realidad cotidiana de un pa\u00eds que se est\u00e1 cayendo a pedazos despu\u00e9s de su fracaso econ\u00f3mico, el pol\u00e9mico rapero declaro en Twitter:<\/p>\n<blockquote><p>Me han condenado a 2 a\u00f1os y otro de pena-multa, es decir, 3 a\u00f1os. Se suman a los 2 que ya tengo por canciones contra el r\u00e9gimen. Pasar\u00e9 5 a\u00f1os preso por delitos de opini\u00f3n, pero jam\u00e1s claudicar\u00e9. Jam\u00e1s, fascistas de mierda. Si hasta por opinar, si hasta por luchas pac\u00edficas ejercen una brutal represi\u00f3n, que ning\u00fan hip\u00f3crita se lleve las manos a la cabeza cuando haya quienes ejerzan la autodefensa pasando a mayores. Ante una dictadura as\u00ed, toda lucha es leg\u00edtima.<\/p><\/blockquote>\n<p>Apenas se han dado las primeras muestras de apoyo del gremio de <strong>Hip Hop<\/strong> espa\u00f1ol y mundial, tratando de apoyar exigiendo que se le retiren los cargos a este m\u00fasico, pero la reacci\u00f3n fue realmente lenta. Hace unas semanas el <strong>Chojin<\/strong> solt\u00f3 un nuevo sencillo donde hace explicito su apoyo, pero es evidente que hay miedo en la comunidad de solidarizarse hacia Has\u00e9l y lo dem\u00e1s raperos.<br \/>\n<iframe loading=\"lazy\" title=\"El Chojin - Libertad de Expresi\u00f3n (Videoclip Oficial)\" width=\"640\" height=\"360\" src=\"https:\/\/www.youtube.com\/embed\/SeXdHHsoc94?feature=oembed\" frameborder=\"0\" allow=\"accelerometer; autoplay; clipboard-write; encrypted-media; gyroscope; picture-in-picture; web-share\" referrerpolicy=\"strict-origin-when-cross-origin\" allowfullscreen><\/iframe><br \/>\nComo parte de su manifestaci\u00f3n pac\u00edfica por la sentencia, Hasel, Valtonyc y Elgio se han presentado en distintas plazas pidiendo apoyo de la gente y esperando un milagro que haga que no vayan a la c\u00e1rcel. Esperemos que en las siguientes semanas la comunidad demuestre la uni\u00f3n, que se ha visto en otras ocasiones como en temas como el racismo. Seguiremos informando sobre lo que venga en las siguientes semanas. Mientras compartan las rolas del hermano Pablo e incendien la ciudad.<\/p>\n","protected":false},"template":"","meta":{"_id_youtube":"","_id_vimeo":"","_podcasts_duration":"","_podcasts_url":"","_podcasts_show":"","_prog_horario_dias":"","_prog_hora":"","_prog_duration":""},"class_list":["post-27812","archivo","type-archivo","status-publish","hentry"],"_links":{"self":[{"href":"https:\/\/nofm-radio.com\/index.php?rest_route=\/wp\/v2\/archivo\/27812","targetHints":{"allow":["GET"]}}],"collection":[{"href":"https:\/\/nofm-radio.com\/index.php?rest_route=\/wp\/v2\/archivo"}],"about":[{"href":"https:\/\/nofm-radio.com\/index.php?rest_route=\/wp\/v2\/types\/archivo"}],"wp:attachment":[{"href":"https:\/\/nofm-radio.com\/index.php?rest_route=%2Fwp%2Fv2%2Fmedia&parent=27812"}],"curies":[{"name":"wp","href":"https:\/\/api.w.org\/{rel}","templated":true}]}}

#HáblameDeFlow. Pablo Hasél, ¿quién debe ser juzgado por actos de odio?

<p>por <strong>Takeshi López</strong><br />
<a href="https://twitter.com/TakeshiLopez" target="_blank" rel="noopener noreferrer">@TakeshiLopez</a></p>
<p style="text-align: right;"><em>“Si no creemos en la libertad de expresión de aquellos que despreciamos, no creemos en ella en absoluto.”</em><br />
Noam Chomsky</p>
<p>Es importante tener claro un concepto básico: “La <strong>libertad de expresión</strong> es un elemento crítico y fundamental para la democracia, el desarrollo y el diálogo – sin ella ninguna de estas palabras podría funcionar o prosperar. La libertad de expresión es un derecho universal que todo el mundo debe gozar. Todos tienen el derecho a la libertad de opinión y de expresión; éste incluye el derecho a mantener una opinión sin interferencias y a buscar, recibir y difundir información e ideas a través de cualquier medio de difusión sin limitación de fronteras.” Así dicta la <em><strong>Declaración Universal de los Derechos Humanos</strong></em> de 1948.<br />
En octubre de 2011, el rapero leridano <strong>Pablo Hasél</strong>, nombre artístico de<strong> Pau Rivadulla</strong>, de 22 años, fue detenido y acusado de enaltecimiento del terrorismo por el contenido de sus letras en sus canciones de Rap. Fue amonestado y puesto en libertad después de registrar su domicilio del que se llevaron material informático, libros, revistas y letras de sus canciones. En ese momento recibió un fuerte apoyo de medios y activistas a través de redes sociales para que se le pusiera en libertad. Se le instó a comparecer dos veces al mes mientras se daba el procedimiento legal. En el 2014 se llevó acabo su primer juicio donde se le condenó a dos años de carcel. El tribunal presidido por <strong>Alfonso Guevara</strong> recordó la doctrina constitucional de que no es legítimo limitar el <strong>derecho a la libertad de expresión</strong> o información incluso cuando tiene carácter hiriente o molesto. Sin embargo, sostiene que “el discurso del odio no está amparado por la libertad de expresión en un Estado democrático”, ya en el 2015 el tribunal confirmó la sentencia, pero Pablo no entró en la cárcel porque es necesario tener una condena de dos años más un día para ingresar al reformatorio por este tipo de delitos.<br />
¿Estado democrático? Volvamos a la declaración de la ONU: “La libertad de expresión es un elemento crítico y fundamental para la democracia”. Cómo hablar de democracia si de facto se está violando un elemento fundacional. ¿Qué sucede con los medios amarillistas que imparten la doctrina del shok en medios de comunicación masiva0 o con los medios no oficialistas que cuentan los tejes y manejes de gobiernos corruptos? Hay tantos por ahí diciendo la verdad, ¿deberían entonces estar todos en la carcel por sentir desprecio y odio por un grupo de poder, que de maneras directas e indirectas nos oprimen con actos deshumanizados?<br />
<iframe loading="lazy" title="NOS QUIEREN CONDENAR POR 1 CANCIÓN...¡Ayúdanos a difundirlo!" width="640" height="360" src="https://www.youtube.com/embed/4IbpImL-Dxw?feature=oembed" frameborder="0" allow="accelerometer; autoplay; clipboard-write; encrypted-media; gyroscope; picture-in-picture; web-share" referrerpolicy="strict-origin-when-cross-origin" allowfullscreen></iframe><br />
Hasél rapea en sus canciones cosas como: “<strong>Vivan los GRAPO, acúsame de desacato, estoy preparado</strong>&#8220;, &#8220;cuando ETA le vuele la nuca a un pepero [Popero Militante del Partido Popular de España]&#8221;, &#8220;<strong>yo fusilaría a Zapatero en la plaza de Las Ventas</strong>&#8220;, &#8220;merece una bomba TVE&#8221; y &#8220;<strong>vivan los GRAPO</strong>&#8220;. Hoy en día Estados Unidos está bombardeando Siria sin tener puebas fidedignas de un ataque químico, que se “dice” fue realizado por el gobierto de Al Asad. ¿Quién debe de ser juzgado por actos de odio?<br />
Ahora si hablamos de la parte musical sus bases y su flow son de muy buen nivel, podemos encontrar rimas bien armadas y una lírica con buena diccción, maneja temas con toques de ironía, sarcasmo y de denuncia. No podemos negar que hay talento y quizá no estemos de acuerdo con todo lo que dicen las letras, pero ser condenado por expresar la problemática cotidiana es una aberración. Hasél tienes canciones como “<strong>Maten a los Borbones</strong>” en las que dice que el rey se gasta el dinero público en lujos, algo que miles de españoles piensan, declaran en redes sociales y no están siendo enjuiciados, ¿será una persecución política como lo declara el rapero leridano? Ustedes juzguen.<br />
<iframe loading="lazy" title="Pablo Hasél • Muerte a los Borbones (Con Letra)" width="640" height="360" src="https://www.youtube.com/embed/HbDcs0_5cxk?feature=oembed" frameborder="0" allow="accelerometer; autoplay; clipboard-write; encrypted-media; gyroscope; picture-in-picture; web-share" referrerpolicy="strict-origin-when-cross-origin" allowfullscreen></iframe><br />
En el mismo año que fue condenado volvió a ser detenido, según <a href="http://www.europapress.es/catalunya/noticia-detenido-pablo-hasel-atacar-sant-jordi-parada-lleida-identitaria-20140514213014.html" target="_blank" rel="noopener noreferrer">medios locales</a>, &#8220;los hechos se remontan a la <strong>Diada de Sant Jordi</strong> cuando un grupo de personas &#8220;atacó la parada de venta de rosas y libros&#8221; que la <strong>Associació Cultural Lleida Identitària</strong> tenía instalada en la calle Sant Antoni de la localidad, por lo cual los representantes de la asociación presentaron una denuncia. Tras investigar el caso, la policía ha realizado un reconocimiento fotográfico que ha permitido que una de las víctimas y un testimonio reconociera al detenido <strong>Pablo Hasél</strong> como presunto agresor. Después de negarse a declarar y no tener las pruebas suficientes, por no decir ninguna, fue puesto en libertad.<br />
<strong>Valtonyc, Elgio y Ciniko</strong><br />
El caso de Hasél no es el único que ha sucedido en la región de <strong>Cataluña</strong>, otro de los Mcs que han sido condenados es <strong>Alex Nicolaev</strong>, que en la escena Rap de España se le conoce como <strong>Elgio</strong>, que en 2017 se impuso una pena de dos años y un día, más una multa de 4.300 euros por el mismo delito de enaltecimiento del terrorismo junto a sus compañeros de <strong>La Insurgencia</strong>, un colectivo de Hip Hop que se dedica a producir música donde expresan el descontento social. Pasa lo mismo con <strong>Alex Nicolaev</strong>, rapero que a principios de este año se le dictó la condena de 3 años y medio de cárcel, que la Audiencia Nacional le impuso por delitos de enaltecimiento del terrorismo, calumnias e injurias graves a la corona, y amenazas no condicionales. Otro más de los condenados es <strong>Ciniko</strong> del grupo <strong>Prozaks</strong>, donde colabora con Hasél en el tema “<strong>Menti…Ros</strong>” en el cuál denuncian al alcalde de Lleida por actos de represión y corrupción, a este artista se le está condenando por un año y tres meses de cárcel.<br />
https://www.youtube.com/watch?v=_o9T4uVUuyg<br />
<strong>Pablo Hasél, la justicia es sorda</strong><br />
Regresando al caso de <strong>Rivadull</strong>a, en el que se han centrado más los medios debido a que el Mc en ningún momento se ha retractado por sus declaraciones, su ideología y las letras de sus canciones. Es admirable la manera en la que este joven se ha enfrentado al estado en los juicios, con argumentos sólidos y que resuenan en el colectivo de una sociedad, que ha vivido bajo la sombra horrenda del <strong>franquismo</strong>. Hasél está por pisar la cárcel debido a que el 2 de marzo de este año la <strong>Audiencia Nacional</strong> ha decidido sumarle dos años más de cárcel por el contenido de 64 mensajes publicados en Twitter y una canción en Youtube e injurias a la corona e instituciones. Con esta última condena el rapero podría entrar a prisión dado que se acumularían a su condena 2 años y 1 día, más una multa de 24.300 euros. En la resolución que dio el tribunal dice que se está condenando:</p>
<blockquote><p>Las expresiones o manifestaciones que se formulen tengan, desde el punto de vista semántico y literal, un significado de ensalzamiento o justificación del terrorismo o de sus protagonistas… Y esto es lo que acontece en todas y cada una de las letras contenidas en las canciones objeto de acusación, transgrediéndose, y por ello transgrediendo el acusado el bien jurídico protegido y traspasando los límites de la libertad de expresión de forma tal que este derecho fundamental no puede ampararle.</p></blockquote>
<p>Hay un voto a favor, la magistrada <strong>Manuela Fernández de Prado</strong> consideraba que lo correspondiente era la absolución del rapero, comparando su caso con el de Valtonyc. Vale mucho la pena que revisen la dignísima defensa del Pablo y vayan ustedes generando una opinión al respecto, casos como estos no debieran suceder en ninguna parte del mundo, para los que amamos el Hip Hop, poder expresarse abiertamente en un Rap es fundamental para el movimiento, es momento de estar unidos y compartir la información, como apoyo y protesta ante esta injusticia.<br />
<iframe loading="lazy" title="Pablo Hasel, declaración en el juzgado" width="640" height="360" src="https://www.youtube.com/embed/Ko93L2VSkg8?feature=oembed" frameborder="0" allow="accelerometer; autoplay; clipboard-write; encrypted-media; gyroscope; picture-in-picture; web-share" referrerpolicy="strict-origin-when-cross-origin" allowfullscreen></iframe><br />
Al enterarse de la condena, claramente injusta y que pone en punto de discusión la censura que se vive en España, la campaña excesiva de islamofobia y la persecución que hace el Estado contra activistas y artistas que expresan la realidad cotidiana de un país que se está cayendo a pedazos después de su fracaso económico, el polémico rapero declaro en Twitter:</p>
<blockquote><p>Me han condenado a 2 años y otro de pena-multa, es decir, 3 años. Se suman a los 2 que ya tengo por canciones contra el régimen. Pasaré 5 años preso por delitos de opinión, pero jamás claudicaré. Jamás, fascistas de mierda. Si hasta por opinar, si hasta por luchas pacíficas ejercen una brutal represión, que ningún hipócrita se lleve las manos a la cabeza cuando haya quienes ejerzan la autodefensa pasando a mayores. Ante una dictadura así, toda lucha es legítima.</p></blockquote>
<p>Apenas se han dado las primeras muestras de apoyo del gremio de <strong>Hip Hop</strong> español y mundial, tratando de apoyar exigiendo que se le retiren los cargos a este músico, pero la reacción fue realmente lenta. Hace unas semanas el <strong>Chojin</strong> soltó un nuevo sencillo donde hace explicito su apoyo, pero es evidente que hay miedo en la comunidad de solidarizarse hacia Hasél y lo demás raperos.<br />
<iframe loading="lazy" title="El Chojin - Libertad de Expresión (Videoclip Oficial)" width="640" height="360" src="https://www.youtube.com/embed/SeXdHHsoc94?feature=oembed" frameborder="0" allow="accelerometer; autoplay; clipboard-write; encrypted-media; gyroscope; picture-in-picture; web-share" referrerpolicy="strict-origin-when-cross-origin" allowfullscreen></iframe><br />
Como parte de su manifestación pacífica por la sentencia, Hasel, Valtonyc y Elgio se han presentado en distintas plazas pidiendo apoyo de la gente y esperando un milagro que haga que no vayan a la cárcel. Esperemos que en las siguientes semanas la comunidad demuestre la unión, que se ha visto en otras ocasiones como en temas como el racismo. Seguiremos informando sobre lo que venga en las siguientes semanas. Mientras compartan las rolas del hermano Pablo e incendien la ciudad.</p>
