{"id":27948,"date":"2018-05-07T14:23:43","date_gmt":"2018-05-07T19:23:43","guid":{"rendered":"http:\/\/nofm-radio.com\/?p=27948"},"modified":"2018-05-07T14:23:43","modified_gmt":"2018-05-07T19:23:43","slug":"un-objetivo-trabajar-migrantes-en-esquinabaja","status":"publish","type":"archivo","link":"https:\/\/nofm-radio.com\/?archivo=un-objetivo-trabajar-migrantes-en-esquinabaja","title":{"rendered":"&quot;Un objetivo: trabajar&quot;. Migrantes en #EsquinaBaja"},"content":{"rendered":"<p>El pasado <strong>viernes 4 de mayo del 2018<\/strong>, la <strong>Esquina Baja<\/strong> de <strong>Alberto Serd\u00e1n<\/strong> se dedic\u00f3 a uno de los temas m\u00e1s dolorosos de nuestro presente: <strong>la migraci\u00f3n<\/strong>. En su b\u00fasqueda por testimonios y esas otras historias que hacen de nuestro panorama un muy particular, y a veces triste, escenario, Serd\u00e1n no pod\u00eda dejar pasar este t\u00f3pico que toca tantos niveles de la realidad que compartimos.<br \/>\nPara entrar en el tema se cont\u00f3 con la participaci\u00f3n de <strong>Azyadeth Adame<\/strong> de <strong>Iniciativa Ciudadana PCD<\/strong> y <strong>Ana Laura L\u00f3pez<\/strong> de <strong>Deportados Unidos En La Lucha<\/strong>. A partir de esta <strong>conversaci\u00f3n<\/strong> de tres pudimos comprender las vidas de millones de personas que por necesidad deciden ir a buscar una vida m\u00e1s amable en otros territorios. Peligros, gobiernos, injusticias y vida en general, se tocaron en esta emisi\u00f3n que les recomendamos ver completa.<br \/>\nNo se pierdan <strong>#EsquinaBaja<\/strong> todos los viernes a las 2 pm por <strong>www.nofm-radio.com<\/strong>.<br \/>\n<iframe loading=\"lazy\" src=\"https:\/\/www.facebook.com\/plugins\/video.php?href=https%3A%2F%2Fwww.facebook.com%2Ftodomenosmiedo%2Fvideos%2F2120847504622073%2F&#038;show_text=0&#038;width=560\" width=\"560\" height=\"315\" style=\"border:none;overflow:hidden\" scrolling=\"no\" frameborder=\"0\" allowTransparency=\"true\" allowFullScreen=\"true\"><\/iframe><\/p>\n","protected":false},"template":"","meta":{"_id_youtube":"","_id_vimeo":"","_podcasts_duration":"","_podcasts_url":"","_podcasts_show":"","_prog_horario_dias":"","_prog_hora":"","_prog_duration":""},"class_list":["post-27948","archivo","type-archivo","status-publish","hentry"],"_links":{"self":[{"href":"https:\/\/nofm-radio.com\/index.php?rest_route=\/wp\/v2\/archivo\/27948","targetHints":{"allow":["GET"]}}],"collection":[{"href":"https:\/\/nofm-radio.com\/index.php?rest_route=\/wp\/v2\/archivo"}],"about":[{"href":"https:\/\/nofm-radio.com\/index.php?rest_route=\/wp\/v2\/types\/archivo"}],"wp:attachment":[{"href":"https:\/\/nofm-radio.com\/index.php?rest_route=%2Fwp%2Fv2%2Fmedia&parent=27948"}],"curies":[{"name":"wp","href":"https:\/\/api.w.org\/{rel}","templated":true}]}}

<p>El pasado <strong>viernes 4 de mayo del 2018</strong>, la <strong>Esquina Baja</strong> de <strong>Alberto Serdán</strong> se dedicó a uno de los temas más dolorosos de nuestro presente: <strong>la migración</strong>. En su búsqueda por testimonios y esas otras historias que hacen de nuestro panorama un muy particular, y a veces triste, escenario, Serdán no podía dejar pasar este tópico que toca tantos niveles de la realidad que compartimos.<br />
Para entrar en el tema se contó con la participación de <strong>Azyadeth Adame</strong> de <strong>Iniciativa Ciudadana PCD</strong> y <strong>Ana Laura López</strong> de <strong>Deportados Unidos En La Lucha</strong>. A partir de esta <strong>conversación</strong> de tres pudimos comprender las vidas de millones de personas que por necesidad deciden ir a buscar una vida más amable en otros territorios. Peligros, gobiernos, injusticias y vida en general, se tocaron en esta emisión que les recomendamos ver completa.<br />
No se pierdan <strong>#EsquinaBaja</strong> todos los viernes a las 2 pm por <strong>www.nofm-radio.com</strong>.<br />
<iframe loading="lazy" src="https://www.facebook.com/plugins/video.php?href=https%3A%2F%2Fwww.facebook.com%2Ftodomenosmiedo%2Fvideos%2F2120847504622073%2F&#038;show_text=0&#038;width=560" width="560" height="315" style="border:none;overflow:hidden" scrolling="no" frameborder="0" allowTransparency="true" allowFullScreen="true"></iframe></p>
