{"id":27956,"date":"2018-05-08T12:58:45","date_gmt":"2018-05-08T17:58:45","guid":{"rendered":"http:\/\/nofm-radio.com\/?p=27956"},"modified":"2018-05-08T12:58:45","modified_gmt":"2018-05-08T17:58:45","slug":"miercolesdesoma-presenta-franz-erhard-walther","status":"publish","type":"archivo","link":"https:\/\/nofm-radio.com\/?archivo=miercolesdesoma-presenta-franz-erhard-walther","title":{"rendered":"#Mi\u00e9rcolesDeSOMA presenta Franz Erhard Walther"},"content":{"rendered":"<p>En <strong>SOMA<\/strong>, un espacio abierto al di\u00e1logo sobre <strong>arte contempor\u00e1neo<\/strong> en nuestro pa\u00eds, cada semana se invita a un artista distinto a los #Mi\u00e9rcolesdeSOMA, eventos completamente abiertos a todo p\u00fablico.<br \/>\nEste mi\u00e9rcoles<strong> 9 de mayo<\/strong>, el invitado es <strong>Franz Erhard Walther<\/strong>, quien por m\u00e1s de cincuenta a\u00f1os ha desarrollado un lenguaje de formas y acciones que establecen di\u00e1logos entre el cuerpo, el tiempo y el espacio pensado con el espectador como parte actuante para hacerle reconsiderar la relaci\u00f3n que existe con el arte, con los dem\u00e1s y con uno mismo.<br \/>\nWalther percibe la escultura como lugares para el cuerpo, con acciones que el artista denomina &#8220;activaciones&#8221;, dando lugar a la reinterpretaci\u00f3n de la definici\u00f3n del objeto art\u00edstico: el cuerpo es ya, en s\u00ed mismo, una escultura.<br \/>\nEste evento se realiza en colaboraci\u00f3n con la <strong>Fundaci\u00f3n Jumex Arte Contempor\u00e1neo<\/strong>.<br \/>\nCharlas, discusiones, performances y otras din\u00e1micas suceden todos los mi\u00e9rcoles en <strong>Calle 13 No. 25 Col. San Pedro de los Pinos<\/strong>, en las instalaciones de <strong>SOMA<\/strong>. No te pierdas este evento hoy a partir de las 20:30 horas.<br \/>\n&nbsp;<\/p>\n","protected":false},"template":"","meta":{"_id_youtube":"","_id_vimeo":"","_podcasts_duration":"","_podcasts_url":"","_podcasts_show":"","_prog_horario_dias":"","_prog_hora":"","_prog_duration":""},"class_list":["post-27956","archivo","type-archivo","status-publish","hentry"],"_links":{"self":[{"href":"https:\/\/nofm-radio.com\/index.php?rest_route=\/wp\/v2\/archivo\/27956","targetHints":{"allow":["GET"]}}],"collection":[{"href":"https:\/\/nofm-radio.com\/index.php?rest_route=\/wp\/v2\/archivo"}],"about":[{"href":"https:\/\/nofm-radio.com\/index.php?rest_route=\/wp\/v2\/types\/archivo"}],"wp:attachment":[{"href":"https:\/\/nofm-radio.com\/index.php?rest_route=%2Fwp%2Fv2%2Fmedia&parent=27956"}],"curies":[{"name":"wp","href":"https:\/\/api.w.org\/{rel}","templated":true}]}}

#MiércolesDeSOMA presenta Franz Erhard Walther

<p>En <strong>SOMA</strong>, un espacio abierto al diálogo sobre <strong>arte contemporáneo</strong> en nuestro país, cada semana se invita a un artista distinto a los #MiércolesdeSOMA, eventos completamente abiertos a todo público.<br />
Este miércoles<strong> 9 de mayo</strong>, el invitado es <strong>Franz Erhard Walther</strong>, quien por más de cincuenta años ha desarrollado un lenguaje de formas y acciones que establecen diálogos entre el cuerpo, el tiempo y el espacio pensado con el espectador como parte actuante para hacerle reconsiderar la relación que existe con el arte, con los demás y con uno mismo.<br />
Walther percibe la escultura como lugares para el cuerpo, con acciones que el artista denomina &#8220;activaciones&#8221;, dando lugar a la reinterpretación de la definición del objeto artístico: el cuerpo es ya, en sí mismo, una escultura.<br />
Este evento se realiza en colaboración con la <strong>Fundación Jumex Arte Contemporáneo</strong>.<br />
Charlas, discusiones, performances y otras dinámicas suceden todos los miércoles en <strong>Calle 13 No. 25 Col. San Pedro de los Pinos</strong>, en las instalaciones de <strong>SOMA</strong>. No te pierdas este evento hoy a partir de las 20:30 horas.<br />
&nbsp;</p>
