{"id":28075,"date":"2018-05-16T10:59:17","date_gmt":"2018-05-16T15:59:17","guid":{"rendered":"http:\/\/nofm-radio.com\/?p=28075"},"modified":"2018-05-16T10:59:17","modified_gmt":"2018-05-16T15:59:17","slug":"miercolesdesoma-presenta-a-renato-ornelas","status":"publish","type":"archivo","link":"https:\/\/nofm-radio.com\/?archivo=miercolesdesoma-presenta-a-renato-ornelas","title":{"rendered":"#Mi\u00e9rcolesDeSOMA presenta a Renato Ornelas"},"content":{"rendered":"<p>Hoy no s\u00f3lo es mi\u00e9rcoles, tambi\u00e9n es <strong>#Mi\u00e9rcolesdeSOMA<\/strong>, y este espacio abre sus puerta para recibir a todo p\u00fablico a la charla y proyecci\u00f3n del trabajo de <strong>Renato Ornelas<\/strong>, quien es es un artista y realizador mexicano que particip\u00f3 en el <strong>Berlinale Talents 2006<\/strong> y en el taller <strong>Produire Au Sud<\/strong> en el marco del 29\u00b0 Festival de los 3 Continentes, Nantes, Francia. Tambi\u00e9n particip\u00f3 en el <strong>1er Festival Internacional de Cine de Morelia<\/strong> (FICM) con su cortometraje de ficci\u00f3n <em><strong>Viviendo a lo loco<\/strong><\/em> (2002) y su \u00f3pera prima, <strong><em>Cabecitas<\/em><\/strong> (2006), form\u00f3 parte de una muestra en el <strong>35\u00b0 Festival Internacional de Cine de Rotterdam<\/strong> (IFFR por sus siglas en ingl\u00e9s).<br \/>\nEn 2017 fue curador de la muestra art\u00edstica &#8220;<strong>Black Lodge Inn<\/strong>&#8220;, la cual se llev\u00f3 a cabo en las instalaciones de la plataforma multi-formato Pantalla Blanca, de la cual es miembro fundador.<br \/>\nDurante el Mi\u00e9rcoles de SOMA, <strong>Ornelas<\/strong> presentar\u00e1 ante la audiencia el documental <em><strong>La Luminosa Resistencia y el Profesor Mayeski<\/strong><\/em>, el cual fue producido en el marco de Proyecto L\u00edquido de <strong>Alumnos47<\/strong>, bajo la curadur\u00eda de Jessica Berlanga en el a\u00f1o 2016.<br \/>\nSin\u00f3psis: cuatro figuras fueron descubiertas por el Profesor Mayeski cuando investigaba el sistema de cuevas que se \u201cabri\u00f3\u201d despu\u00e9s del terremoto de 1985 en la Ciudad de M\u00e9xico. Mayeski pas\u00f3 el siguiente a\u00f1o en su casa de Cuernavaca, su santuario como \u00e9l lo llama, y en ese retiro escribi\u00f3 el primer tomo de <em><strong>Tecnolog\u00eda Mayeski<\/strong><\/em> y comenz\u00f3 con un peque\u00f1o grupo de estudiantes lo que posteriormente nombrar\u00eda La Luminosa Resistencia<br \/>\n\u00a1No faltes! Recuerda que <strong>SOMA<\/strong> est\u00e1 en Calle 13 No. 25 Col. San Pedro de los Pinos, a una cuadra del metro del mismo nombre. La entrada es libre, puedes llegar a partir de las 20:30 horas.<br \/>\n&nbsp;<\/p>\n","protected":false},"template":"","meta":{"_id_youtube":"","_id_vimeo":"","_podcasts_duration":"","_podcasts_url":"","_podcasts_show":"","_prog_horario_dias":"","_prog_hora":"","_prog_duration":""},"class_list":["post-28075","archivo","type-archivo","status-publish","hentry"],"_links":{"self":[{"href":"https:\/\/nofm-radio.com\/index.php?rest_route=\/wp\/v2\/archivo\/28075","targetHints":{"allow":["GET"]}}],"collection":[{"href":"https:\/\/nofm-radio.com\/index.php?rest_route=\/wp\/v2\/archivo"}],"about":[{"href":"https:\/\/nofm-radio.com\/index.php?rest_route=\/wp\/v2\/types\/archivo"}],"wp:attachment":[{"href":"https:\/\/nofm-radio.com\/index.php?rest_route=%2Fwp%2Fv2%2Fmedia&parent=28075"}],"curies":[{"name":"wp","href":"https:\/\/api.w.org\/{rel}","templated":true}]}}

#MiércolesDeSOMA presenta a Renato Ornelas

<p>Hoy no sólo es miércoles, también es <strong>#MiércolesdeSOMA</strong>, y este espacio abre sus puerta para recibir a todo público a la charla y proyección del trabajo de <strong>Renato Ornelas</strong>, quien es es un artista y realizador mexicano que participó en el <strong>Berlinale Talents 2006</strong> y en el taller <strong>Produire Au Sud</strong> en el marco del 29° Festival de los 3 Continentes, Nantes, Francia. También participó en el <strong>1er Festival Internacional de Cine de Morelia</strong> (FICM) con su cortometraje de ficción <em><strong>Viviendo a lo loco</strong></em> (2002) y su ópera prima, <strong><em>Cabecitas</em></strong> (2006), formó parte de una muestra en el <strong>35° Festival Internacional de Cine de Rotterdam</strong> (IFFR por sus siglas en inglés).<br />
En 2017 fue curador de la muestra artística &#8220;<strong>Black Lodge Inn</strong>&#8220;, la cual se llevó a cabo en las instalaciones de la plataforma multi-formato Pantalla Blanca, de la cual es miembro fundador.<br />
Durante el Miércoles de SOMA, <strong>Ornelas</strong> presentará ante la audiencia el documental <em><strong>La Luminosa Resistencia y el Profesor Mayeski</strong></em>, el cual fue producido en el marco de Proyecto Líquido de <strong>Alumnos47</strong>, bajo la curaduría de Jessica Berlanga en el año 2016.<br />
Sinópsis: cuatro figuras fueron descubiertas por el Profesor Mayeski cuando investigaba el sistema de cuevas que se “abrió” después del terremoto de 1985 en la Ciudad de México. Mayeski pasó el siguiente año en su casa de Cuernavaca, su santuario como él lo llama, y en ese retiro escribió el primer tomo de <em><strong>Tecnología Mayeski</strong></em> y comenzó con un pequeño grupo de estudiantes lo que posteriormente nombraría La Luminosa Resistencia<br />
¡No faltes! Recuerda que <strong>SOMA</strong> está en Calle 13 No. 25 Col. San Pedro de los Pinos, a una cuadra del metro del mismo nombre. La entrada es libre, puedes llegar a partir de las 20:30 horas.<br />
&nbsp;</p>
