{"id":28125,"date":"2018-05-17T12:08:37","date_gmt":"2018-05-17T17:08:37","guid":{"rendered":"http:\/\/nofm-radio.com\/?p=28125"},"modified":"2018-05-17T12:08:37","modified_gmt":"2018-05-17T17:08:37","slug":"casa-equis-arte-contemporaneo-para-todo-publico","status":"publish","type":"archivo","link":"https:\/\/nofm-radio.com\/?archivo=casa-equis-arte-contemporaneo-para-todo-publico","title":{"rendered":"CASA EQUIS. Arte Contempor\u00e1neo para todo p\u00fablico"},"content":{"rendered":"<p>Ser <strong>coleccionista de arte<\/strong> es un lujo que pensamos exclusivo para quien tiene el privilegio de invertir en obras lujos\u00edsimas para adornar su mansi\u00f3n. En realidad no nos damos cuenta que todos tenemos colecciones privadas de cosas que elegimos bajo un <strong>criterio est\u00e9tico<strong>,\u00a0y no tanto de\u00a0valor.<\/strong><\/strong><br \/>\nDe esta idea parten <strong>Diego Beyr\u00f3<\/strong> y <strong>Carleti L\u00f3pez-Traviesa<\/strong>, quienes guardan y exponen en <strong>CASA EQUIS<\/strong> un <strong>cat\u00e1logo de piezas de arte contempor\u00e1neo<\/strong> bajo una manera muy personal de adquirir arte. El criterio es simple: si el artista tiene un cuerpo de trabajo s\u00f3lido no es de mucho inter\u00e9s para ellos su trayectoria o c\u00f3mo cotice en el mercado, ambos gu\u00edan su colecci\u00f3n a trav\u00e9s del trabajo de artistas j\u00f3venes, reconocidos o no, que adem\u00e1s pueden aprovechar el espacio de diferentes formas. CASA EQUIS ofrece residencias y charlas semanales convirti\u00e9ndose as\u00ed en una plataforma que cambia la manera en que se relacionan artista-galerista-coleccionista.<br \/>\n<a class=\"no-eff img-link lightbox\" href=\"http:\/\/nofm-radio.com\/wp-content\/uploads\/2018\/05\/image.png\"><img loading=\"lazy\" decoding=\"async\" class=\"size-full wp-image-28126 aligncenter\" src=\"http:\/\/nofm-radio.com\/wp-content\/uploads\/2018\/05\/image.png\" alt=\"\" width=\"480\" height=\"320\" \/><\/a><br \/>\nTodos son bienvenidos en este espacio (y recibidos por Roma, una perrita simp\u00e1tica que brinca por el lugar), un amplio departamento en <strong>Santa Mar\u00eda la Ribera<\/strong> que cambia la disposici\u00f3n de obra en el espacio y cambia el cat\u00e1logo cada d\u00eda, as\u00ed que cada vez que lo visites ser\u00e1 una exhibici\u00f3n distinta. Este fin de semana abren sus puertas en Dr. Enrique Gonz\u00e1lez Mart\u00ednez #7 int 4 en colonia Santa Mar\u00eda la Ribera, de 12 a 20 horas, para todo aquel que quiera acercarse a esta nueva propuesta. Los precios de las piezas son para todos los bolsillos, y si no puedes asistir ese d\u00eda tambi\u00e9n puedes agendar una cita.<br \/>\nM\u00e1s al respecto en sus redes sociales y p\u00e1gina web:<br \/>\nFB <a href=\"https:\/\/www.facebook.com\/casaequis\/\" target=\"_blank\" rel=\"noopener noreferrer\">Casa Equis<\/a><br \/>\nIG<a href=\"https:\/\/www.instagram.com\/casaequis\/?hl=es-la\" target=\"_blank\" rel=\"noopener noreferrer\"> @casaequis<\/a><br \/>\n<a href=\"http:\/\/www.casaequis.com\/\" target=\"_blank\" rel=\"noopener noreferrer\">www.casaequis.com<\/a><br \/>\nLes dejamos algunos ejemplos de las obras que podr\u00e1n encontrar este fin de semana.<br \/>\n<a class=\"no-eff img-link lightbox\" href=\"http:\/\/nofm-radio.com\/wp-content\/uploads\/2018\/05\/Andres-Gamiochipi-Equilibrio.jpg\"><img loading=\"lazy\" decoding=\"async\" class=\"alignnone size-full wp-image-28127\" src=\"http:\/\/nofm-radio.com\/wp-content\/uploads\/2018\/05\/Andres-Gamiochipi-Equilibrio.jpg\" alt=\"\" width=\"653\" height=\"590\" \/><\/a><a class=\"no-eff img-link lightbox\" href=\"http:\/\/nofm-radio.com\/wp-content\/uploads\/2018\/05\/Carleti-Lopez-Traviesa-chihuahua.jpg\"><img loading=\"lazy\" decoding=\"async\" class=\"alignnone size-full wp-image-28128\" src=\"http:\/\/nofm-radio.com\/wp-content\/uploads\/2018\/05\/Carleti-Lopez-Traviesa-chihuahua.jpg\" alt=\"\" width=\"1000\" height=\"666\" \/><\/a><a class=\"no-eff img-link lightbox\" href=\"http:\/\/nofm-radio.com\/wp-content\/uploads\/2018\/05\/Diego-Beyro-Roma-fuera-de-escala-02.jpg\"><img loading=\"lazy\" decoding=\"async\" class=\"alignnone size-full wp-image-28129\" src=\"http:\/\/nofm-radio.com\/wp-content\/uploads\/2018\/05\/Diego-Beyro-Roma-fuera-de-escala-02.jpg\" alt=\"\" width=\"1500\" height=\"998\" \/><\/a><a class=\"no-eff img-link lightbox\" href=\"http:\/\/nofm-radio.com\/wp-content\/uploads\/2018\/05\/Lisa-Giordano.jpg\"><img loading=\"lazy\" decoding=\"async\" class=\"alignnone size-full wp-image-28130\" src=\"http:\/\/nofm-radio.com\/wp-content\/uploads\/2018\/05\/Lisa-Giordano.jpg\" alt=\"\" width=\"1500\" height=\"1125\" \/><\/a><a class=\"no-eff img-link lightbox\" href=\"http:\/\/nofm-radio.com\/wp-content\/uploads\/2018\/05\/Mariana-Paniagua.jpg\"><img loading=\"lazy\" decoding=\"async\" class=\"alignnone size-full wp-image-28131\" src=\"http:\/\/nofm-radio.com\/wp-content\/uploads\/2018\/05\/Mariana-Paniagua.jpg\" alt=\"\" width=\"1140\" height=\"1500\" \/><\/a><a class=\"no-eff img-link lightbox\" href=\"http:\/\/nofm-radio.com\/wp-content\/uploads\/2018\/05\/Matias-Solar.jpg\"><img loading=\"lazy\" decoding=\"async\" class=\"alignnone size-full wp-image-28132\" src=\"http:\/\/nofm-radio.com\/wp-content\/uploads\/2018\/05\/Matias-Solar.jpg\" alt=\"\" width=\"845\" height=\"1465\" \/><\/a><a class=\"no-eff img-link lightbox\" href=\"http:\/\/nofm-radio.com\/wp-content\/uploads\/2018\/05\/Misa-Perro.png\"><img loading=\"lazy\" decoding=\"async\" class=\"alignnone size-full wp-image-28133\" src=\"http:\/\/nofm-radio.com\/wp-content\/uploads\/2018\/05\/Misa-Perro.png\" alt=\"\" width=\"1218\" height=\"1196\" \/><\/a><a class=\"no-eff img-link lightbox\" href=\"http:\/\/nofm-radio.com\/wp-content\/uploads\/2018\/05\/Paulina-Lozano-Tacos.jpg\"><img loading=\"lazy\" decoding=\"async\" class=\"alignnone size-full wp-image-28134\" src=\"http:\/\/nofm-radio.com\/wp-content\/uploads\/2018\/05\/Paulina-Lozano-Tacos.jpg\" alt=\"\" width=\"1763\" height=\"1396\" \/><\/a><a class=\"no-eff img-link lightbox\" href=\"http:\/\/nofm-radio.com\/wp-content\/uploads\/2018\/05\/Roy-Carrum-2.jpg\"><img loading=\"lazy\" decoding=\"async\" class=\"alignnone size-full wp-image-28135\" src=\"http:\/\/nofm-radio.com\/wp-content\/uploads\/2018\/05\/Roy-Carrum-2.jpg\" alt=\"\" width=\"1500\" height=\"1150\" \/><\/a><\/p>\n","protected":false},"template":"","meta":{"_id_youtube":"","_id_vimeo":"","_podcasts_duration":"","_podcasts_url":"","_podcasts_show":"","_prog_horario_dias":"","_prog_hora":"","_prog_duration":""},"class_list":["post-28125","archivo","type-archivo","status-publish","hentry"],"_links":{"self":[{"href":"https:\/\/nofm-radio.com\/index.php?rest_route=\/wp\/v2\/archivo\/28125","targetHints":{"allow":["GET"]}}],"collection":[{"href":"https:\/\/nofm-radio.com\/index.php?rest_route=\/wp\/v2\/archivo"}],"about":[{"href":"https:\/\/nofm-radio.com\/index.php?rest_route=\/wp\/v2\/types\/archivo"}],"wp:attachment":[{"href":"https:\/\/nofm-radio.com\/index.php?rest_route=%2Fwp%2Fv2%2Fmedia&parent=28125"}],"curies":[{"name":"wp","href":"https:\/\/api.w.org\/{rel}","templated":true}]}}

CASA EQUIS. Arte Contemporáneo para todo público

<p>Ser <strong>coleccionista de arte</strong> es un lujo que pensamos exclusivo para quien tiene el privilegio de invertir en obras lujosísimas para adornar su mansión. En realidad no nos damos cuenta que todos tenemos colecciones privadas de cosas que elegimos bajo un <strong>criterio estético<strong>, y no tanto de valor.</strong></strong><br />
De esta idea parten <strong>Diego Beyró</strong> y <strong>Carleti López-Traviesa</strong>, quienes guardan y exponen en <strong>CASA EQUIS</strong> un <strong>catálogo de piezas de arte contemporáneo</strong> bajo una manera muy personal de adquirir arte. El criterio es simple: si el artista tiene un cuerpo de trabajo sólido no es de mucho interés para ellos su trayectoria o cómo cotice en el mercado, ambos guían su colección a través del trabajo de artistas jóvenes, reconocidos o no, que además pueden aprovechar el espacio de diferentes formas. CASA EQUIS ofrece residencias y charlas semanales convirtiéndose así en una plataforma que cambia la manera en que se relacionan artista-galerista-coleccionista.<br />
<a class="no-eff img-link lightbox" href="http://nofm-radio.com/wp-content/uploads/2018/05/image.png"><img loading="lazy" decoding="async" class="size-full wp-image-28126 aligncenter" src="http://nofm-radio.com/wp-content/uploads/2018/05/image.png" alt="" width="480" height="320" /></a><br />
Todos son bienvenidos en este espacio (y recibidos por Roma, una perrita simpática que brinca por el lugar), un amplio departamento en <strong>Santa María la Ribera</strong> que cambia la disposición de obra en el espacio y cambia el catálogo cada día, así que cada vez que lo visites será una exhibición distinta. Este fin de semana abren sus puertas en Dr. Enrique González Martínez #7 int 4 en colonia Santa María la Ribera, de 12 a 20 horas, para todo aquel que quiera acercarse a esta nueva propuesta. Los precios de las piezas son para todos los bolsillos, y si no puedes asistir ese día también puedes agendar una cita.<br />
Más al respecto en sus redes sociales y página web:<br />
FB <a href="https://www.facebook.com/casaequis/" target="_blank" rel="noopener noreferrer">Casa Equis</a><br />
IG<a href="https://www.instagram.com/casaequis/?hl=es-la" target="_blank" rel="noopener noreferrer"> @casaequis</a><br />
<a href="http://www.casaequis.com/" target="_blank" rel="noopener noreferrer">www.casaequis.com</a><br />
Les dejamos algunos ejemplos de las obras que podrán encontrar este fin de semana.<br />
<a class="no-eff img-link lightbox" href="http://nofm-radio.com/wp-content/uploads/2018/05/Andres-Gamiochipi-Equilibrio.jpg"><img loading="lazy" decoding="async" class="alignnone size-full wp-image-28127" src="http://nofm-radio.com/wp-content/uploads/2018/05/Andres-Gamiochipi-Equilibrio.jpg" alt="" width="653" height="590" /></a><a class="no-eff img-link lightbox" href="http://nofm-radio.com/wp-content/uploads/2018/05/Carleti-Lopez-Traviesa-chihuahua.jpg"><img loading="lazy" decoding="async" class="alignnone size-full wp-image-28128" src="http://nofm-radio.com/wp-content/uploads/2018/05/Carleti-Lopez-Traviesa-chihuahua.jpg" alt="" width="1000" height="666" /></a><a class="no-eff img-link lightbox" href="http://nofm-radio.com/wp-content/uploads/2018/05/Diego-Beyro-Roma-fuera-de-escala-02.jpg"><img loading="lazy" decoding="async" class="alignnone size-full wp-image-28129" src="http://nofm-radio.com/wp-content/uploads/2018/05/Diego-Beyro-Roma-fuera-de-escala-02.jpg" alt="" width="1500" height="998" /></a><a class="no-eff img-link lightbox" href="http://nofm-radio.com/wp-content/uploads/2018/05/Lisa-Giordano.jpg"><img loading="lazy" decoding="async" class="alignnone size-full wp-image-28130" src="http://nofm-radio.com/wp-content/uploads/2018/05/Lisa-Giordano.jpg" alt="" width="1500" height="1125" /></a><a class="no-eff img-link lightbox" href="http://nofm-radio.com/wp-content/uploads/2018/05/Mariana-Paniagua.jpg"><img loading="lazy" decoding="async" class="alignnone size-full wp-image-28131" src="http://nofm-radio.com/wp-content/uploads/2018/05/Mariana-Paniagua.jpg" alt="" width="1140" height="1500" /></a><a class="no-eff img-link lightbox" href="http://nofm-radio.com/wp-content/uploads/2018/05/Matias-Solar.jpg"><img loading="lazy" decoding="async" class="alignnone size-full wp-image-28132" src="http://nofm-radio.com/wp-content/uploads/2018/05/Matias-Solar.jpg" alt="" width="845" height="1465" /></a><a class="no-eff img-link lightbox" href="http://nofm-radio.com/wp-content/uploads/2018/05/Misa-Perro.png"><img loading="lazy" decoding="async" class="alignnone size-full wp-image-28133" src="http://nofm-radio.com/wp-content/uploads/2018/05/Misa-Perro.png" alt="" width="1218" height="1196" /></a><a class="no-eff img-link lightbox" href="http://nofm-radio.com/wp-content/uploads/2018/05/Paulina-Lozano-Tacos.jpg"><img loading="lazy" decoding="async" class="alignnone size-full wp-image-28134" src="http://nofm-radio.com/wp-content/uploads/2018/05/Paulina-Lozano-Tacos.jpg" alt="" width="1763" height="1396" /></a><a class="no-eff img-link lightbox" href="http://nofm-radio.com/wp-content/uploads/2018/05/Roy-Carrum-2.jpg"><img loading="lazy" decoding="async" class="alignnone size-full wp-image-28135" src="http://nofm-radio.com/wp-content/uploads/2018/05/Roy-Carrum-2.jpg" alt="" width="1500" height="1150" /></a></p>
