{"id":28251,"date":"2018-05-29T19:01:36","date_gmt":"2018-05-30T00:01:36","guid":{"rendered":"http:\/\/nofm-radio.com\/?p=28251"},"modified":"2018-05-29T19:01:36","modified_gmt":"2018-05-30T00:01:36","slug":"como-identificar-noticias-falsas","status":"publish","type":"archivo","link":"https:\/\/nofm-radio.com\/?archivo=como-identificar-noticias-falsas","title":{"rendered":"Paren todo. \u00c9stas son las 8 noticias m\u00e1s locas que ha tenido que verificar #Verificado2018"},"content":{"rendered":"<p>Si algo hemos aprendido en los \u00faltimos <strong>procesos electorales<\/strong> es que hay un c\u00e1ncer nuevo llamado <strong>noticias falsas<\/strong>. Bueno, de hecho, eso no es tan exacto, las noticias falsas han existido siempre, s\u00f3lo que ahora es m\u00e1s f\u00e1cil y r\u00e1pido esparcirlas y, con la cantidad de informaci\u00f3n disponible, es m\u00e1s dif\u00edcil de identificarlas. Por ello esfuerzos como el de <strong>#Verificado2018<\/strong> son tan valiosos en nuestro pa\u00eds. Elogiados por <strong>Kofi Annan<\/strong>, y vilipendiados por (\u00bfqui\u00e9n m\u00e1s?) varios <strong>partidos pol\u00edticos<\/strong>, los reporteros encabezados por <strong>Daniel Moreno<\/strong> han ayudado a la ciudadan\u00eda a estar mejor informada. Y tambi\u00e9n a re\u00edrnos un poco de nuestra especie.<br \/>\nTodos los temas que el equipo de <strong>#Verificado2018<\/strong> se han dedicado a comprobar o desmentir son vitales, pero hay unos tan fuera de la realidad que merecen una menci\u00f3n aparte. A continuaci\u00f3n les dejamos las <strong>8 noticias m\u00e1s locas que ha tenido que verificar #Verificado2018.<\/strong><br \/>\n<strong>* \u00bfJavier Lozano dijo que si le bajan el sueldo se dedicar\u00eda a robar?<\/strong><br \/>\n\u00bfQu\u00e9 dijeron, si<strong> Lay\u00edn<\/strong> lo confes\u00f3, tal vez Lozano tambi\u00e9n? Pero no, los usuarios de redes sociales hicieron de las suyas al compartir una fotograf\u00eda que tergiversa las declaraciones del coordinador de campa\u00f1a de Ricardo Anaya. Lee lo que dijo en realidad <strong><a href=\"https:\/\/verificado.mx\/javier-lozano-sueldo-robar\/\" target=\"_blank\" rel=\"noopener noreferrer\">aqu\u00ed<\/a><\/strong>.<br \/>\n<a class=\"no-eff img-link lightbox\" href=\"http:\/\/nofm-radio.com\/wp-content\/uploads\/2018\/05\/Fake1.jpg\"><img loading=\"lazy\" decoding=\"async\" class=\"alignnone size-full wp-image-28264\" src=\"http:\/\/nofm-radio.com\/wp-content\/uploads\/2018\/05\/Fake1.jpg\" alt=\"\" width=\"513\" height=\"516\" \/><\/a><br \/>\n<strong>* Un montaje, la imagen de Ricardo Anaya con poca ropa<\/strong><br \/>\nConn el pretexto de que a algunos panistas les gusta la fiesta, quisieron sacarle una foto &#8220;comprometedora&#8221; a <strong>Ricardo Anaya<\/strong>. Lo cierto es que a leguas se ve que la foto es falsa. Aunque nos deja con la curiosidad de c\u00f3mo se ver\u00e1 el candidato del Frente relaj\u00e1ndose al estilo Alejandro Fern\u00e1ndez. Lee la historia completa <strong><a href=\"https:\/\/verificado.mx\/montaje-imagen-ricardo-anaya-con-poca-ropa\/\" target=\"_blank\" rel=\"noopener noreferrer\">aqu\u00ed<\/a><\/strong>.<br \/>\n<a class=\"no-eff img-link lightbox\" href=\"http:\/\/nofm-radio.com\/wp-content\/uploads\/2018\/05\/Fake2.jpg\"><img loading=\"lazy\" decoding=\"async\" class=\"alignnone size-full wp-image-28263\" src=\"http:\/\/nofm-radio.com\/wp-content\/uploads\/2018\/05\/Fake2.jpg\" alt=\"\" width=\"653\" height=\"463\" \/><\/a><br \/>\n<strong>* Beatriz Guti\u00e9rrez M\u00fcller, esposa de L\u00f3pez Obrador, no es nieta de un genocida nazi<\/strong><br \/>\nEn otro cap\u00edtulo de Andr\u00e9s Manuel, un peligro para M\u00e9xico, la maldad lleg\u00f3 a un nuevo nivel. La p\u00e1gina <em><strong>Amor a M\u00e9xico<\/strong><\/em> public\u00f3 que la esposa de <strong>AMLO<\/strong> era nieta nada m\u00e1s y nada menos que de un criminal nazi. <strong>#Verificado2018<\/strong> revis\u00f3 el acta de nacimiento de <strong>Beatriz Guti\u00e9rrez M\u00fcller<\/strong> y result\u00f3 que sus antecesores pertenecen a otra rama. Pero ya ven, a eso se expone el candidato por andar eligiendo pareja con apellido extranjero. Se lo dijeron en el debate, \u00bfno que muy nacionalista? Lee la historia completa <strong><a href=\"https:\/\/verificado.mx\/gutierrez-muller-lopez-obrador-nieta-nazi\/\" target=\"_blank\" rel=\"noopener noreferrer\">aqu\u00ed<\/a><\/strong>.<br \/>\n<a class=\"no-eff img-link lightbox\" href=\"http:\/\/nofm-radio.com\/wp-content\/uploads\/2018\/05\/Fake3.jpg\"><img loading=\"lazy\" decoding=\"async\" class=\"alignnone size-full wp-image-28262\" src=\"http:\/\/nofm-radio.com\/wp-content\/uploads\/2018\/05\/Fake3.jpg\" alt=\"\" width=\"1024\" height=\"640\" \/><\/a><br \/>\n<strong>* #ObvioPhotoshop: La foto de Meade en una lancha llamada \u201cla perdedora\u201d est\u00e1 editada<\/strong><br \/>\nHay veces que las noticias tienen sentido, pero no por eso son ciertas. Alg\u00fan gracioso decidi\u00f3 cambiarle el nombre a la lancha de Meade para que fuera m\u00e1s acorde a las encuestas. El photoshop, sin embargo, es bastante obvio. Lee la historia completa <strong><a href=\"https:\/\/verificado.mx\/meade-en-una-lancha-llamada-la-perdedora-esta-editada\/\" target=\"_blank\" rel=\"noopener noreferrer\">aqu\u00ed<\/a><\/strong>.<br \/>\n<a class=\"no-eff img-link lightbox\" href=\"http:\/\/nofm-radio.com\/wp-content\/uploads\/2018\/05\/Fake4.png\"><img loading=\"lazy\" decoding=\"async\" class=\"alignnone size-full wp-image-28261\" src=\"http:\/\/nofm-radio.com\/wp-content\/uploads\/2018\/05\/Fake4.png\" alt=\"\" width=\"450\" height=\"522\" \/><\/a><br \/>\n<strong>* Pe\u00f1a Nieto no recibi\u00f3 de la ONU el t\u00edtulo al mejor presidente del mundo<\/strong><br \/>\nS\u00ed, ya sabemos que esta noticia suena falsa de toda falsedad, pero la noticia se comparti\u00f3 tanto que parec\u00eda cierta. Pero no, evidentemente no lo fue. Lee la historia completa <strong><a href=\"https:\/\/verificado.mx\/onu-mejor-presidente-del-mundo\/\" target=\"_blank\" rel=\"noopener noreferrer\">aqu\u00ed<\/a><\/strong>.<br \/>\n<a class=\"no-eff img-link lightbox\" href=\"http:\/\/nofm-radio.com\/wp-content\/uploads\/2018\/05\/Fake5.png\"><img loading=\"lazy\" decoding=\"async\" class=\"alignnone size-full wp-image-28260\" src=\"http:\/\/nofm-radio.com\/wp-content\/uploads\/2018\/05\/Fake5.png\" alt=\"\" width=\"667\" height=\"574\" \/><\/a><br \/>\n<strong>* Se difunde informaci\u00f3n falsa y utilizan\u2026 actores porno<\/strong><br \/>\nQui\u00e9n dir\u00eda que el famos\u00edsimo <strong>Ni\u00f1o Polla<\/strong>, estrella porno m\u00e1s buscada del 2017 en <strong>Porn Hub<\/strong> har\u00eda su aparici\u00f3n en nuestro proceso electoral. En redes sociales se difundieron dos fotos de un supuesto sicario y un empresario que amenazaban a AMLO. Lo cierto es que las fotos corresponden a dos actores porno de primer nivel. Lee la historia completa<strong> <a href=\"https:\/\/verificado.mx\/informacion-falsa-utilizan-actores-porno\/\" target=\"_blank\" rel=\"noopener noreferrer\">aqu\u00ed<\/a><\/strong>.<br \/>\n<a class=\"no-eff img-link lightbox\" href=\"http:\/\/nofm-radio.com\/wp-content\/uploads\/2018\/05\/Fake6.jpg\"><img loading=\"lazy\" decoding=\"async\" class=\"alignnone size-full wp-image-28259\" src=\"http:\/\/nofm-radio.com\/wp-content\/uploads\/2018\/05\/Fake6.jpg\" alt=\"\" width=\"329\" height=\"426\" \/><\/a><br \/>\n<strong>* #EstoS\u00edPas\u00f3: El Bomb\u00f3n, La Comadre, CR18, PP Jochos y Chichis van a la boleta en Nuevo Le\u00f3n; se aprob\u00f3 el uso de apodos<\/strong><br \/>\nTodos reclamamos que la clase pol\u00edtica de nuestro pa\u00eds est\u00e1 alejada de la gente. As\u00ed que <strong>Nuevo Le\u00f3n<\/strong> aprob\u00f3 que los candidatos independientes aparecieran en las boletas con su apodo y no con su nombre. \u00bfQu\u00e9 les dar\u00eda m\u00e1s confianza, votar por <strong>Paty Tamales<\/strong> o por una Patricia m\u00e1s? Lee la nota completa <strong><a href=\"https:\/\/verificado.mx\/estosipaso-el-bombon-la-comadre-cr18-pp-jochos-y-chichis-van-a-la-boleta-en-nuevo-leon-se-aprobo-el-uso-de-apodos\/\" target=\"_blank\" rel=\"noopener noreferrer\">aqu\u00ed<\/a><\/strong>.<br \/>\n<a class=\"no-eff img-link lightbox\" href=\"http:\/\/nofm-radio.com\/wp-content\/uploads\/2018\/05\/Fake7.jpg\"><img loading=\"lazy\" decoding=\"async\" class=\"alignnone size-full wp-image-28258\" src=\"http:\/\/nofm-radio.com\/wp-content\/uploads\/2018\/05\/Fake7.jpg\" alt=\"\" width=\"900\" height=\"437\" \/><\/a><br \/>\n<strong>* Ocurrencias electorales que te har\u00e1n decir qu\u00e9<\/strong> ??<br \/>\nY bueno, esta s\u00ed es la joya de la corona. La cr\u00e8me de la cr\u00e8me. Las propuestas que #Verificado2018 ten\u00eda que comprobar que eran ciertas, de lo contrario no lo hubi\u00e9ramos cre\u00eddo. <strong>Mikel Arriola<\/strong> creando su propia batise\u00f1al, candidatas a diputadas promocion\u00e1ndose en <strong>Tinder<\/strong> u ofreciendo el pack, o candidatos jugando a<strong> Star Wars<\/strong> son los punto m\u00e1s altos de la campa\u00f1a. Conoce los detalles <strong><a href=\"https:\/\/verificado.mx\/campanas-electorales-inisuales\/\" target=\"_blank\" rel=\"noopener noreferrer\">aqu\u00ed<\/a><\/strong>.<br \/>\n<a class=\"no-eff img-link lightbox\" href=\"http:\/\/nofm-radio.com\/wp-content\/uploads\/2018\/05\/Fake8.jpg\"><img loading=\"lazy\" decoding=\"async\" class=\"alignnone size-full wp-image-28257\" src=\"http:\/\/nofm-radio.com\/wp-content\/uploads\/2018\/05\/Fake8.jpg\" alt=\"\" width=\"800\" height=\"577\" \/><\/a><br \/>\nAs\u00ed es muchachos y muchachas, \u00e9chenle ganas para identificar sus noticias falsas, pues no todas son tan obvias como esta. Ac\u00e1 les dejamos unos tips.<\/p>\n<blockquote class=\"twitter-tweet\" data-lang=\"es\">\n<p dir=\"ltr\" lang=\"es\">Las &#8216;fake news&#8217; electorales nos invaden.<br \/>\nNuestra gu\u00eda <a href=\"https:\/\/twitter.com\/VerificadoMX?ref_src=twsrc%5Etfw\">@VerificadoMX<\/a> puede ayudarte a combatirlas. <a href=\"https:\/\/t.co\/hFyW292IZu\">pic.twitter.com\/hFyW292IZu<\/a><\/p>\n<p>\u2014 AJ+ Espa\u00f1ol (@ajplusespanol) <a href=\"https:\/\/twitter.com\/ajplusespanol\/status\/986635478265991169?ref_src=twsrc%5Etfw\">18 de abril de 2018<\/a><\/p><\/blockquote>\n<p><script async src=\"https:\/\/platform.twitter.com\/widgets.js\" charset=\"utf-8\"><\/script><\/p>\n","protected":false},"template":"","meta":{"_id_youtube":"","_id_vimeo":"","_podcasts_duration":"","_podcasts_url":"","_podcasts_show":"","_prog_horario_dias":"","_prog_hora":"","_prog_duration":""},"class_list":["post-28251","archivo","type-archivo","status-publish","hentry"],"_links":{"self":[{"href":"https:\/\/nofm-radio.com\/index.php?rest_route=\/wp\/v2\/archivo\/28251","targetHints":{"allow":["GET"]}}],"collection":[{"href":"https:\/\/nofm-radio.com\/index.php?rest_route=\/wp\/v2\/archivo"}],"about":[{"href":"https:\/\/nofm-radio.com\/index.php?rest_route=\/wp\/v2\/types\/archivo"}],"wp:attachment":[{"href":"https:\/\/nofm-radio.com\/index.php?rest_route=%2Fwp%2Fv2%2Fmedia&parent=28251"}],"curies":[{"name":"wp","href":"https:\/\/api.w.org\/{rel}","templated":true}]}}

Paren todo. Éstas son las 8 noticias más locas que ha tenido que verificar #Verificado2018

<p>Si algo hemos aprendido en los últimos <strong>procesos electorales</strong> es que hay un cáncer nuevo llamado <strong>noticias falsas</strong>. Bueno, de hecho, eso no es tan exacto, las noticias falsas han existido siempre, sólo que ahora es más fácil y rápido esparcirlas y, con la cantidad de información disponible, es más difícil de identificarlas. Por ello esfuerzos como el de <strong>#Verificado2018</strong> son tan valiosos en nuestro país. Elogiados por <strong>Kofi Annan</strong>, y vilipendiados por (¿quién más?) varios <strong>partidos políticos</strong>, los reporteros encabezados por <strong>Daniel Moreno</strong> han ayudado a la ciudadanía a estar mejor informada. Y también a reírnos un poco de nuestra especie.<br />
Todos los temas que el equipo de <strong>#Verificado2018</strong> se han dedicado a comprobar o desmentir son vitales, pero hay unos tan fuera de la realidad que merecen una mención aparte. A continuación les dejamos las <strong>8 noticias más locas que ha tenido que verificar #Verificado2018.</strong><br />
<strong>* ¿Javier Lozano dijo que si le bajan el sueldo se dedicaría a robar?</strong><br />
¿Qué dijeron, si<strong> Layín</strong> lo confesó, tal vez Lozano también? Pero no, los usuarios de redes sociales hicieron de las suyas al compartir una fotografía que tergiversa las declaraciones del coordinador de campaña de Ricardo Anaya. Lee lo que dijo en realidad <strong><a href="https://verificado.mx/javier-lozano-sueldo-robar/" target="_blank" rel="noopener noreferrer">aquí</a></strong>.<br />
<a class="no-eff img-link lightbox" href="http://nofm-radio.com/wp-content/uploads/2018/05/Fake1.jpg"><img loading="lazy" decoding="async" class="alignnone size-full wp-image-28264" src="http://nofm-radio.com/wp-content/uploads/2018/05/Fake1.jpg" alt="" width="513" height="516" /></a><br />
<strong>* Un montaje, la imagen de Ricardo Anaya con poca ropa</strong><br />
Conn el pretexto de que a algunos panistas les gusta la fiesta, quisieron sacarle una foto &#8220;comprometedora&#8221; a <strong>Ricardo Anaya</strong>. Lo cierto es que a leguas se ve que la foto es falsa. Aunque nos deja con la curiosidad de cómo se verá el candidato del Frente relajándose al estilo Alejandro Fernández. Lee la historia completa <strong><a href="https://verificado.mx/montaje-imagen-ricardo-anaya-con-poca-ropa/" target="_blank" rel="noopener noreferrer">aquí</a></strong>.<br />
<a class="no-eff img-link lightbox" href="http://nofm-radio.com/wp-content/uploads/2018/05/Fake2.jpg"><img loading="lazy" decoding="async" class="alignnone size-full wp-image-28263" src="http://nofm-radio.com/wp-content/uploads/2018/05/Fake2.jpg" alt="" width="653" height="463" /></a><br />
<strong>* Beatriz Gutiérrez Müller, esposa de López Obrador, no es nieta de un genocida nazi</strong><br />
En otro capítulo de Andrés Manuel, un peligro para México, la maldad llegó a un nuevo nivel. La página <em><strong>Amor a México</strong></em> publicó que la esposa de <strong>AMLO</strong> era nieta nada más y nada menos que de un criminal nazi. <strong>#Verificado2018</strong> revisó el acta de nacimiento de <strong>Beatriz Gutiérrez Müller</strong> y resultó que sus antecesores pertenecen a otra rama. Pero ya ven, a eso se expone el candidato por andar eligiendo pareja con apellido extranjero. Se lo dijeron en el debate, ¿no que muy nacionalista? Lee la historia completa <strong><a href="https://verificado.mx/gutierrez-muller-lopez-obrador-nieta-nazi/" target="_blank" rel="noopener noreferrer">aquí</a></strong>.<br />
<a class="no-eff img-link lightbox" href="http://nofm-radio.com/wp-content/uploads/2018/05/Fake3.jpg"><img loading="lazy" decoding="async" class="alignnone size-full wp-image-28262" src="http://nofm-radio.com/wp-content/uploads/2018/05/Fake3.jpg" alt="" width="1024" height="640" /></a><br />
<strong>* #ObvioPhotoshop: La foto de Meade en una lancha llamada “la perdedora” está editada</strong><br />
Hay veces que las noticias tienen sentido, pero no por eso son ciertas. Algún gracioso decidió cambiarle el nombre a la lancha de Meade para que fuera más acorde a las encuestas. El photoshop, sin embargo, es bastante obvio. Lee la historia completa <strong><a href="https://verificado.mx/meade-en-una-lancha-llamada-la-perdedora-esta-editada/" target="_blank" rel="noopener noreferrer">aquí</a></strong>.<br />
<a class="no-eff img-link lightbox" href="http://nofm-radio.com/wp-content/uploads/2018/05/Fake4.png"><img loading="lazy" decoding="async" class="alignnone size-full wp-image-28261" src="http://nofm-radio.com/wp-content/uploads/2018/05/Fake4.png" alt="" width="450" height="522" /></a><br />
<strong>* Peña Nieto no recibió de la ONU el título al mejor presidente del mundo</strong><br />
Sí, ya sabemos que esta noticia suena falsa de toda falsedad, pero la noticia se compartió tanto que parecía cierta. Pero no, evidentemente no lo fue. Lee la historia completa <strong><a href="https://verificado.mx/onu-mejor-presidente-del-mundo/" target="_blank" rel="noopener noreferrer">aquí</a></strong>.<br />
<a class="no-eff img-link lightbox" href="http://nofm-radio.com/wp-content/uploads/2018/05/Fake5.png"><img loading="lazy" decoding="async" class="alignnone size-full wp-image-28260" src="http://nofm-radio.com/wp-content/uploads/2018/05/Fake5.png" alt="" width="667" height="574" /></a><br />
<strong>* Se difunde información falsa y utilizan… actores porno</strong><br />
Quién diría que el famosísimo <strong>Niño Polla</strong>, estrella porno más buscada del 2017 en <strong>Porn Hub</strong> haría su aparición en nuestro proceso electoral. En redes sociales se difundieron dos fotos de un supuesto sicario y un empresario que amenazaban a AMLO. Lo cierto es que las fotos corresponden a dos actores porno de primer nivel. Lee la historia completa<strong> <a href="https://verificado.mx/informacion-falsa-utilizan-actores-porno/" target="_blank" rel="noopener noreferrer">aquí</a></strong>.<br />
<a class="no-eff img-link lightbox" href="http://nofm-radio.com/wp-content/uploads/2018/05/Fake6.jpg"><img loading="lazy" decoding="async" class="alignnone size-full wp-image-28259" src="http://nofm-radio.com/wp-content/uploads/2018/05/Fake6.jpg" alt="" width="329" height="426" /></a><br />
<strong>* #EstoSíPasó: El Bombón, La Comadre, CR18, PP Jochos y Chichis van a la boleta en Nuevo León; se aprobó el uso de apodos</strong><br />
Todos reclamamos que la clase política de nuestro país está alejada de la gente. Así que <strong>Nuevo León</strong> aprobó que los candidatos independientes aparecieran en las boletas con su apodo y no con su nombre. ¿Qué les daría más confianza, votar por <strong>Paty Tamales</strong> o por una Patricia más? Lee la nota completa <strong><a href="https://verificado.mx/estosipaso-el-bombon-la-comadre-cr18-pp-jochos-y-chichis-van-a-la-boleta-en-nuevo-leon-se-aprobo-el-uso-de-apodos/" target="_blank" rel="noopener noreferrer">aquí</a></strong>.<br />
<a class="no-eff img-link lightbox" href="http://nofm-radio.com/wp-content/uploads/2018/05/Fake7.jpg"><img loading="lazy" decoding="async" class="alignnone size-full wp-image-28258" src="http://nofm-radio.com/wp-content/uploads/2018/05/Fake7.jpg" alt="" width="900" height="437" /></a><br />
<strong>* Ocurrencias electorales que te harán decir qué</strong> ??<br />
Y bueno, esta sí es la joya de la corona. La crème de la crème. Las propuestas que #Verificado2018 tenía que comprobar que eran ciertas, de lo contrario no lo hubiéramos creído. <strong>Mikel Arriola</strong> creando su propia batiseñal, candidatas a diputadas promocionándose en <strong>Tinder</strong> u ofreciendo el pack, o candidatos jugando a<strong> Star Wars</strong> son los punto más altos de la campaña. Conoce los detalles <strong><a href="https://verificado.mx/campanas-electorales-inisuales/" target="_blank" rel="noopener noreferrer">aquí</a></strong>.<br />
<a class="no-eff img-link lightbox" href="http://nofm-radio.com/wp-content/uploads/2018/05/Fake8.jpg"><img loading="lazy" decoding="async" class="alignnone size-full wp-image-28257" src="http://nofm-radio.com/wp-content/uploads/2018/05/Fake8.jpg" alt="" width="800" height="577" /></a><br />
Así es muchachos y muchachas, échenle ganas para identificar sus noticias falsas, pues no todas son tan obvias como esta. Acá les dejamos unos tips.</p>
<blockquote class="twitter-tweet" data-lang="es">
<p dir="ltr" lang="es">Las &#8216;fake news&#8217; electorales nos invaden.<br />
Nuestra guía <a href="https://twitter.com/VerificadoMX?ref_src=twsrc%5Etfw">@VerificadoMX</a> puede ayudarte a combatirlas. <a href="https://t.co/hFyW292IZu">pic.twitter.com/hFyW292IZu</a></p>
<p>— AJ+ Español (@ajplusespanol) <a href="https://twitter.com/ajplusespanol/status/986635478265991169?ref_src=twsrc%5Etfw">18 de abril de 2018</a></p></blockquote>
<p><script async src="https://platform.twitter.com/widgets.js" charset="utf-8"></script></p>
