{"id":28336,"date":"2018-06-04T13:01:30","date_gmt":"2018-06-04T18:01:30","guid":{"rendered":"http:\/\/nofm-radio.com\/?p=28336"},"modified":"2018-06-04T13:01:30","modified_gmt":"2018-06-04T18:01:30","slug":"mexico-necesita-cambiar-por-que-votar-por-amlo","status":"publish","type":"archivo","link":"https:\/\/nofm-radio.com\/?archivo=mexico-necesita-cambiar-por-que-votar-por-amlo","title":{"rendered":"M\u00e9xico necesita cambiar. \u00bfPor qu\u00e9 votar por AMLO?"},"content":{"rendered":"<p>por <strong>Diego Casta\u00f1eda<\/strong><br \/>\n<a href=\"https:\/\/twitter.com\/DiegoCastaneda\" target=\"_blank\" rel=\"noopener noreferrer\">@DiegoCastaneda<\/a><br \/>\nHace seis a\u00f1os en <a href=\"https:\/\/democraciadeliberada.org\/\" target=\"_blank\" rel=\"noopener noreferrer\"><strong>Democracia Deliberada<\/strong><\/a> inauguramos nuestra existencia con una tradici\u00f3n que deseamos mantener, la de deliberar p\u00fablicamente nuestras razones para votar, hacer un voto razonado que tenga alguna utilidad para la <strong>discusi\u00f3n p\u00fablica<\/strong>, este es mi voto razonado.<br \/>\nDurante a\u00f1os muchas personas me han preguntado \u00bfpor qu\u00e9 apoyo a <strong>Andr\u00e9s Manuel L\u00f3pez Obrador<\/strong>? O alguna variante de la misma pregunta, \u00bfpor qu\u00e9 votar por \u00e9l?, \u00bfpor qu\u00e9 creerle? Mi respuesta ha variado poco, m\u00e1s que nada se ha adaptado a la <strong>problem\u00e1tica del pa\u00eds<\/strong>, al contexto espec\u00edfico de nuestros problemas.<br \/>\nEn 2006, era principalmente un asunto econ\u00f3mico: la necesidad de crecer m\u00e1s y que los frutos de ese crecimiento se repartieran de forma m\u00e1s equitativa, y llegar a una democratizaci\u00f3n plena despu\u00e9s del fracaso del <strong>gobierno foxista<\/strong>. La frase de L\u00f3pez Obrador \u201c<strong>Por el bien de todos, primero los pobres<\/strong>\u201d lo resume bien. Seis a\u00f1os despu\u00e9s, en 2012, la urgencia pasaba por dos ejes: evitar una restauraci\u00f3n autoritaria que representaba <strong>el retorno del PRI<\/strong> y la terrible <strong>crisis de violencia<\/strong> desatada por el gobierno de <strong>Felipe Calder\u00f3n<\/strong>.<br \/>\nHoy es la suma de todos esos problemas: una econom\u00eda que tiene casi cuatro d\u00e9cadas estancada, incapaz de generar crecimiento sostenido, una fuerte y creciente <strong>desigualdad estructural<\/strong> que se transforma en <strong>trampas de pobreza<\/strong>; violencia que crece y desborda la capacidad del Estado de cumplir su deber primordial, el de salvaguardar la integridad f\u00edsica de las personas y su propiedad; adem\u00e1s de una <strong>corrupci\u00f3n<\/strong> que llega a l\u00edmites insospechados.<br \/>\n<strong>Las \u00faltimas tres elecciones hemos visto el continuo y gradual fracaso del modelo econ\u00f3mico, pol\u00edtico y social del pa\u00eds, el deterioro del Estado-naci\u00f3n, defender su continuidad es una locura.<\/strong><br \/>\nDurante todo este tiempo, L\u00f3pez Obrador ha planteado una visi\u00f3n consistente del pa\u00eds que desea, uno de <strong>igualdad de oportunidades<\/strong>, entendiendo que no existe verdadera libertad para las personas mientras no exista igualdad en el acceso a las cosas buenas de la vida; mientras no sean libres de la pobreza, y que no podemos ser una verdadera democracia sin esa libertad. M\u00e9xico necesita transformarse en un pa\u00eds m\u00e1s justo, m\u00e1s igualitario, que funcione para las mayor\u00edas no para una peque\u00f1a \u00e9lite privilegiada. Esa transformaci\u00f3n es una condici\u00f3n necesaria si hemos de comenzar a resolver los problemas que enfrentamos. Los problemas econ\u00f3micos, la pobreza, la inseguridad, todos est\u00e1n conectados, la violencia estructural en el pa\u00eds se extiende por todas partes y a pesar de ello la <strong>oferta pol\u00edtica<\/strong> de los otros candidatos es la continuidad con apenas algo de maquillaje.<br \/>\nLa mejor forma de entender esta <strong>elecci\u00f3n<\/strong> es la de una disyuntiva entre la <strong>continuidad del modelo<\/strong>, de la llamada <strong>\u201cmodernizaci\u00f3n\u201d de la econom\u00eda<\/strong>, cuyos resultados dejan mucho que desear. Crecimiento per c\u00e1pita menor al uno por ciento, una de las econom\u00edas m\u00e1s desiguales, en la que 21% del ingreso nacional se queda en el 1% m\u00e1s rico de la distribuci\u00f3n del ingreso, un salario m\u00ednimo que tiene el poder adquisitivo de la d\u00e9cada de 1960; una participaci\u00f3n femenil en el mercado laboral baj\u00edsima \u2013apenas el 36%\u2013, mercados plagados de monopolios y oligopolios; informalidad en el 57% de la poblaci\u00f3n econ\u00f3micamente activa, servicios de salud insuficientes con un gasto de apenas 3% del PIB -la mitad de lo que se recomienda-, la mitad de los mexicanos viven en pobreza y, en el campo, 5.8 millones de personas en pobreza extrema.<br \/>\nEn t\u00e9rminos de seguridad, los resultados no son muy distintos: en los \u00faltimos 12 a\u00f1os han sido asesinadas 240 mil personas, miles de <strong>desaparecidos<\/strong> y miles de <strong>desplazados<\/strong>. M\u00e9xico vive una emergencia compleja. En algunas regiones bien podr\u00eda clasificarse como un desastre humanitario.<br \/>\n<strong>Este c\u00famulo de tragedias es la herencia del r\u00e9gimen pol\u00edtico y econ\u00f3mico que se ha mantenido durante d\u00e9cadas, son la manifestaci\u00f3n m\u00e1s evidente de que tenemos que reinventar el pa\u00eds.<\/strong><br \/>\nCiertamente, la propuesta de L\u00f3pez Obrador no es perfecta, tiene inconsistencias importantes en algunos temas. Existen dudas razonables respecto a los detalles de <strong>pol\u00edticas p\u00fablicas<\/strong> que buscan implementarse, algunos incluso podr\u00edan decir que no existen garant\u00edas de que las cosas mejoren. No pienso disputar esas cr\u00edticas, pero <strong>la primera condici\u00f3n para cambiar las cosas es querer cambiarlas, y la segunda es que el diagn\u00f3stico de los problemas sea el correcto. Esas dos cosas ocurren con L\u00f3pez Obrador y en mi opini\u00f3n esa es una gran diferencia y una ventaja importante sobre sus competidores.<\/strong><br \/>\nAlgunas de las cr\u00edticas m\u00e1s anodinas al <strong>proyecto de L\u00f3pez Obrador<\/strong> dicen que desea regresar al pa\u00eds al pasado, como si hubiera salido de la novela de H.G. Wells y buscar\u00e1 poner 1970 en la m\u00e1quina del tiempo. Son cr\u00edticas perezosas, lo que L\u00f3pez Obrador busca es hacer los cambios que llevan pendientes por d\u00e9cadas. Por ejemplo, reformar el<strong> gasto p\u00fablico<\/strong> para que sea eficiente, recuperar la inversi\u00f3n p\u00fablica que hoy se encuentran en sus niveles m\u00e1s bajos desde que existen registros, recuperar el rol del Estado en impulsar el crecimiento y que este sea inclusivo.<br \/>\n<strong>L\u00f3pez Obrador quiere hacer algunas cosas que otros pa\u00edses lograron hace 80 a\u00f1os<\/strong> y que nosotros apenas vamos descubriendo, como fomentar competencia econ\u00f3mica para que los grandes capitalistas sin escr\u00fapulos de nuestros d\u00edas, nuestros <strong><em>robber barons<\/em><\/strong> no sean los \u00fanicos que se beneficien del mercado, tan sencillo como que no siempre ganen y pierdan los mismos. Su propuesta es hacer una pol\u00edtica industrial activa para el siglo XXI no es volver al pasado, es pensar en los motores de crecimiento del futuro. Es buscar que lo que exportamos si se traduzca en crecimiento, en producir valor agregado. Es preocuparse por las grandes desigualdades regionales en el pa\u00eds. Es dif\u00edcil pensar en una econom\u00eda que funciona bien si el Norte est\u00e1 integrado a la econom\u00eda global y el Sur ni siquiera est\u00e1 bien integrado a la econom\u00eda nacional.<br \/>\n<strong>Mi voto es por el cambio estructural en la econom\u00eda y en la sociedad<\/strong>, por abandonar los espejismos de la \u201cmodernizaci\u00f3n\u201d que se han apoderado de la pol\u00edtica nacional por d\u00e9cadas, para en su lugar buscar la verdadera modernidad. \u00bfQu\u00e9 es la modernidad para m\u00ed en este contexto? Es un gobierno para todos, un pa\u00eds donde la pobreza, la ignorancia, la desigualdad de oportunidades y la violencia fuera de control sean abolidas, es un pa\u00eds donde todos quepamos sin importar nuestro origen, ni nuestra forma de pensar, un Estado en el que el bienestar de la poblaci\u00f3n sea la m\u00e1xima prioridad.<br \/>\n<strong>Es tiempo de cambiar los paradigmas bajo los que hemos construido nuestra enfermiza tolerancia a la desigualdad y a la injusticia. Por eso el primero de julio voy a votar por Andr\u00e9s Manuel, creo que la mayor\u00eda del pa\u00eds estamos de acuerdo.<\/strong><\/p>\n","protected":false},"template":"","meta":{"_id_youtube":"","_id_vimeo":"","_podcasts_duration":"","_podcasts_url":"","_podcasts_show":"","_prog_horario_dias":"","_prog_hora":"","_prog_duration":""},"class_list":["post-28336","archivo","type-archivo","status-publish","hentry"],"_links":{"self":[{"href":"https:\/\/nofm-radio.com\/index.php?rest_route=\/wp\/v2\/archivo\/28336","targetHints":{"allow":["GET"]}}],"collection":[{"href":"https:\/\/nofm-radio.com\/index.php?rest_route=\/wp\/v2\/archivo"}],"about":[{"href":"https:\/\/nofm-radio.com\/index.php?rest_route=\/wp\/v2\/types\/archivo"}],"wp:attachment":[{"href":"https:\/\/nofm-radio.com\/index.php?rest_route=%2Fwp%2Fv2%2Fmedia&parent=28336"}],"curies":[{"name":"wp","href":"https:\/\/api.w.org\/{rel}","templated":true}]}}

México necesita cambiar. ¿Por qué votar por AMLO?

<p>por <strong>Diego Castañeda</strong><br />
<a href="https://twitter.com/DiegoCastaneda" target="_blank" rel="noopener noreferrer">@DiegoCastaneda</a><br />
Hace seis años en <a href="https://democraciadeliberada.org/" target="_blank" rel="noopener noreferrer"><strong>Democracia Deliberada</strong></a> inauguramos nuestra existencia con una tradición que deseamos mantener, la de deliberar públicamente nuestras razones para votar, hacer un voto razonado que tenga alguna utilidad para la <strong>discusión pública</strong>, este es mi voto razonado.<br />
Durante años muchas personas me han preguntado ¿por qué apoyo a <strong>Andrés Manuel López Obrador</strong>? O alguna variante de la misma pregunta, ¿por qué votar por él?, ¿por qué creerle? Mi respuesta ha variado poco, más que nada se ha adaptado a la <strong>problemática del país</strong>, al contexto específico de nuestros problemas.<br />
En 2006, era principalmente un asunto económico: la necesidad de crecer más y que los frutos de ese crecimiento se repartieran de forma más equitativa, y llegar a una democratización plena después del fracaso del <strong>gobierno foxista</strong>. La frase de López Obrador “<strong>Por el bien de todos, primero los pobres</strong>” lo resume bien. Seis años después, en 2012, la urgencia pasaba por dos ejes: evitar una restauración autoritaria que representaba <strong>el retorno del PRI</strong> y la terrible <strong>crisis de violencia</strong> desatada por el gobierno de <strong>Felipe Calderón</strong>.<br />
Hoy es la suma de todos esos problemas: una economía que tiene casi cuatro décadas estancada, incapaz de generar crecimiento sostenido, una fuerte y creciente <strong>desigualdad estructural</strong> que se transforma en <strong>trampas de pobreza</strong>; violencia que crece y desborda la capacidad del Estado de cumplir su deber primordial, el de salvaguardar la integridad física de las personas y su propiedad; además de una <strong>corrupción</strong> que llega a límites insospechados.<br />
<strong>Las últimas tres elecciones hemos visto el continuo y gradual fracaso del modelo económico, político y social del país, el deterioro del Estado-nación, defender su continuidad es una locura.</strong><br />
Durante todo este tiempo, López Obrador ha planteado una visión consistente del país que desea, uno de <strong>igualdad de oportunidades</strong>, entendiendo que no existe verdadera libertad para las personas mientras no exista igualdad en el acceso a las cosas buenas de la vida; mientras no sean libres de la pobreza, y que no podemos ser una verdadera democracia sin esa libertad. México necesita transformarse en un país más justo, más igualitario, que funcione para las mayorías no para una pequeña élite privilegiada. Esa transformación es una condición necesaria si hemos de comenzar a resolver los problemas que enfrentamos. Los problemas económicos, la pobreza, la inseguridad, todos están conectados, la violencia estructural en el país se extiende por todas partes y a pesar de ello la <strong>oferta política</strong> de los otros candidatos es la continuidad con apenas algo de maquillaje.<br />
La mejor forma de entender esta <strong>elección</strong> es la de una disyuntiva entre la <strong>continuidad del modelo</strong>, de la llamada <strong>“modernización” de la economía</strong>, cuyos resultados dejan mucho que desear. Crecimiento per cápita menor al uno por ciento, una de las economías más desiguales, en la que 21% del ingreso nacional se queda en el 1% más rico de la distribución del ingreso, un salario mínimo que tiene el poder adquisitivo de la década de 1960; una participación femenil en el mercado laboral bajísima –apenas el 36%–, mercados plagados de monopolios y oligopolios; informalidad en el 57% de la población económicamente activa, servicios de salud insuficientes con un gasto de apenas 3% del PIB -la mitad de lo que se recomienda-, la mitad de los mexicanos viven en pobreza y, en el campo, 5.8 millones de personas en pobreza extrema.<br />
En términos de seguridad, los resultados no son muy distintos: en los últimos 12 años han sido asesinadas 240 mil personas, miles de <strong>desaparecidos</strong> y miles de <strong>desplazados</strong>. México vive una emergencia compleja. En algunas regiones bien podría clasificarse como un desastre humanitario.<br />
<strong>Este cúmulo de tragedias es la herencia del régimen político y económico que se ha mantenido durante décadas, son la manifestación más evidente de que tenemos que reinventar el país.</strong><br />
Ciertamente, la propuesta de López Obrador no es perfecta, tiene inconsistencias importantes en algunos temas. Existen dudas razonables respecto a los detalles de <strong>políticas públicas</strong> que buscan implementarse, algunos incluso podrían decir que no existen garantías de que las cosas mejoren. No pienso disputar esas críticas, pero <strong>la primera condición para cambiar las cosas es querer cambiarlas, y la segunda es que el diagnóstico de los problemas sea el correcto. Esas dos cosas ocurren con López Obrador y en mi opinión esa es una gran diferencia y una ventaja importante sobre sus competidores.</strong><br />
Algunas de las críticas más anodinas al <strong>proyecto de López Obrador</strong> dicen que desea regresar al país al pasado, como si hubiera salido de la novela de H.G. Wells y buscará poner 1970 en la máquina del tiempo. Son críticas perezosas, lo que López Obrador busca es hacer los cambios que llevan pendientes por décadas. Por ejemplo, reformar el<strong> gasto público</strong> para que sea eficiente, recuperar la inversión pública que hoy se encuentran en sus niveles más bajos desde que existen registros, recuperar el rol del Estado en impulsar el crecimiento y que este sea inclusivo.<br />
<strong>López Obrador quiere hacer algunas cosas que otros países lograron hace 80 años</strong> y que nosotros apenas vamos descubriendo, como fomentar competencia económica para que los grandes capitalistas sin escrúpulos de nuestros días, nuestros <strong><em>robber barons</em></strong> no sean los únicos que se beneficien del mercado, tan sencillo como que no siempre ganen y pierdan los mismos. Su propuesta es hacer una política industrial activa para el siglo XXI no es volver al pasado, es pensar en los motores de crecimiento del futuro. Es buscar que lo que exportamos si se traduzca en crecimiento, en producir valor agregado. Es preocuparse por las grandes desigualdades regionales en el país. Es difícil pensar en una economía que funciona bien si el Norte está integrado a la economía global y el Sur ni siquiera está bien integrado a la economía nacional.<br />
<strong>Mi voto es por el cambio estructural en la economía y en la sociedad</strong>, por abandonar los espejismos de la “modernización” que se han apoderado de la política nacional por décadas, para en su lugar buscar la verdadera modernidad. ¿Qué es la modernidad para mí en este contexto? Es un gobierno para todos, un país donde la pobreza, la ignorancia, la desigualdad de oportunidades y la violencia fuera de control sean abolidas, es un país donde todos quepamos sin importar nuestro origen, ni nuestra forma de pensar, un Estado en el que el bienestar de la población sea la máxima prioridad.<br />
<strong>Es tiempo de cambiar los paradigmas bajo los que hemos construido nuestra enfermiza tolerancia a la desigualdad y a la injusticia. Por eso el primero de julio voy a votar por Andrés Manuel, creo que la mayoría del país estamos de acuerdo.</strong></p>
