{"id":29254,"date":"2018-09-19T15:09:04","date_gmt":"2018-09-19T20:09:04","guid":{"rendered":"http:\/\/nofm-radio.com\/?p=29254"},"modified":"2018-09-19T15:09:04","modified_gmt":"2018-09-19T20:09:04","slug":"lo-que-el-19s-nos-dejo","status":"publish","type":"archivo","link":"https:\/\/nofm-radio.com\/?archivo=lo-que-el-19s-nos-dejo","title":{"rendered":"Lo que el #19S nos dej\u00f3"},"content":{"rendered":"<p>Hay efem\u00e9rides que son muy extra\u00f1as, que siempre lo ser\u00e1n, sobre todo cuando se mezclan dos eventos tan parecidos. El aniversario de los sismos del <strong>19 de septiembre<\/strong> es una fecha que ha quedado marcada en la memoria de los habitantes de la <strong>Capital<\/strong> como un momento de cambio, para bien o para mal. Con el paso del tiempo, la <strong>emergencia<\/strong> se ha disuelto, aunque para algunas personas la herida sigue abierta. Sin embargo, as\u00ed como <strong>el 85<\/strong> nos dej\u00f3 una nueva idea de vivir la Ciudad, el <strong>19 de septiembre de 2017<\/strong> fue el detonante de varios proyectos que no s\u00f3lo han perdurado, sino que han transformado la manera de actuar y de reaccionar ante la emergencia.<br \/>\nEstos proyectos, es fundamental decirlo, son fruto de una ciudadan\u00eda organizada que, ante la necesidad, respondi\u00f3 con sus herramientas, sus saberes, sus colectivos. Si algo hay que recordar de esa fecha es este legado y el que dejaron muchas otras personas que tal vez ya no alzan el pu\u00f1o, pero que han decidido jam\u00e1s ver\u00e1n la Ciudad de M\u00e9xico reducida a escombros.<br \/>\n<strong>* Verificado 19S \/CIUDADan\u00eda 19S<\/strong><br \/>\nUno de los ejercicios m\u00e1s importantes durante la emergencia fue el realizado pro <strong>#Verificado19S<\/strong>. La difusi\u00f3n de informaci\u00f3n fidedigna ayud\u00f3 sin duda para que la ayuda llegara a donde deb\u00eda. Hay que reconocer tambi\u00e9n que sembr\u00f3 una semilla en el inconsciente colectivo de la <strong>ciudadan\u00eda<\/strong> para comprobar lo que lee y ve, y aunque tal vez no lo practique siempre, la frase &#8220;est\u00e1 verificado&#8221; siempre dar\u00e1 un poco m\u00e1s de certeza a lo que leeomos o escuchamos. Tras la emergencia de los sismos, Verificado se convirti\u00f3 en <strong>CIUDADan\u00eda 19S<\/strong>, y pueden checar el trabajo que siguen realizando por ac\u00e1\u00a0<a href=\"http:\/\/ciudadania19s.org.mx\/\" target=\"_blank\" rel=\"noopener noreferrer\">http:\/\/ciudadania19s.org.mx\/<\/a><br \/>\n<strong>* Cu\u00e9ntanos d\u00f3nde estabas<\/strong><br \/>\nEn este tipo de situaciones, el <strong>testimonio<\/strong> adquiere un peso fundamental. <em>Cu\u00e9ntanos d\u00f3nde estabas<\/em> reune las palabras de varias personas que comparten su experiencia en el sismo, que pueden ser las experiencias de un mont\u00f3n de personas m\u00e1s. Que no se nos olvide nunca, la solidaridad empieza por vernos y escucharnos, por reconocernos en y con los otros. Pueden leer los testimonios en\u00a0<a href=\"https:\/\/cuentanosdondeestabas.wordpress.com\/\" target=\"_blank\" rel=\"noopener noreferrer\">https:\/\/cuentanosdondeestabas.wordpress.com\/<\/a><br \/>\n<strong>* Drone<\/strong><br \/>\nDesde las alturas, <strong>Santiago Arau<\/strong> y <strong>Diego Rabasa<\/strong> documentaron con drones los momentos m\u00e1s \u00e1lgidos de la emergencia. Drone nos da otra perspectiva de lo que sucedi\u00f3 y de la respuesta de la sociedad.<br \/>\n<iframe loading=\"lazy\" src=\"https:\/\/www.youtube.com\/embed\/c25VSQTi9Oo\" width=\"560\" height=\"315\" frameborder=\"0\" allowfullscreen=\"allowfullscreen\"><\/iframe><br \/>\n<strong>* Atlas de Riesgo de la CDMX<\/strong><br \/>\nSabemos que vivimos en una zona s\u00edsmica, y nada m\u00e1s. Tras el 19S, la publicaci\u00f3n del Atlas de Riesgo se volvi\u00f3 una exigencia. Despu\u00e9s de un estira y afloja con las autoridades de la Ciudad de M\u00e9xico, el atlas est\u00e1 a disposici\u00f3n de todos. Esperamos que la informaci\u00f3n que ofrece este atlas sea utilizada por las autoridades para ofrecer una mejor respuesta ante futuras emergencias. Puedes consultarlo en\u00a0<a href=\"http:\/\/www.atlas.cdmx.gob.mx\/\" target=\"_blank\" rel=\"noopener noreferrer\">http:\/\/www.atlas.cdmx.gob.mx\/<\/a><br \/>\n<strong>* Silencios 19_09<\/strong><br \/>\n\u00bfA qu\u00e9 suena el desastre? <strong>Francisco Tito Rivas<\/strong> realiz\u00f3 grabaciones en las <strong>zonas de derrumbe<\/strong>, tanto de las personas que ayudaron, como de los sonidistas encargados de los <strong>rescates<\/strong>. Esta pieza es parte de la memoria sonora del sismo, y de la solidaridad que lleg\u00f3 con \u00e9l.<br \/>\n<iframe loading=\"lazy\" src=\"https:\/\/w.soundcloud.com\/player\/?url=https%3A\/\/api.soundcloud.com\/tracks\/501898404&amp;color=%23ff5500&amp;auto_play=false&amp;hide_related=false&amp;show_comments=true&amp;show_user=true&amp;show_reposts=false&amp;show_teaser=true&amp;visual=true\" width=\"100%\" height=\"300\" frameborder=\"no\" scrolling=\"no\"><\/iframe><br \/>\n<strong>* \u00bfPor qu\u00e9 se cay\u00f3 mi edificio?<\/strong><br \/>\nCon el paso del tiempo, la exigencia de las respuestas crece. <em><strong>\u00bfPor qu\u00e9 se cay\u00f3 mi edificio?<\/strong><\/em> es una investigaci\u00f3n de <strong>Mexicanos contra la corrupci\u00f3n y la impunidad<\/strong> que reune historias en que los derrumbes pudieron evitarse. La corrupci\u00f3n mata, y esta es una primera tarea para demandar justicia para las personas que lo perdieron todo. Puedes leer las historia en\u00a0<a href=\"https:\/\/miedificio.contralacorrupcion.mx\/\" target=\"_blank\" rel=\"noopener noreferrer\">https:\/\/miedificio.contralacorrupcion.mx\/<\/a><br \/>\n<strong>* Alarma S\u00edsmica<\/strong><br \/>\nEl grand\u00edsimo <strong>Andy Mountains<\/strong> hace un himno a la Ciudad de M\u00e9xico y a todos los que la habitamos. Una bella canci\u00f3n de amor.<br \/>\n<iframe loading=\"lazy\" src=\"https:\/\/www.youtube.com\/embed\/oGr0RbRCMfo\" width=\"560\" height=\"315\" frameborder=\"0\" allowfullscreen=\"allowfullscreen\"><\/iframe><br \/>\n<strong>* Que no se quedara nadie atr\u00e1s<\/strong><br \/>\nEn <strong>NoFM<\/strong> quisimos hacer un ejercicio de memoria de nuestra comunidad. El radiodocumental <strong><em>Que no se quedara nadie atr\u00e1s<\/em><\/strong> fue grabado a una semana del <strong>sismo del 19 de septiembre de 2017<\/strong>, y reune la respuesta a tres simples preguntas: \u00bfd\u00f3nde estabas?, \u00bfen qui\u00e9n pensaste?, y \u00bfc\u00f3mo ayudaste? Este es nuestro peque\u00f1o homenaje a los nuestros y a esta Ciudad.<br \/>\nhttps:\/\/www.youtube.com\/watch?v=Wz5L6jfDnag<\/p>\n","protected":false},"template":"","meta":{"_id_youtube":"","_id_vimeo":"","_podcasts_duration":"","_podcasts_url":"","_podcasts_show":"","_prog_horario_dias":"","_prog_hora":"","_prog_duration":""},"class_list":["post-29254","archivo","type-archivo","status-publish","hentry"],"_links":{"self":[{"href":"https:\/\/nofm-radio.com\/index.php?rest_route=\/wp\/v2\/archivo\/29254","targetHints":{"allow":["GET"]}}],"collection":[{"href":"https:\/\/nofm-radio.com\/index.php?rest_route=\/wp\/v2\/archivo"}],"about":[{"href":"https:\/\/nofm-radio.com\/index.php?rest_route=\/wp\/v2\/types\/archivo"}],"wp:attachment":[{"href":"https:\/\/nofm-radio.com\/index.php?rest_route=%2Fwp%2Fv2%2Fmedia&parent=29254"}],"curies":[{"name":"wp","href":"https:\/\/api.w.org\/{rel}","templated":true}]}}

Lo que el #19S nos dejó

<p>Hay efemérides que son muy extrañas, que siempre lo serán, sobre todo cuando se mezclan dos eventos tan parecidos. El aniversario de los sismos del <strong>19 de septiembre</strong> es una fecha que ha quedado marcada en la memoria de los habitantes de la <strong>Capital</strong> como un momento de cambio, para bien o para mal. Con el paso del tiempo, la <strong>emergencia</strong> se ha disuelto, aunque para algunas personas la herida sigue abierta. Sin embargo, así como <strong>el 85</strong> nos dejó una nueva idea de vivir la Ciudad, el <strong>19 de septiembre de 2017</strong> fue el detonante de varios proyectos que no sólo han perdurado, sino que han transformado la manera de actuar y de reaccionar ante la emergencia.<br />
Estos proyectos, es fundamental decirlo, son fruto de una ciudadanía organizada que, ante la necesidad, respondió con sus herramientas, sus saberes, sus colectivos. Si algo hay que recordar de esa fecha es este legado y el que dejaron muchas otras personas que tal vez ya no alzan el puño, pero que han decidido jamás verán la Ciudad de México reducida a escombros.<br />
<strong>* Verificado 19S /CIUDADanía 19S</strong><br />
Uno de los ejercicios más importantes durante la emergencia fue el realizado pro <strong>#Verificado19S</strong>. La difusión de información fidedigna ayudó sin duda para que la ayuda llegara a donde debía. Hay que reconocer también que sembró una semilla en el inconsciente colectivo de la <strong>ciudadanía</strong> para comprobar lo que lee y ve, y aunque tal vez no lo practique siempre, la frase &#8220;está verificado&#8221; siempre dará un poco más de certeza a lo que leeomos o escuchamos. Tras la emergencia de los sismos, Verificado se convirtió en <strong>CIUDADanía 19S</strong>, y pueden checar el trabajo que siguen realizando por acá <a href="http://ciudadania19s.org.mx/" target="_blank" rel="noopener noreferrer">http://ciudadania19s.org.mx/</a><br />
<strong>* Cuéntanos dónde estabas</strong><br />
En este tipo de situaciones, el <strong>testimonio</strong> adquiere un peso fundamental. <em>Cuéntanos dónde estabas</em> reune las palabras de varias personas que comparten su experiencia en el sismo, que pueden ser las experiencias de un montón de personas más. Que no se nos olvide nunca, la solidaridad empieza por vernos y escucharnos, por reconocernos en y con los otros. Pueden leer los testimonios en <a href="https://cuentanosdondeestabas.wordpress.com/" target="_blank" rel="noopener noreferrer">https://cuentanosdondeestabas.wordpress.com/</a><br />
<strong>* Drone</strong><br />
Desde las alturas, <strong>Santiago Arau</strong> y <strong>Diego Rabasa</strong> documentaron con drones los momentos más álgidos de la emergencia. Drone nos da otra perspectiva de lo que sucedió y de la respuesta de la sociedad.<br />
<iframe loading="lazy" src="https://www.youtube.com/embed/c25VSQTi9Oo" width="560" height="315" frameborder="0" allowfullscreen="allowfullscreen"></iframe><br />
<strong>* Atlas de Riesgo de la CDMX</strong><br />
Sabemos que vivimos en una zona sísmica, y nada más. Tras el 19S, la publicación del Atlas de Riesgo se volvió una exigencia. Después de un estira y afloja con las autoridades de la Ciudad de México, el atlas está a disposición de todos. Esperamos que la información que ofrece este atlas sea utilizada por las autoridades para ofrecer una mejor respuesta ante futuras emergencias. Puedes consultarlo en <a href="http://www.atlas.cdmx.gob.mx/" target="_blank" rel="noopener noreferrer">http://www.atlas.cdmx.gob.mx/</a><br />
<strong>* Silencios 19_09</strong><br />
¿A qué suena el desastre? <strong>Francisco Tito Rivas</strong> realizó grabaciones en las <strong>zonas de derrumbe</strong>, tanto de las personas que ayudaron, como de los sonidistas encargados de los <strong>rescates</strong>. Esta pieza es parte de la memoria sonora del sismo, y de la solidaridad que llegó con él.<br />
<iframe loading="lazy" src="https://w.soundcloud.com/player/?url=https%3A//api.soundcloud.com/tracks/501898404&amp;color=%23ff5500&amp;auto_play=false&amp;hide_related=false&amp;show_comments=true&amp;show_user=true&amp;show_reposts=false&amp;show_teaser=true&amp;visual=true" width="100%" height="300" frameborder="no" scrolling="no"></iframe><br />
<strong>* ¿Por qué se cayó mi edificio?</strong><br />
Con el paso del tiempo, la exigencia de las respuestas crece. <em><strong>¿Por qué se cayó mi edificio?</strong></em> es una investigación de <strong>Mexicanos contra la corrupción y la impunidad</strong> que reune historias en que los derrumbes pudieron evitarse. La corrupción mata, y esta es una primera tarea para demandar justicia para las personas que lo perdieron todo. Puedes leer las historia en <a href="https://miedificio.contralacorrupcion.mx/" target="_blank" rel="noopener noreferrer">https://miedificio.contralacorrupcion.mx/</a><br />
<strong>* Alarma Sísmica</strong><br />
El grandísimo <strong>Andy Mountains</strong> hace un himno a la Ciudad de México y a todos los que la habitamos. Una bella canción de amor.<br />
<iframe loading="lazy" src="https://www.youtube.com/embed/oGr0RbRCMfo" width="560" height="315" frameborder="0" allowfullscreen="allowfullscreen"></iframe><br />
<strong>* Que no se quedara nadie atrás</strong><br />
En <strong>NoFM</strong> quisimos hacer un ejercicio de memoria de nuestra comunidad. El radiodocumental <strong><em>Que no se quedara nadie atrás</em></strong> fue grabado a una semana del <strong>sismo del 19 de septiembre de 2017</strong>, y reune la respuesta a tres simples preguntas: ¿dónde estabas?, ¿en quién pensaste?, y ¿cómo ayudaste? Este es nuestro pequeño homenaje a los nuestros y a esta Ciudad.<br />
https://www.youtube.com/watch?v=Wz5L6jfDnag</p>
