{"id":5830,"date":"2014-06-20T18:28:34","date_gmt":"2014-06-20T23:28:34","guid":{"rendered":"http:\/\/nofm-radio.com\/?p=5830"},"modified":"2014-06-20T18:28:34","modified_gmt":"2014-06-20T23:28:34","slug":"la-nueva-botella-del-optimismo","status":"publish","type":"archivo","link":"https:\/\/nofm-radio.com\/?archivo=la-nueva-botella-del-optimismo","title":{"rendered":"La nueva botella del optimismo"},"content":{"rendered":"<p>Despu\u00e9s del esc\u00e1ndalo en redes y en los medios de comunicaci\u00f3n que ha creado el grito \u00a1PUTO!, que si es groser\u00eda, que si es de mal gusto, que si es discriminatorio, que si no, etc\u00e9tera, nuestros amigos de <a href=\"http:\/\/satelitemedia.mx\/videodeldia-un-mensaje-para-la-fifa\/\">Sat\u00e9lite Media<\/a> decidieron enviar un mensaje a la FIFA.<br \/>\nPara ello, intervinieron uno de los comerciales que Coca Cola hizo para la Selecci\u00f3n Mexicana. Porque lo \u00fanico que puede hacerse con este tipo de cosas es apropi\u00e1rselas y burlarse. As\u00ed, aqu\u00ed les presentamos la nueva botella de optimismo para al selecci\u00f3n, junto con el comercial original.<br \/>\n<iframe loading=\"lazy\" title=\"#V\u00eddeoMeme: Un mensaje para la FIFA\" width=\"640\" height=\"360\" src=\"https:\/\/www.youtube.com\/embed\/BKU0Rft20Ds?feature=oembed\" frameborder=\"0\" allow=\"accelerometer; autoplay; clipboard-write; encrypted-media; gyroscope; picture-in-picture; web-share\" referrerpolicy=\"strict-origin-when-cross-origin\" allowfullscreen><\/iframe><br \/>\nhttp:\/\/www.youtube.com\/watch?v=pvl-3CkemK8<\/p>\n","protected":false},"template":"","meta":{"_id_youtube":"","_id_vimeo":"","_podcasts_duration":"","_podcasts_url":"","_podcasts_show":"","_prog_horario_dias":"","_prog_hora":"","_prog_duration":""},"class_list":["post-5830","archivo","type-archivo","status-publish","hentry"],"_links":{"self":[{"href":"https:\/\/nofm-radio.com\/index.php?rest_route=\/wp\/v2\/archivo\/5830","targetHints":{"allow":["GET"]}}],"collection":[{"href":"https:\/\/nofm-radio.com\/index.php?rest_route=\/wp\/v2\/archivo"}],"about":[{"href":"https:\/\/nofm-radio.com\/index.php?rest_route=\/wp\/v2\/types\/archivo"}],"wp:attachment":[{"href":"https:\/\/nofm-radio.com\/index.php?rest_route=%2Fwp%2Fv2%2Fmedia&parent=5830"}],"curies":[{"name":"wp","href":"https:\/\/api.w.org\/{rel}","templated":true}]}}

<p>Después del escándalo en redes y en los medios de comunicación que ha creado el grito ¡PUTO!, que si es grosería, que si es de mal gusto, que si es discriminatorio, que si no, etcétera, nuestros amigos de <a href="http://satelitemedia.mx/videodeldia-un-mensaje-para-la-fifa/">Satélite Media</a> decidieron enviar un mensaje a la FIFA.<br />
Para ello, intervinieron uno de los comerciales que Coca Cola hizo para la Selección Mexicana. Porque lo único que puede hacerse con este tipo de cosas es apropiárselas y burlarse. Así, aquí les presentamos la nueva botella de optimismo para al selección, junto con el comercial original.<br />
<iframe loading="lazy" title="#VídeoMeme: Un mensaje para la FIFA" width="640" height="360" src="https://www.youtube.com/embed/BKU0Rft20Ds?feature=oembed" frameborder="0" allow="accelerometer; autoplay; clipboard-write; encrypted-media; gyroscope; picture-in-picture; web-share" referrerpolicy="strict-origin-when-cross-origin" allowfullscreen></iframe><br />
http://www.youtube.com/watch?v=pvl-3CkemK8</p>
