{"id":5846,"date":"2014-06-24T18:46:01","date_gmt":"2014-06-24T23:46:01","guid":{"rendered":"http:\/\/nofm-radio.com\/?p=5846"},"modified":"2014-06-24T18:46:01","modified_gmt":"2014-06-24T23:46:01","slug":"pearl-jam-coverea-a-disney","status":"publish","type":"archivo","link":"https:\/\/nofm-radio.com\/?archivo=pearl-jam-coverea-a-disney","title":{"rendered":"Pearl Jam coverea a Disney"},"content":{"rendered":"<p>En la pasada entrega de los premios Oscar, una de las mayores sorpresas fue que el tema de <em>Frozen<\/em> ganara como mejor canci\u00f3n original. Y ahora, esa canci\u00f3n \u00f1o\u00f1ona que venci\u00f3 al multipremiado Pharrell Williams y a Bono y compa\u00f1\u00eda, titulada <em>Let it go<\/em>, vuelve a desconcertarnos. Y esta vez viene de la mano de una de las grandes voces de rock: Eddie Vedder.<br \/>\nResulta que en un concierto realizado en Mil\u00e1n, el vocalista de Pearl Jam decidi\u00f3 intercalar unas frases de la canci\u00f3n de Disney con el final de &#8220;Daughter&#8221;. Ahora las preguntas vienen \u00bfc\u00f3mo tomamos este acto de Vedder? \u00bfcomo un evidente de vejez o simplemente como un gesto de ternura hacia sus hijas? Juzguen ustedes.<br \/>\n<iframe loading=\"lazy\" title=\"Pearl Jam &quot;Let It Go (Frozen)&quot; - Daughter Tag Snippet, June 20, 2014 Milan, Italy\" width=\"640\" height=\"360\" src=\"https:\/\/www.youtube.com\/embed\/kBPRVUG0kiQ?feature=oembed\" frameborder=\"0\" allow=\"accelerometer; autoplay; clipboard-write; encrypted-media; gyroscope; picture-in-picture; web-share\" referrerpolicy=\"strict-origin-when-cross-origin\" allowfullscreen><\/iframe><\/p>\n","protected":false},"template":"","meta":{"_id_youtube":"","_id_vimeo":"","_podcasts_duration":"","_podcasts_url":"","_podcasts_show":"","_prog_horario_dias":"","_prog_hora":"","_prog_duration":""},"class_list":["post-5846","archivo","type-archivo","status-publish","hentry"],"_links":{"self":[{"href":"https:\/\/nofm-radio.com\/index.php?rest_route=\/wp\/v2\/archivo\/5846","targetHints":{"allow":["GET"]}}],"collection":[{"href":"https:\/\/nofm-radio.com\/index.php?rest_route=\/wp\/v2\/archivo"}],"about":[{"href":"https:\/\/nofm-radio.com\/index.php?rest_route=\/wp\/v2\/types\/archivo"}],"wp:attachment":[{"href":"https:\/\/nofm-radio.com\/index.php?rest_route=%2Fwp%2Fv2%2Fmedia&parent=5846"}],"curies":[{"name":"wp","href":"https:\/\/api.w.org\/{rel}","templated":true}]}}

<p>En la pasada entrega de los premios Oscar, una de las mayores sorpresas fue que el tema de <em>Frozen</em> ganara como mejor canción original. Y ahora, esa canción ñoñona que venció al multipremiado Pharrell Williams y a Bono y compañía, titulada <em>Let it go</em>, vuelve a desconcertarnos. Y esta vez viene de la mano de una de las grandes voces de rock: Eddie Vedder.<br />
Resulta que en un concierto realizado en Milán, el vocalista de Pearl Jam decidió intercalar unas frases de la canción de Disney con el final de &#8220;Daughter&#8221;. Ahora las preguntas vienen ¿cómo tomamos este acto de Vedder? ¿como un evidente de vejez o simplemente como un gesto de ternura hacia sus hijas? Juzguen ustedes.<br />
<iframe loading="lazy" title="Pearl Jam &quot;Let It Go (Frozen)&quot; - Daughter Tag Snippet, June 20, 2014 Milan, Italy" width="640" height="360" src="https://www.youtube.com/embed/kBPRVUG0kiQ?feature=oembed" frameborder="0" allow="accelerometer; autoplay; clipboard-write; encrypted-media; gyroscope; picture-in-picture; web-share" referrerpolicy="strict-origin-when-cross-origin" allowfullscreen></iframe></p>
