{"id":6050,"date":"2014-07-03T10:49:36","date_gmt":"2014-07-03T15:49:36","guid":{"rendered":"http:\/\/nofm-radio.com\/?p=6050"},"modified":"2014-07-03T10:49:36","modified_gmt":"2014-07-03T15:49:36","slug":"hay-merengues-presenta-la-voz","status":"publish","type":"archivo","link":"https:\/\/nofm-radio.com\/?archivo=hay-merengues-presenta-la-voz","title":{"rendered":"Hay merengues presenta La voz"},"content":{"rendered":"<p>Hoy al mediod\u00eda no se pierda Hay merengues, que dedicar\u00e1 su emisi\u00f3n a la voz. Ese instrumento del cuerpo que es tambi\u00e9n un arma. Para este bonito especial, nos acompa\u00f1ar\u00e1n en cabina los vocalistas de la Sonora criminal y nuestro querido J. C., del programa Freakshow.<br \/>\nLo invita y lo espera Kin Navarro con mucha cumbia y mucha voz. Les dejamos una peque\u00f1a muestra de nuestros invitados.<br \/>\n<iframe loading=\"lazy\" title=\"Sonora Criminal Veintiuno de Diciembre (cumbia zapatista)\" width=\"640\" height=\"480\" src=\"https:\/\/www.youtube.com\/embed\/LIivfxQWWo0?feature=oembed\" frameborder=\"0\" allow=\"accelerometer; autoplay; clipboard-write; encrypted-media; gyroscope; picture-in-picture; web-share\" referrerpolicy=\"strict-origin-when-cross-origin\" allowfullscreen><\/iframe><\/p>\n","protected":false},"template":"","meta":{"_id_youtube":"","_id_vimeo":"","_podcasts_duration":"","_podcasts_url":"","_podcasts_show":"","_prog_horario_dias":"","_prog_hora":"","_prog_duration":""},"class_list":["post-6050","archivo","type-archivo","status-publish","hentry"],"_links":{"self":[{"href":"https:\/\/nofm-radio.com\/index.php?rest_route=\/wp\/v2\/archivo\/6050","targetHints":{"allow":["GET"]}}],"collection":[{"href":"https:\/\/nofm-radio.com\/index.php?rest_route=\/wp\/v2\/archivo"}],"about":[{"href":"https:\/\/nofm-radio.com\/index.php?rest_route=\/wp\/v2\/types\/archivo"}],"wp:attachment":[{"href":"https:\/\/nofm-radio.com\/index.php?rest_route=%2Fwp%2Fv2%2Fmedia&parent=6050"}],"curies":[{"name":"wp","href":"https:\/\/api.w.org\/{rel}","templated":true}]}}

<p>Hoy al mediodía no se pierda Hay merengues, que dedicará su emisión a la voz. Ese instrumento del cuerpo que es también un arma. Para este bonito especial, nos acompañarán en cabina los vocalistas de la Sonora criminal y nuestro querido J. C., del programa Freakshow.<br />
Lo invita y lo espera Kin Navarro con mucha cumbia y mucha voz. Les dejamos una pequeña muestra de nuestros invitados.<br />
<iframe loading="lazy" title="Sonora Criminal Veintiuno de Diciembre (cumbia zapatista)" width="640" height="480" src="https://www.youtube.com/embed/LIivfxQWWo0?feature=oembed" frameborder="0" allow="accelerometer; autoplay; clipboard-write; encrypted-media; gyroscope; picture-in-picture; web-share" referrerpolicy="strict-origin-when-cross-origin" allowfullscreen></iframe></p>
