{"id":6057,"date":"2014-07-03T17:00:51","date_gmt":"2014-07-03T22:00:51","guid":{"rendered":"http:\/\/nofm-radio.com\/?p=6057"},"modified":"2014-07-03T17:00:51","modified_gmt":"2014-07-03T22:00:51","slug":"doctor-jose-manuel-mireles-recluido-en-el-cefereso-de-hermosillo-sonora","status":"publish","type":"archivo","link":"https:\/\/nofm-radio.com\/?archivo=doctor-jose-manuel-mireles-recluido-en-el-cefereso-de-hermosillo-sonora","title":{"rendered":"Doctor Jos\u00e9 Manuel Mireles recluido en el CEFERESO de Hermosillo, Sonora"},"content":{"rendered":"<p>NoFM empieza una colaboraci\u00f3n con el sitio Somos el medio. Esc\u00fachenlos cada quince d\u00edas con Sirene en RPM, los mi\u00e9rcoles a las 10 pm. \u00a0Ac\u00e1 la primera nota que compartiremos.<br \/>\n&nbsp;<br \/>\n<strong>Doctor Jos\u00e9 Manuel Mireles recluido en el CEFERESO de Hermosillo, Sonora<\/strong><br \/>\nPor Ivonne Cedillo de <a href=\"http:\/\/www.somoselmedio.org\/article\/doctor-jos%C3%A9-manuel-mireles-recluido-en-el-cefereso-de-hermosillo-sonora\">Somos el medio<\/a><br \/>\nEl ex vocero de los grupos de autodefensa de Michoac\u00e1n, Jos\u00e9 Manuel Mireles se encuentra recluido en el Centro Federal de Readaptaci\u00f3n Social (CEFERESO) n\u00famero 11, en Hermosillo, Sonora. Javier Reyes Maga\u00f1a, Salvador Mendoza Garc\u00eda y Gerardo L\u00f3pez Casillas, identificados como sus escoltas fueron trasladados y consignados al CEFERESO n\u00famero 4, Noroeste, ubicado en El Rinc\u00f3n, en Tepic, Nayarit.<br \/>\nMireles Valverde una de las figuras m\u00e1s representativas de las autodefensas michoacanas, fue detenido el pasado 27 de junio con un amplio operativo militar y puesto a disposici\u00f3n de la Procuradur\u00eda General de la Rep\u00fablica (PGR), se\u00f1alado junto con alrededor de 80 autodefensas como presuntos responsables de los delitos de portaci\u00f3n de armas de fuego de uso exclusivo del Ej\u00e9rcito y contra la salud.<br \/>\nEn videos difundidos por las redes sociales y en diversas entrevistas, Tal\u00eda V\u00e1zquez, representante legal del l\u00edder de autodefensas se\u00f1al\u00f3 que despu\u00e9s de trabas y un amparo por incomunicaci\u00f3n han logrado asistirlo desde el s\u00e1bado pasado, situaci\u00f3n que les ha permitido informar sobre las condiciones de su detenci\u00f3n as\u00ed como de su estado de salud.<br \/>\nInform\u00f3 que Jos\u00e9 Manuel Mireles jam\u00e1s ha sido captado, ni por una foto, ni por un video con un arma de fuego y mucho menos con un arma cuerno de chivo como lo indican en su detenci\u00f3n los polic\u00edas. Describi\u00f3 que en la detenci\u00f3n, el doctor fue cubierto por una malla de tela que a pesar de que le imped\u00eda ver con claridad, pudo darse cuenta como es que en su camioneta colocaban las armas y las bolsas con coca\u00edna y mariguana.<br \/>\n\u201cDur\u00f3 desde las cuatro y media de la tarde, hasta cerca de las diez de la noche con los ojos tapados. Cuando lo subieron al helic\u00f3ptero \u00e9l pensaba que iba solo y crey\u00f3 que francamente lo iban a tirar al mar, \u00e9l estaba convencido que lo iban a tirar al mar\u201d. Relat\u00f3 Tal\u00eda V\u00e1zquez.<br \/>\nDetall\u00f3 que a \u201cLa Mira\u201d, el doctor lleg\u00f3 el d\u00eda 26 donde registr\u00f3 a 34 ciudadanos como autodefensas y que los \u00fanicos que no eran del lugar eran sus tres escoltas y \u00e9l; por tanto no se explicaban quienes sumaban los 89 detenidos y que todo indicaba que se trataba de gente que pasaba por el lugar pues en el momento se realizaba la graduaci\u00f3n de alumnos en una secundaria cercana.<br \/>\nCon relaci\u00f3n a su salud, coment\u00f3 que el detenido padece de diabetes y era de suma importancia que se le atendiera en sus medicamentos. Sin embargo en \u00faltimos horas y en un video previo a su declaraci\u00f3n preparatoria, Jos\u00e9 Manuel Mireles denunci\u00f3 que no le dan de comer y no se le permite tomar sus medicamentos en tiempo y forma.<br \/>\nDiversas han sido las acciones para exigir la liberaci\u00f3n del doctor, pues las manifestaciones y cierre de avenidas comenzaron por lo menos en seis municipios del estado un d\u00eda despu\u00e9s de su detenci\u00f3n.<br \/>\nFinalmente y debido al proceso que ha llevado su detenci\u00f3n, el mi\u00e9rcoles por la noche se definir\u00e1 su situaci\u00f3n jur\u00eddica.<br \/>\nFoto tomada en su visita a la UACM\/ Altos Contrastes<\/p>\n","protected":false},"template":"","meta":{"_id_youtube":"","_id_vimeo":"","_podcasts_duration":"","_podcasts_url":"","_podcasts_show":"","_prog_horario_dias":"","_prog_hora":"","_prog_duration":""},"class_list":["post-6057","archivo","type-archivo","status-publish","hentry"],"_links":{"self":[{"href":"https:\/\/nofm-radio.com\/index.php?rest_route=\/wp\/v2\/archivo\/6057","targetHints":{"allow":["GET"]}}],"collection":[{"href":"https:\/\/nofm-radio.com\/index.php?rest_route=\/wp\/v2\/archivo"}],"about":[{"href":"https:\/\/nofm-radio.com\/index.php?rest_route=\/wp\/v2\/types\/archivo"}],"wp:attachment":[{"href":"https:\/\/nofm-radio.com\/index.php?rest_route=%2Fwp%2Fv2%2Fmedia&parent=6057"}],"curies":[{"name":"wp","href":"https:\/\/api.w.org\/{rel}","templated":true}]}}

Doctor José Manuel Mireles recluido en el CEFERESO de Hermosillo, Sonora

<p>NoFM empieza una colaboración con el sitio Somos el medio. Escúchenlos cada quince días con Sirene en RPM, los miércoles a las 10 pm.  Acá la primera nota que compartiremos.<br />
&nbsp;<br />
<strong>Doctor José Manuel Mireles recluido en el CEFERESO de Hermosillo, Sonora</strong><br />
Por Ivonne Cedillo de <a href="http://www.somoselmedio.org/article/doctor-jos%C3%A9-manuel-mireles-recluido-en-el-cefereso-de-hermosillo-sonora">Somos el medio</a><br />
El ex vocero de los grupos de autodefensa de Michoacán, José Manuel Mireles se encuentra recluido en el Centro Federal de Readaptación Social (CEFERESO) número 11, en Hermosillo, Sonora. Javier Reyes Magaña, Salvador Mendoza García y Gerardo López Casillas, identificados como sus escoltas fueron trasladados y consignados al CEFERESO número 4, Noroeste, ubicado en El Rincón, en Tepic, Nayarit.<br />
Mireles Valverde una de las figuras más representativas de las autodefensas michoacanas, fue detenido el pasado 27 de junio con un amplio operativo militar y puesto a disposición de la Procuraduría General de la República (PGR), señalado junto con alrededor de 80 autodefensas como presuntos responsables de los delitos de portación de armas de fuego de uso exclusivo del Ejército y contra la salud.<br />
En videos difundidos por las redes sociales y en diversas entrevistas, Talía Vázquez, representante legal del líder de autodefensas señaló que después de trabas y un amparo por incomunicación han logrado asistirlo desde el sábado pasado, situación que les ha permitido informar sobre las condiciones de su detención así como de su estado de salud.<br />
Informó que José Manuel Mireles jamás ha sido captado, ni por una foto, ni por un video con un arma de fuego y mucho menos con un arma cuerno de chivo como lo indican en su detención los policías. Describió que en la detención, el doctor fue cubierto por una malla de tela que a pesar de que le impedía ver con claridad, pudo darse cuenta como es que en su camioneta colocaban las armas y las bolsas con cocaína y mariguana.<br />
“Duró desde las cuatro y media de la tarde, hasta cerca de las diez de la noche con los ojos tapados. Cuando lo subieron al helicóptero él pensaba que iba solo y creyó que francamente lo iban a tirar al mar, él estaba convencido que lo iban a tirar al mar”. Relató Talía Vázquez.<br />
Detalló que a “La Mira”, el doctor llegó el día 26 donde registró a 34 ciudadanos como autodefensas y que los únicos que no eran del lugar eran sus tres escoltas y él; por tanto no se explicaban quienes sumaban los 89 detenidos y que todo indicaba que se trataba de gente que pasaba por el lugar pues en el momento se realizaba la graduación de alumnos en una secundaria cercana.<br />
Con relación a su salud, comentó que el detenido padece de diabetes y era de suma importancia que se le atendiera en sus medicamentos. Sin embargo en últimos horas y en un video previo a su declaración preparatoria, José Manuel Mireles denunció que no le dan de comer y no se le permite tomar sus medicamentos en tiempo y forma.<br />
Diversas han sido las acciones para exigir la liberación del doctor, pues las manifestaciones y cierre de avenidas comenzaron por lo menos en seis municipios del estado un día después de su detención.<br />
Finalmente y debido al proceso que ha llevado su detención, el miércoles por la noche se definirá su situación jurídica.<br />
Foto tomada en su visita a la UACM/ Altos Contrastes</p>
