{"id":6111,"date":"2014-07-10T14:03:49","date_gmt":"2014-07-10T19:03:49","guid":{"rendered":"http:\/\/nofm-radio.com\/?p=6111"},"modified":"2014-07-10T14:03:49","modified_gmt":"2014-07-10T19:03:49","slug":"nofm-tv-capitulo-6-la-censura","status":"publish","type":"archivo","link":"https:\/\/nofm-radio.com\/?archivo=nofm-tv-capitulo-6-la-censura","title":{"rendered":"NoFM Tv. Cap\u00edtulo 6. La censura."},"content":{"rendered":"<p>Ya tenemos nuevo cap\u00edtulo de NoFM Tv. En esta entrega nos metemos con la censura. Disfr\u00fatelo y deje comentarios. \u00bfQu\u00e9 es lo que quiere ver?<br \/>\n<iframe loading=\"lazy\" width=\"560\" height=\"315\" src=\"\/\/www.youtube.com\/embed\/1-K1OB6B43E\" frameborder=\"0\" allowfullscreen><\/iframe><\/p>\n","protected":false},"template":"","meta":{"_id_youtube":"","_id_vimeo":"","_podcasts_duration":"","_podcasts_url":"","_podcasts_show":"","_prog_horario_dias":"","_prog_hora":"","_prog_duration":""},"class_list":["post-6111","archivo","type-archivo","status-publish","hentry"],"_links":{"self":[{"href":"https:\/\/nofm-radio.com\/index.php?rest_route=\/wp\/v2\/archivo\/6111","targetHints":{"allow":["GET"]}}],"collection":[{"href":"https:\/\/nofm-radio.com\/index.php?rest_route=\/wp\/v2\/archivo"}],"about":[{"href":"https:\/\/nofm-radio.com\/index.php?rest_route=\/wp\/v2\/types\/archivo"}],"wp:attachment":[{"href":"https:\/\/nofm-radio.com\/index.php?rest_route=%2Fwp%2Fv2%2Fmedia&parent=6111"}],"curies":[{"name":"wp","href":"https:\/\/api.w.org\/{rel}","templated":true}]}}

NoFM Tv. Capítulo 6. La censura.

<p>Ya tenemos nuevo capítulo de NoFM Tv. En esta entrega nos metemos con la censura. Disfrútelo y deje comentarios. ¿Qué es lo que quiere ver?<br />
<iframe loading="lazy" width="560" height="315" src="//www.youtube.com/embed/1-K1OB6B43E" frameborder="0" allowfullscreen></iframe></p>
