{"id":6242,"date":"2014-07-23T17:58:02","date_gmt":"2014-07-23T22:58:02","guid":{"rendered":"http:\/\/nofm-radio.com\/?p=6242"},"modified":"2014-07-23T17:58:02","modified_gmt":"2014-07-23T22:58:02","slug":"jon-stewart-trata-de-hablar-de-israel-sin-exito","status":"publish","type":"archivo","link":"https:\/\/nofm-radio.com\/?archivo=jon-stewart-trata-de-hablar-de-israel-sin-exito","title":{"rendered":"Jon Stewart trata de hablar de Israel, sin \u00e9xito"},"content":{"rendered":"<p>En su \u00faltimo cap\u00edtulo, Jon Stewart ejemplific\u00f3 con much\u00edsima claridad la polarizaci\u00f3n que todos hemos visto por el conflicto en Gaza.<br \/>\nDivertido e inteligente, \u00bfqu\u00e9 m\u00e1s se puede pedir?<br \/>\nhttps:\/\/www.youtube.com\/watch?v=z0DPcmDsCQ4<\/p>\n","protected":false},"template":"","meta":{"_id_youtube":"","_id_vimeo":"","_podcasts_duration":"","_podcasts_url":"","_podcasts_show":"","_prog_horario_dias":"","_prog_hora":"","_prog_duration":""},"class_list":["post-6242","archivo","type-archivo","status-publish","hentry"],"_links":{"self":[{"href":"https:\/\/nofm-radio.com\/index.php?rest_route=\/wp\/v2\/archivo\/6242","targetHints":{"allow":["GET"]}}],"collection":[{"href":"https:\/\/nofm-radio.com\/index.php?rest_route=\/wp\/v2\/archivo"}],"about":[{"href":"https:\/\/nofm-radio.com\/index.php?rest_route=\/wp\/v2\/types\/archivo"}],"wp:attachment":[{"href":"https:\/\/nofm-radio.com\/index.php?rest_route=%2Fwp%2Fv2%2Fmedia&parent=6242"}],"curies":[{"name":"wp","href":"https:\/\/api.w.org\/{rel}","templated":true}]}}

Jon Stewart trata de hablar de Israel, sin éxito

<p>En su último capítulo, Jon Stewart ejemplificó con muchísima claridad la polarización que todos hemos visto por el conflicto en Gaza.<br />
Divertido e inteligente, ¿qué más se puede pedir?<br />
https://www.youtube.com/watch?v=z0DPcmDsCQ4</p>
