{"id":6465,"date":"2014-08-19T13:04:07","date_gmt":"2014-08-19T18:04:07","guid":{"rendered":"http:\/\/nofm-radio.com\/?p=6465"},"modified":"2014-08-19T13:04:07","modified_gmt":"2014-08-19T18:04:07","slug":"feliz-cumpleanos-ginger-baker","status":"publish","type":"archivo","link":"https:\/\/nofm-radio.com\/?archivo=feliz-cumpleanos-ginger-baker","title":{"rendered":"Feliz cumplea\u00f1os Ginger Baker"},"content":{"rendered":"<p>Hoy hace 74 a\u00f1os lleg\u00f3 al mundo uno de los m\u00fasicos m\u00e1s talentosos y desquiciados que tenemos el placer de conocer, y eso ya es decir mucho. Un d\u00eda como hoy, pero de 1939, lleg\u00f3 a esta tierra <strong>Ginger Baker<\/strong>, el diablo pelirrojo.<br \/>\nPara celebrarlo, les dejamos dos joyas: el primero, que ya les hab\u00edamos presentado (y lo seguiremos haciendo porque es buen\u00edsimo), es el documental <strong>Beware of Mr. Baker<\/strong><\/em>, del director <strong>Jay Bulger<\/strong>, que le sac\u00f3 jugo a la atribulada vida del baterista, y se llev\u00f3 una descalabrada en el proceso. La segunda es que en Date las 3, escucharemos completo su disco <em><strong>Ginger Baker&#8217;s Air force<\/strong><\/em>.<\/p>\n<div><center>Cuidado con Mr. Baker<br \/><a target=\"_blank\" href=\"http:\/\/www.teledocumentales.com\/?p=10377\" rel=\"noopener noreferrer\"><img loading=\"lazy\" decoding=\"async\" src=\"http:\/\/cache.teledocumentales.com\/wp-content\/thumbnails\/embed\/10377.jpg\" width=\"500\" height=\"350\" border=\"0\" \/><\/a><\/center><\/div>\n","protected":false},"template":"","meta":{"_id_youtube":"","_id_vimeo":"","_podcasts_duration":"","_podcasts_url":"","_podcasts_show":"","_prog_horario_dias":"","_prog_hora":"","_prog_duration":""},"class_list":["post-6465","archivo","type-archivo","status-publish","hentry"],"_links":{"self":[{"href":"https:\/\/nofm-radio.com\/index.php?rest_route=\/wp\/v2\/archivo\/6465","targetHints":{"allow":["GET"]}}],"collection":[{"href":"https:\/\/nofm-radio.com\/index.php?rest_route=\/wp\/v2\/archivo"}],"about":[{"href":"https:\/\/nofm-radio.com\/index.php?rest_route=\/wp\/v2\/types\/archivo"}],"wp:attachment":[{"href":"https:\/\/nofm-radio.com\/index.php?rest_route=%2Fwp%2Fv2%2Fmedia&parent=6465"}],"curies":[{"name":"wp","href":"https:\/\/api.w.org\/{rel}","templated":true}]}}

Feliz cumpleaños Ginger Baker

<p>Hoy hace 74 años llegó al mundo uno de los músicos más talentosos y desquiciados que tenemos el placer de conocer, y eso ya es decir mucho. Un día como hoy, pero de 1939, llegó a esta tierra <strong>Ginger Baker</strong>, el diablo pelirrojo.<br />
Para celebrarlo, les dejamos dos joyas: el primero, que ya les habíamos presentado (y lo seguiremos haciendo porque es buenísimo), es el documental <strong>Beware of Mr. Baker</strong></em>, del director <strong>Jay Bulger</strong>, que le sacó jugo a la atribulada vida del baterista, y se llevó una descalabrada en el proceso. La segunda es que en Date las 3, escucharemos completo su disco <em><strong>Ginger Baker&#8217;s Air force</strong></em>.</p>
<div><center>Cuidado con Mr. Baker<br /><a target="_blank" href="http://www.teledocumentales.com/?p=10377" rel="noopener noreferrer"><img loading="lazy" decoding="async" src="http://cache.teledocumentales.com/wp-content/thumbnails/embed/10377.jpg" width="500" height="350" border="0" /></a></center></div>
