{"id":6489,"date":"2014-08-21T10:00:47","date_gmt":"2014-08-21T15:00:47","guid":{"rendered":"http:\/\/nofm-radio.com\/?p=6489"},"modified":"2014-08-21T10:00:47","modified_gmt":"2014-08-21T15:00:47","slug":"inicia-el-xiii-festival-macabro","status":"publish","type":"archivo","link":"https:\/\/nofm-radio.com\/?archivo=inicia-el-xiii-festival-macabro","title":{"rendered":"Inicia el XIII Festival Macabro"},"content":{"rendered":"<p>El d\u00eda de hoy se inaugura el <strong>XIII Festival Macabro<\/strong> en el Teatro Esperanza Iris, de la ciudad de M\u00e9xico. Dedicado a la difusi\u00f3n del <strong>cine de horror<\/strong> y de culto, en esta emisi\u00f3n el festival busca reinventarse con una selecci\u00f3n oficial de quince largometrajes, adem\u00e1s de cortometrajes, invitados especiales y un homenaje al luchador <strong>Tinieblas<\/strong>. Este homenaje se realizar\u00e1 el d\u00eda de ma\u00f1ana durante la inauguraci\u00f3n, al que seguir\u00e1 la proyecci\u00f3n de la cinta <em>La maldici\u00f3n de Styria<\/em>, de los directores Mauricio Chernovetzky y Mark Devendorf.<br \/>\nLas sedes de este festival ser\u00e1n, adem\u00e1s del teatro Esperanza Iris, la <strong>Cineteca Nacional<\/strong>, el Laboratorio Arte Alameda, Cinemat\u00f3grafo del Chopo, Centro Cultural Carranza, Museo Pante\u00f3n de San Fernando y el Beer Hall.<br \/>\nNoFM entrevist\u00f3 a <strong>Edna Campos<\/strong>, directora del festival. Les dejamos la entrevista y no se pierdan la programaci\u00f3n y eventos especiales de <a href=\"http:\/\/www.macabro.mx\/\">Macabro<\/a>.<br \/>\n[audio:http:\/\/nofm-radio.com\/podcast\/2014\/Entrevista_Edna_Campos_Festival_Macabro.mp3]<\/p>\n","protected":false},"template":"","meta":{"_id_youtube":"","_id_vimeo":"","_podcasts_duration":"","_podcasts_url":"","_podcasts_show":"","_prog_horario_dias":"","_prog_hora":"","_prog_duration":""},"class_list":["post-6489","archivo","type-archivo","status-publish","hentry"],"_links":{"self":[{"href":"https:\/\/nofm-radio.com\/index.php?rest_route=\/wp\/v2\/archivo\/6489","targetHints":{"allow":["GET"]}}],"collection":[{"href":"https:\/\/nofm-radio.com\/index.php?rest_route=\/wp\/v2\/archivo"}],"about":[{"href":"https:\/\/nofm-radio.com\/index.php?rest_route=\/wp\/v2\/types\/archivo"}],"wp:attachment":[{"href":"https:\/\/nofm-radio.com\/index.php?rest_route=%2Fwp%2Fv2%2Fmedia&parent=6489"}],"curies":[{"name":"wp","href":"https:\/\/api.w.org\/{rel}","templated":true}]}}

<p>El día de hoy se inaugura el <strong>XIII Festival Macabro</strong> en el Teatro Esperanza Iris, de la ciudad de México. Dedicado a la difusión del <strong>cine de horror</strong> y de culto, en esta emisión el festival busca reinventarse con una selección oficial de quince largometrajes, además de cortometrajes, invitados especiales y un homenaje al luchador <strong>Tinieblas</strong>. Este homenaje se realizará el día de mañana durante la inauguración, al que seguirá la proyección de la cinta <em>La maldición de Styria</em>, de los directores Mauricio Chernovetzky y Mark Devendorf.<br />
Las sedes de este festival serán, además del teatro Esperanza Iris, la <strong>Cineteca Nacional</strong>, el Laboratorio Arte Alameda, Cinematógrafo del Chopo, Centro Cultural Carranza, Museo Panteón de San Fernando y el Beer Hall.<br />
NoFM entrevistó a <strong>Edna Campos</strong>, directora del festival. Les dejamos la entrevista y no se pierdan la programación y eventos especiales de <a href="http://www.macabro.mx/">Macabro</a>.<br />
[audio:http://nofm-radio.com/podcast/2014/Entrevista_Edna_Campos_Festival_Macabro.mp3]</p>
