{"id":6569,"date":"2014-08-27T15:16:08","date_gmt":"2014-08-27T20:16:08","guid":{"rendered":"http:\/\/nofm-radio.com\/?p=6569"},"modified":"2014-08-27T15:16:08","modified_gmt":"2014-08-27T20:16:08","slug":"the-drums-en-mexico","status":"publish","type":"archivo","link":"https:\/\/nofm-radio.com\/?archivo=the-drums-en-mexico","title":{"rendered":"The Drums en M\u00e9xico"},"content":{"rendered":"<p><strong>La banda neoyorkina<\/strong> ha anunciado su regreso a los escenarios mexicanos. Este concierto formar\u00e1 parte de la gira promocional de su nuevo disco <em><strong>Encyclopedia<\/strong><\/em>, que lanzar\u00e1n el pr\u00f3ximo septiembre. Se presentar\u00e1n en el <strong>Plaza Condesa<\/strong>, de la ciudad de M\u00e9xico, el pr\u00f3ximo <strong>29 de octubre<\/strong>.<br \/>\nEste anuncio nos despierta la esperanza de que <strong>The drums<\/strong> vuelva a ser esa banda de canciones que nos ponen de buenas. Esta gira se anuncia como su gran regreso, aunque lo cierto es que su ausencia no fue demasiado larga. Esperemos que el nuevo material traiga nuevas propuestas para que las expectativas que est\u00e1 creando la prensa alrededor del disco sean m\u00e1s o menos adecuadas.<br \/>\nPor el momento, les dejamos el video de su m\u00e1s reciente sencillo &#8220;<strong>I can\u00b4t pretend<\/strong>&#8220;, que han lanzado como adelanto del disco. Si esta rola los entusiasma para ir al concierto o son seguidores de The drums, los boletos ya est\u00e1n disponibles. Los precios van de los $400 a los $680.<br \/>\n<iframe loading=\"lazy\" title=\"THE DRUMS - I Can&#039;t Pretend (Lyric Video)\" width=\"640\" height=\"360\" src=\"https:\/\/www.youtube.com\/embed\/UzuobjUuxAQ?list=UU_nOXOQxFMjACqgr_w5nx-A\" frameborder=\"0\" allow=\"accelerometer; autoplay; clipboard-write; encrypted-media; gyroscope; picture-in-picture; web-share\" referrerpolicy=\"strict-origin-when-cross-origin\" allowfullscreen><\/iframe><\/p>\n","protected":false},"template":"","meta":{"_id_youtube":"","_id_vimeo":"","_podcasts_duration":"","_podcasts_url":"","_podcasts_show":"","_prog_horario_dias":"","_prog_hora":"","_prog_duration":""},"class_list":["post-6569","archivo","type-archivo","status-publish","hentry"],"_links":{"self":[{"href":"https:\/\/nofm-radio.com\/index.php?rest_route=\/wp\/v2\/archivo\/6569","targetHints":{"allow":["GET"]}}],"collection":[{"href":"https:\/\/nofm-radio.com\/index.php?rest_route=\/wp\/v2\/archivo"}],"about":[{"href":"https:\/\/nofm-radio.com\/index.php?rest_route=\/wp\/v2\/types\/archivo"}],"wp:attachment":[{"href":"https:\/\/nofm-radio.com\/index.php?rest_route=%2Fwp%2Fv2%2Fmedia&parent=6569"}],"curies":[{"name":"wp","href":"https:\/\/api.w.org\/{rel}","templated":true}]}}

The Drums en México

<p><strong>La banda neoyorkina</strong> ha anunciado su regreso a los escenarios mexicanos. Este concierto formará parte de la gira promocional de su nuevo disco <em><strong>Encyclopedia</strong></em>, que lanzarán el próximo septiembre. Se presentarán en el <strong>Plaza Condesa</strong>, de la ciudad de México, el próximo <strong>29 de octubre</strong>.<br />
Este anuncio nos despierta la esperanza de que <strong>The drums</strong> vuelva a ser esa banda de canciones que nos ponen de buenas. Esta gira se anuncia como su gran regreso, aunque lo cierto es que su ausencia no fue demasiado larga. Esperemos que el nuevo material traiga nuevas propuestas para que las expectativas que está creando la prensa alrededor del disco sean más o menos adecuadas.<br />
Por el momento, les dejamos el video de su más reciente sencillo &#8220;<strong>I can´t pretend</strong>&#8220;, que han lanzado como adelanto del disco. Si esta rola los entusiasma para ir al concierto o son seguidores de The drums, los boletos ya están disponibles. Los precios van de los $400 a los $680.<br />
<iframe loading="lazy" title="THE DRUMS - I Can&#039;t Pretend (Lyric Video)" width="640" height="360" src="https://www.youtube.com/embed/UzuobjUuxAQ?list=UU_nOXOQxFMjACqgr_w5nx-A" frameborder="0" allow="accelerometer; autoplay; clipboard-write; encrypted-media; gyroscope; picture-in-picture; web-share" referrerpolicy="strict-origin-when-cross-origin" allowfullscreen></iframe></p>
