{"id":6587,"date":"2014-08-29T13:26:00","date_gmt":"2014-08-29T18:26:00","guid":{"rendered":"http:\/\/nofm-radio.com\/?p=6587"},"modified":"2014-08-29T13:26:00","modified_gmt":"2014-08-29T18:26:00","slug":"feliz-cumpleanos-charlie-parker","status":"publish","type":"archivo","link":"https:\/\/nofm-radio.com\/?archivo=feliz-cumpleanos-charlie-parker","title":{"rendered":"Feliz cumplea\u00f1os Charlie Parker"},"content":{"rendered":"<p>Un d\u00eda como hoy, pero de 1920, naci\u00f3 Bird o Yardbird o <strong>Charlie Parker<\/strong>. Uno de los <strong>saxofonistas<\/strong> y m\u00fasicos m\u00e1s importantes de la historia de jazz, cumplir\u00eda hoy 94 a\u00f1os.<br \/>\nSabemos muy bien que sobran las maneras de celebrarlo: desde escuchar salvajemente algunas de sus interpretaciones, leer al tambi\u00e9n celebrado en estas fechas <strong>Julio Cort\u00e1zar<\/strong>, viendo pel\u00edculas o grabaciones suyas, etc\u00e9tera.<br \/>\nNosotros les dejamos, primero, la pel\u00edcula <em><strong>Bird<\/strong><\/em>, de <strong>Clint Eastwood<\/strong>. Estrenada en 1988 y protagonizada por <strong>Forrest Whitaker<\/strong>, la pel\u00edcula ofrece una visi\u00f3n emotiva y cruda t\u00edpica del director. Pueden ver la pel\u00edcula completa <a href=\"http:\/\/watch32.com\/movies-online\/bird-1290\">aqu\u00ed<\/a>.<br \/>\nAdem\u00e1s, les dejamos el programa especial que realiz\u00f3 la <em><strong>BBC: Charlie Parker Story<\/strong><\/em>. Disfruten y celebremos al gran Charlie Parker.<br \/>\nhttps:\/\/www.youtube.com\/watch?v=eAQg-55tZxg<\/p>\n","protected":false},"template":"","meta":{"_id_youtube":"","_id_vimeo":"","_podcasts_duration":"","_podcasts_url":"","_podcasts_show":"","_prog_horario_dias":"","_prog_hora":"","_prog_duration":""},"class_list":["post-6587","archivo","type-archivo","status-publish","hentry"],"_links":{"self":[{"href":"https:\/\/nofm-radio.com\/index.php?rest_route=\/wp\/v2\/archivo\/6587","targetHints":{"allow":["GET"]}}],"collection":[{"href":"https:\/\/nofm-radio.com\/index.php?rest_route=\/wp\/v2\/archivo"}],"about":[{"href":"https:\/\/nofm-radio.com\/index.php?rest_route=\/wp\/v2\/types\/archivo"}],"wp:attachment":[{"href":"https:\/\/nofm-radio.com\/index.php?rest_route=%2Fwp%2Fv2%2Fmedia&parent=6587"}],"curies":[{"name":"wp","href":"https:\/\/api.w.org\/{rel}","templated":true}]}}

Feliz cumpleaños Charlie Parker

<p>Un día como hoy, pero de 1920, nació Bird o Yardbird o <strong>Charlie Parker</strong>. Uno de los <strong>saxofonistas</strong> y músicos más importantes de la historia de jazz, cumpliría hoy 94 años.<br />
Sabemos muy bien que sobran las maneras de celebrarlo: desde escuchar salvajemente algunas de sus interpretaciones, leer al también celebrado en estas fechas <strong>Julio Cortázar</strong>, viendo películas o grabaciones suyas, etcétera.<br />
Nosotros les dejamos, primero, la película <em><strong>Bird</strong></em>, de <strong>Clint Eastwood</strong>. Estrenada en 1988 y protagonizada por <strong>Forrest Whitaker</strong>, la película ofrece una visión emotiva y cruda típica del director. Pueden ver la película completa <a href="http://watch32.com/movies-online/bird-1290">aquí</a>.<br />
Además, les dejamos el programa especial que realizó la <em><strong>BBC: Charlie Parker Story</strong></em>. Disfruten y celebremos al gran Charlie Parker.<br />
https://www.youtube.com/watch?v=eAQg-55tZxg</p>
