{"id":6706,"date":"2014-09-04T10:00:39","date_gmt":"2014-09-04T15:00:39","guid":{"rendered":"http:\/\/nofm-radio.com\/?p=6706"},"modified":"2014-09-04T10:00:39","modified_gmt":"2014-09-04T15:00:39","slug":"lil","status":"publish","type":"archivo","link":"https:\/\/nofm-radio.com\/?archivo=lil","title":{"rendered":"Lil Wayne: The Carter"},"content":{"rendered":"<p>Justo antes del lanzamiento de su disco <em><strong>The Carter III<\/strong><\/em>, <strong>Lil Wayne<\/strong> estren\u00f3 un documental acerca de su vida y obra durante 2007 y 2008. El director del filme,  <strong>Adam Bhala Lough<\/strong>, y su equipo se dedicaron a seguir al mejor rapero con vida.<br \/>\nEl documental, grabado en cinema v\u00e9rit\u00e9 y complementado con entrevistas a diferentes m\u00fasicos que opinan sobre Wayne, se estren\u00f3 en el festival de <strong>Sundance en 2009<\/strong>. Poco despu\u00e9s, el rapero demand\u00f3 a la producci\u00f3n, pues, seg\u00fan \u00e9l, incumplieron el acuerdo que establec\u00eda que la edici\u00f3n final deb\u00eda contar con su autorizaci\u00f3n.<br \/>\nLes compartimos aqu\u00ed uno de los documentales m\u00e1s celebrados sobre uno de los m\u00fasicos m\u00e1s drogadictos, problem\u00e1ticos, mulfifac\u00e9ticos y m\u00e1s divertidos de ver.<\/p>\n<div><center>Lil Wayne: The Carter<br \/><a target=\"_blank\" href=\"http:\/\/www.teledocumentales.com\/?p=11963\" rel=\"noopener noreferrer\"><img loading=\"lazy\" decoding=\"async\" src=\"http:\/\/cache.teledocumentales.com\/wp-content\/thumbnails\/embed\/11963.jpg\" width=\"500\" height=\"350\" border=\"0\" \/><\/a><\/center><\/div>\n","protected":false},"template":"","meta":{"_id_youtube":"","_id_vimeo":"","_podcasts_duration":"","_podcasts_url":"","_podcasts_show":"","_prog_horario_dias":"","_prog_hora":"","_prog_duration":""},"class_list":["post-6706","archivo","type-archivo","status-publish","hentry"],"_links":{"self":[{"href":"https:\/\/nofm-radio.com\/index.php?rest_route=\/wp\/v2\/archivo\/6706","targetHints":{"allow":["GET"]}}],"collection":[{"href":"https:\/\/nofm-radio.com\/index.php?rest_route=\/wp\/v2\/archivo"}],"about":[{"href":"https:\/\/nofm-radio.com\/index.php?rest_route=\/wp\/v2\/types\/archivo"}],"wp:attachment":[{"href":"https:\/\/nofm-radio.com\/index.php?rest_route=%2Fwp%2Fv2%2Fmedia&parent=6706"}],"curies":[{"name":"wp","href":"https:\/\/api.w.org\/{rel}","templated":true}]}}

<p>Justo antes del lanzamiento de su disco <em><strong>The Carter III</strong></em>, <strong>Lil Wayne</strong> estrenó un documental acerca de su vida y obra durante 2007 y 2008. El director del filme,  <strong>Adam Bhala Lough</strong>, y su equipo se dedicaron a seguir al mejor rapero con vida.<br />
El documental, grabado en cinema vérité y complementado con entrevistas a diferentes músicos que opinan sobre Wayne, se estrenó en el festival de <strong>Sundance en 2009</strong>. Poco después, el rapero demandó a la producción, pues, según él, incumplieron el acuerdo que establecía que la edición final debía contar con su autorización.<br />
Les compartimos aquí uno de los documentales más celebrados sobre uno de los músicos más drogadictos, problemáticos, mulfifacéticos y más divertidos de ver.</p>
<div><center>Lil Wayne: The Carter<br /><a target="_blank" href="http://www.teledocumentales.com/?p=11963" rel="noopener noreferrer"><img loading="lazy" decoding="async" src="http://cache.teledocumentales.com/wp-content/thumbnails/embed/11963.jpg" width="500" height="350" border="0" /></a></center></div>
