{"id":6776,"date":"2014-09-09T13:00:03","date_gmt":"2014-09-09T18:00:03","guid":{"rendered":"http:\/\/nofm-radio.com\/?p=6776"},"modified":"2014-09-09T13:00:03","modified_gmt":"2014-09-09T18:00:03","slug":"informedelno-cap-2-mexico-incluyente","status":"publish","type":"archivo","link":"https:\/\/nofm-radio.com\/?archivo=informedelno-cap-2-mexico-incluyente","title":{"rendered":"#InformedelNO. Cap\u00edtulo 2. M\u00e9xico incluyente"},"content":{"rendered":"<p>Si la felicidad del <strong>ciudadano<\/strong> es el fin \u00faltimo del Estado, el <strong>gasto p\u00fablico<\/strong> debe estar destinado a satisfacer las necesidades de la sociedad en su conjunto: infraestructura educativa, m\u00e9dica, deportiva, adem\u00e1s de sistemas y programas que doten a los ciudadanos de las mejores herramientas para lograr su desarrollo personal. En un pa\u00eds con m\u00e1s de la mitad de la poblaci\u00f3n en pobreza, las cosas no se han hecho bien.<br \/>\nEl titular del <strong>Ejecutivo Federal<\/strong> anunci\u00f3 de manera rimbombante el cambio del <strong>Programa de Desarrollo Humano Oportunidades<\/strong> (fracaso de las administraciones panistas) a <strong>Prospera<\/strong>; una aspirina a precio de quimioterapia. Seg\u00fan el <strong>Informe<\/strong>, y su posterior lanzamiento (el presidente eligi\u00f3 <strong>Ecatepec<\/strong> para el anuncio del cambio de nomenclatura) el Programa estar\u00e1 destinado a 7 millones de familias que viven por debajo de la l\u00ednea de la pobreza. El discurso no dice nada, la experiencia de los programas de desarrollo de gran calado nos permite no creer: desde el lanzamiento de <strong>Solidaridad<\/strong>, en el sexenio de <strong>Carlos Salinas<\/strong>, hasta hoy los \u00edndices de pobreza se han mantenido en el mismo rango: dos de cada diez mexicanos viven en extrema pobreza, es decir, no pueden cubrir necesidades tan b\u00e1sicas como una alimentaci\u00f3n de calidad.<br \/>\nSeg\u00fan el investigador <strong>Luis Lozano<\/strong>, la enfermedad es m\u00e1s grave: 90 millones de mexicanos sufren de alg\u00fan rasgo de pobreza, ya sea por acceso educativo o sanitario. En los \u00faltimos 25 a\u00f1os, el poder de compra del salario se ha depreciado 77% y 30 millones de trabajadores nacionales no cuentan con ninguna prestaci\u00f3n social. Si bien el Ejecutivo Federal pondera el dato: M\u00e9xico es uno de los pa\u00edses con menor <strong>desempleo<\/strong> abierto, los puestos ocupados no ofrecen un salario de calidad, y est\u00e1n destinados al sector poblacional con menos instrucci\u00f3n.<br \/>\nComo muestra, el bot\u00f3n: en el reporte, el gobierno federal presume el bono poblacional: el 54% de los mexicanos tiene menos de 30 a\u00f1os, sin embargo, el desempleo en este sector es de 10%, el doble que los adultos. Adem\u00e1s, el Estado no puede garantizar el acceso a la educaci\u00f3n; seg\u00fan el <strong>INEGI<\/strong>, seis de cada diez j\u00f3venes no estudia la preparatoria; a siete millones se les\u00a0 ha bautizado como <strong>ninis<\/strong>. No es coincidencia que el suicidio sea la tercera causa de muerte entre j\u00f3venes, la muerte por propia mano se increment\u00f3 en 74% en los \u00faltimos a\u00f1os. En la presentaci\u00f3n del Plan Nacional de la Juventud se establece como objetivo el acceso de los j\u00f3venes a salud, educaci\u00f3n, esparcimiento, cultura y empleo. En los logros apunta la instalaci\u00f3n de 315 centros <strong>Poder Joven<\/strong> en 31 entidades federativas; 315 para m\u00e1s de 50 millones de ni\u00f1os y j\u00f3venes.<br \/>\nAdem\u00e1s, el informe destaca las labores realizadas en los temas de inclusi\u00f3n sobre ind\u00edgenas, personas con discapacidad y mujeres. En el discurso, el presidente no abandona la paternalista \u201c<strong>igualdad<\/strong>\u201d, tal parece que no se entiende en la oficina de Los Pinos que en un pa\u00eds tan plural y diverso, tan desigual econ\u00f3mica, pol\u00edtica y socialmente, la aspiraci\u00f3n a la igualdad es el camino al fracaso; M\u00e9xico debe aspirar a la <strong>equidad<\/strong>, a construirse a partir de sus diferencias. Acaso es en ellas que se encuentra la fuerza m\u00e1s poderosa del pa\u00eds.<br \/>\nEn la \u201c<strong>igualdad de G\u00e9nero<\/strong>\u201d, el presidente presume el gasto: 21 mil 500 millones de pesos en 115 programas de inclusi\u00f3n de mujeres. Sin idea, se resuelva a billetazos. Es cierto que se necesita, por lo menos es este momento del pa\u00eds, de una serie de programas que incluyan a m\u00e1s mujeres en los puestos de decisi\u00f3n en esferas p\u00fablicas y privadas. La <strong>Reforma Pol\u00edtica<\/strong> obligar\u00e1 a los Partidos a inscribir al 50% de sus candidatos a puestos de elecci\u00f3n popular a mujeres. No es suficiente. En el actual gabinete, s\u00f3lo una mujer, <strong>Rosario Robles<\/strong>, ocupa la titularidad de las secretar\u00edas estrat\u00e9gicas del aparato gubernamental (Salud, Educaci\u00f3n P\u00fablica, PGR, Hacienda, Gobernaci\u00f3n, Desarrollo Social y Relaciones Exteriores). Le equidad de dientes para afuera.<br \/>\nNo podemos hablar de un <strong>M\u00e9xico incluyente<\/strong> si no se generan las inversiones necesarias en producci\u00f3n. Para el <strong>tema ind\u00edgena<\/strong>, el gasto federal apenas fue de mil 284 millones de pesos en el Programa de Mejoramiento de la Producci\u00f3n y Productividad, un gasto \u00ednfimo para satisfacer las necesidades del 10% de la poblaci\u00f3n.<br \/>\nNo podemos cambiar nuestra percepci\u00f3n del pa\u00eds (recurrente petici\u00f3n del lic. Pe\u00f1a Nieto), si en el discurso oficial se siguen repitiendo estrategias verticales y paternalistas. El discurso de la inclusi\u00f3n es casi imposible en un pa\u00eds que nunca fue tan desigual como es estos d\u00edas.<\/p>\n","protected":false},"template":"","meta":{"_id_youtube":"","_id_vimeo":"","_podcasts_duration":"","_podcasts_url":"","_podcasts_show":"","_prog_horario_dias":"","_prog_hora":"","_prog_duration":""},"class_list":["post-6776","archivo","type-archivo","status-publish","hentry"],"_links":{"self":[{"href":"https:\/\/nofm-radio.com\/index.php?rest_route=\/wp\/v2\/archivo\/6776","targetHints":{"allow":["GET"]}}],"collection":[{"href":"https:\/\/nofm-radio.com\/index.php?rest_route=\/wp\/v2\/archivo"}],"about":[{"href":"https:\/\/nofm-radio.com\/index.php?rest_route=\/wp\/v2\/types\/archivo"}],"wp:attachment":[{"href":"https:\/\/nofm-radio.com\/index.php?rest_route=%2Fwp%2Fv2%2Fmedia&parent=6776"}],"curies":[{"name":"wp","href":"https:\/\/api.w.org\/{rel}","templated":true}]}}

#InformedelNO. Capítulo 2. México incluyente

<p>Si la felicidad del <strong>ciudadano</strong> es el fin último del Estado, el <strong>gasto público</strong> debe estar destinado a satisfacer las necesidades de la sociedad en su conjunto: infraestructura educativa, médica, deportiva, además de sistemas y programas que doten a los ciudadanos de las mejores herramientas para lograr su desarrollo personal. En un país con más de la mitad de la población en pobreza, las cosas no se han hecho bien.<br />
El titular del <strong>Ejecutivo Federal</strong> anunció de manera rimbombante el cambio del <strong>Programa de Desarrollo Humano Oportunidades</strong> (fracaso de las administraciones panistas) a <strong>Prospera</strong>; una aspirina a precio de quimioterapia. Según el <strong>Informe</strong>, y su posterior lanzamiento (el presidente eligió <strong>Ecatepec</strong> para el anuncio del cambio de nomenclatura) el Programa estará destinado a 7 millones de familias que viven por debajo de la línea de la pobreza. El discurso no dice nada, la experiencia de los programas de desarrollo de gran calado nos permite no creer: desde el lanzamiento de <strong>Solidaridad</strong>, en el sexenio de <strong>Carlos Salinas</strong>, hasta hoy los índices de pobreza se han mantenido en el mismo rango: dos de cada diez mexicanos viven en extrema pobreza, es decir, no pueden cubrir necesidades tan básicas como una alimentación de calidad.<br />
Según el investigador <strong>Luis Lozano</strong>, la enfermedad es más grave: 90 millones de mexicanos sufren de algún rasgo de pobreza, ya sea por acceso educativo o sanitario. En los últimos 25 años, el poder de compra del salario se ha depreciado 77% y 30 millones de trabajadores nacionales no cuentan con ninguna prestación social. Si bien el Ejecutivo Federal pondera el dato: México es uno de los países con menor <strong>desempleo</strong> abierto, los puestos ocupados no ofrecen un salario de calidad, y están destinados al sector poblacional con menos instrucción.<br />
Como muestra, el botón: en el reporte, el gobierno federal presume el bono poblacional: el 54% de los mexicanos tiene menos de 30 años, sin embargo, el desempleo en este sector es de 10%, el doble que los adultos. Además, el Estado no puede garantizar el acceso a la educación; según el <strong>INEGI</strong>, seis de cada diez jóvenes no estudia la preparatoria; a siete millones se les  ha bautizado como <strong>ninis</strong>. No es coincidencia que el suicidio sea la tercera causa de muerte entre jóvenes, la muerte por propia mano se incrementó en 74% en los últimos años. En la presentación del Plan Nacional de la Juventud se establece como objetivo el acceso de los jóvenes a salud, educación, esparcimiento, cultura y empleo. En los logros apunta la instalación de 315 centros <strong>Poder Joven</strong> en 31 entidades federativas; 315 para más de 50 millones de niños y jóvenes.<br />
Además, el informe destaca las labores realizadas en los temas de inclusión sobre indígenas, personas con discapacidad y mujeres. En el discurso, el presidente no abandona la paternalista “<strong>igualdad</strong>”, tal parece que no se entiende en la oficina de Los Pinos que en un país tan plural y diverso, tan desigual económica, política y socialmente, la aspiración a la igualdad es el camino al fracaso; México debe aspirar a la <strong>equidad</strong>, a construirse a partir de sus diferencias. Acaso es en ellas que se encuentra la fuerza más poderosa del país.<br />
En la “<strong>igualdad de Género</strong>”, el presidente presume el gasto: 21 mil 500 millones de pesos en 115 programas de inclusión de mujeres. Sin idea, se resuelva a billetazos. Es cierto que se necesita, por lo menos es este momento del país, de una serie de programas que incluyan a más mujeres en los puestos de decisión en esferas públicas y privadas. La <strong>Reforma Política</strong> obligará a los Partidos a inscribir al 50% de sus candidatos a puestos de elección popular a mujeres. No es suficiente. En el actual gabinete, sólo una mujer, <strong>Rosario Robles</strong>, ocupa la titularidad de las secretarías estratégicas del aparato gubernamental (Salud, Educación Pública, PGR, Hacienda, Gobernación, Desarrollo Social y Relaciones Exteriores). Le equidad de dientes para afuera.<br />
No podemos hablar de un <strong>México incluyente</strong> si no se generan las inversiones necesarias en producción. Para el <strong>tema indígena</strong>, el gasto federal apenas fue de mil 284 millones de pesos en el Programa de Mejoramiento de la Producción y Productividad, un gasto ínfimo para satisfacer las necesidades del 10% de la población.<br />
No podemos cambiar nuestra percepción del país (recurrente petición del lic. Peña Nieto), si en el discurso oficial se siguen repitiendo estrategias verticales y paternalistas. El discurso de la inclusión es casi imposible en un país que nunca fue tan desigual como es estos días.</p>
