{"id":6833,"date":"2014-09-12T13:13:40","date_gmt":"2014-09-12T18:13:40","guid":{"rendered":"http:\/\/nofm-radio.com\/?p=6833"},"modified":"2014-09-12T13:13:40","modified_gmt":"2014-09-12T18:13:40","slug":"especial-three-souls-in-my-mind-sabado-2-pm","status":"publish","type":"archivo","link":"https:\/\/nofm-radio.com\/?archivo=especial-three-souls-in-my-mind-sabado-2-pm","title":{"rendered":"Especial Three souls in my mind: S\u00e1bado 2 pm"},"content":{"rendered":"<p>Seguimos celebrando el mes patrio en <strong>NoFM<\/strong>, y este s\u00e1bado, adem\u00e1s de celebrar a los m\u00edticos y falsos ni\u00f1os h\u00e9roes de Chapultepec, dedicaremos un especial a <strong>Three souls in my mind<\/strong>. As\u00ed es, el programa de estreno <strong>Fosa de clavados<\/strong>, le dedicar\u00e1 su emisi\u00f3n a la primera banda de Alex Lora, que tiempo despu\u00e9s dar\u00eda vida a una de las bandas m\u00e1s queridas y odiadas de M\u00e9xico: el <strong>Tri<\/strong>.<br \/>\nEste programa especial ser\u00e1 conducido pro Emilio Revolver, el maestro \u00d3scar Muci\u00f1o y el Catedr\u00e1tico del Flow, Santiago Robles, quienes hablar\u00e1n de sus integrantes, sus influencias y la importancia de esta banda en el <strong>rock en espa\u00f1ol<\/strong>.<br \/>\nNo se pierdan este s\u00e1bado 13 de septiembre a las 2 de la tarde, Fosa de clavados, con tres ni\u00f1os h\u00e9roes que rendir\u00e1n culto a ese <strong>Alex Lora<\/strong> que alguna vez fue ch\u00e9vere. Mientras les dejamos algo para que vayan entrando en calor.<br \/>\nhttp:\/\/www.youtube.com\/watch?v=WBRJvsnC1Og<\/p>\n","protected":false},"template":"","meta":{"_id_youtube":"","_id_vimeo":"","_podcasts_duration":"","_podcasts_url":"","_podcasts_show":"","_prog_horario_dias":"","_prog_hora":"","_prog_duration":""},"class_list":["post-6833","archivo","type-archivo","status-publish","hentry"],"_links":{"self":[{"href":"https:\/\/nofm-radio.com\/index.php?rest_route=\/wp\/v2\/archivo\/6833","targetHints":{"allow":["GET"]}}],"collection":[{"href":"https:\/\/nofm-radio.com\/index.php?rest_route=\/wp\/v2\/archivo"}],"about":[{"href":"https:\/\/nofm-radio.com\/index.php?rest_route=\/wp\/v2\/types\/archivo"}],"wp:attachment":[{"href":"https:\/\/nofm-radio.com\/index.php?rest_route=%2Fwp%2Fv2%2Fmedia&parent=6833"}],"curies":[{"name":"wp","href":"https:\/\/api.w.org\/{rel}","templated":true}]}}

Especial Three souls in my mind: Sábado 2 pm

<p>Seguimos celebrando el mes patrio en <strong>NoFM</strong>, y este sábado, además de celebrar a los míticos y falsos niños héroes de Chapultepec, dedicaremos un especial a <strong>Three souls in my mind</strong>. Así es, el programa de estreno <strong>Fosa de clavados</strong>, le dedicará su emisión a la primera banda de Alex Lora, que tiempo después daría vida a una de las bandas más queridas y odiadas de México: el <strong>Tri</strong>.<br />
Este programa especial será conducido pro Emilio Revolver, el maestro Óscar Muciño y el Catedrático del Flow, Santiago Robles, quienes hablarán de sus integrantes, sus influencias y la importancia de esta banda en el <strong>rock en español</strong>.<br />
No se pierdan este sábado 13 de septiembre a las 2 de la tarde, Fosa de clavados, con tres niños héroes que rendirán culto a ese <strong>Alex Lora</strong> que alguna vez fue chévere. Mientras les dejamos algo para que vayan entrando en calor.<br />
http://www.youtube.com/watch?v=WBRJvsnC1Og</p>
