{"id":6839,"date":"2014-09-12T19:34:28","date_gmt":"2014-09-13T00:34:28","guid":{"rendered":"http:\/\/nofm-radio.com\/?p=6839"},"modified":"2014-09-12T19:34:28","modified_gmt":"2014-09-13T00:34:28","slug":"informedelno-capitulo-5-mexico-con-responsabilidad-global","status":"publish","type":"archivo","link":"https:\/\/nofm-radio.com\/?archivo=informedelno-capitulo-5-mexico-con-responsabilidad-global","title":{"rendered":"#InformedelNO. Cap\u00edtulo 5. M\u00e9xico con responsabilidad global"},"content":{"rendered":"<p>Una de las principales consignas de la <strong>administraci\u00f3n priista<\/strong>, despu\u00e9s de la oscuridad diplom\u00e1tica de los gobiernos del <strong>PAN<\/strong>, fue volver por sus fueros en la <strong>presencia internacional<\/strong>.<br \/>\nS\u00f3lo para recordar: durante los a\u00f1os de la bonanza del <strong>Partido \u00danico<\/strong>, <strong>Acapulco<\/strong> fue el m\u00e1ximo centro tur\u00edstico a nivel mundial, el aparato diplom\u00e1tico nacional presumi\u00f3 intervenir en favor de la paz en el <strong>conflicto salvadore\u00f1o<\/strong> (la <strong>firma en Chapultepec<\/strong>) o el <strong>Pacto de Tlatelolco<\/strong>, que establece la <strong>desnuclearizaci\u00f3n<\/strong> de <strong>Am\u00e9rica Latina<\/strong> y el <strong>Caribe<\/strong>. Adem\u00e1s, la <strong>Secretar\u00eda de Relaciones Exteriores<\/strong> era reconocida como una entidad de promoci\u00f3n del di\u00e1logo internacional. No olvidemos, tampoco, los antojitos y el agua de Jamaica del <strong>presidente Echeverr\u00eda<\/strong>; el nopal, la artesan\u00eda, el indito, la imagen mexicana bajo el filtro de clich\u00e9.<br \/>\nEl <strong>lic. Pe\u00f1a<\/strong> se ha propuesto como uno de los ejes centrales de su gobierno reestablecer esa presencia internacional; el mundo le parece poco, pues. Cada regi\u00f3n tiene un plan espec\u00edfico y desarrollado, se ufana la administraci\u00f3n. Sin embargo, en el tema con <strong>Am\u00e9rica Central<\/strong>, los planes se reducen a la <strong>migraci\u00f3n<\/strong>. <strong>El Ejecutivo<\/strong> dice trabajar en el apoyo a los viajeros que reh\u00faye a dejar de nombrar ilegales. Rimbombante palabrer\u00eda; se sigue descarrilando <strong>la Bestia<\/strong>.<br \/>\nSe alardea de planes <strong>movilidad estudiantil<\/strong> con <strong>Estados Unidos <\/strong>y <strong>Canad\u00e1<\/strong>, para 2018 cien mil mexicanos cursar\u00e1n un lapso de sus estudios universitarios en aulas de esos pa\u00edses; las inversiones cada vez ser\u00e1n m\u00e1s s\u00f3lidas y constantes. Dicen, adem\u00e1s, que los intercambios en innovaci\u00f3n, negocios y tecnolog\u00eda, con los otros pa\u00edses norteamericanos, se realizan de par a par, de iguales. Se olvida de un detalle: Estados Unidos y Canad\u00e1 siguen viendo a <strong>M\u00e9xico<\/strong> por encima del hombro, ambos piden visa a todos los ciudadanos nacionales. En el tema migratorio Washington desoye a Los Pinos, la presi\u00f3n de la diplomacia nacional se reduce a cartas de extra\u00f1amiento; cada d\u00eda mueren mexicanos en su intento de cruzar la frontera y miles son deportados (previo despojo de sus bienes logrados con a\u00f1os de trabajo leg\u00edtimo).<br \/>\nSi M\u00e9xico quiere ganar posiciones en el concierto internacional debe ganar esa presencia con un trabajo s\u00f3lido en sus pol\u00edticas internas. No est\u00e1 mal la promoci\u00f3n de tur\u00edstica ni cultural, pero, sin idea, esa promoci\u00f3n se reduce playas, charros y pir\u00e1mides;<strong> tequila<\/strong>, <strong>tacos<\/strong> y <strong>tunas<\/strong>.<br \/>\nAntes de salir a invitar a turistas e inversionistas, el gobierno federal deber\u00eda estar preocupado por poner la casa en orden. No son pocos los casos de extranjeros secuestrados, extorsionados o asesinados por la <strong>delincuencia organizada<\/strong> en el pac\u00edfico, el golfo y en el caribe. Otras zonas como <strong>Sinaloa<\/strong>, <strong>Tamaulipas<\/strong> o <strong>Nuevo Le\u00f3n<\/strong>, han sido incluidas en las recomendaciones de gobiernos de otros pa\u00edses a sus ciudadanos \u201cvayan, bajo su propio riesgo\u201d.<br \/>\nDespu\u00e9s de su informe, anunci\u00f3 la creaci\u00f3n del <strong>nuevo Aeropuerto de la ciudad de M\u00e9xico<\/strong>, ser\u00e1 uno de los seis mejores del mundo, presumen. El costo y el tama\u00f1o de la inversi\u00f3n son necesarios para posicionar al pa\u00eds como un referente mundial, sin embargo, la pista a\u00e9rea ser\u00e1 rodeada por una de l<strong>as zonas m\u00e1s paup\u00e9rrimas<\/strong>, en la que poco cuenta la buena imagen nacional en el extranjero.<br \/>\nEl gobierno reproduce discursos viejos y anquilosados: festeja cifras y ret\u00f3rica. Anuncia inversiones y negocios en n\u00fameros que no explican, que no comunican. Se habla de ofensivas contra el crimen organizado y cruzadas contra el hambre; al menos 15 estados viven bajo la amenaza del crimen organizados y 19 millones de mexicanos viven en la m\u00e1s terribles de las miserias. La mancha de la corrupci\u00f3n ha percudido a todos los niveles de gobierno y todas las extracciones pol\u00edticas. No queremos pecar de ingenuidad al pensar que con el cambio de administraci\u00f3n las cosas cambiar\u00edan inmediatamente, adem\u00e1s el fruto de los planes que se busca implantar necesita tiempo. Pero exigimos del gobierno una apertura democr\u00e1tica ante una sociedad cada vez m\u00e1s demandante de transparencia, justicia y bienestar. En Los Pinos se debe entender que ser\u00eda m\u00e1s redituable pol\u00edticamente incluir a la verdad en el discurso. <strong>M\u00e9xico ha cambiado, su clase pol\u00edtica no<\/strong>.<\/p>\n","protected":false},"template":"","meta":{"_id_youtube":"","_id_vimeo":"","_podcasts_duration":"","_podcasts_url":"","_podcasts_show":"","_prog_horario_dias":"","_prog_hora":"","_prog_duration":""},"class_list":["post-6839","archivo","type-archivo","status-publish","hentry"],"_links":{"self":[{"href":"https:\/\/nofm-radio.com\/index.php?rest_route=\/wp\/v2\/archivo\/6839","targetHints":{"allow":["GET"]}}],"collection":[{"href":"https:\/\/nofm-radio.com\/index.php?rest_route=\/wp\/v2\/archivo"}],"about":[{"href":"https:\/\/nofm-radio.com\/index.php?rest_route=\/wp\/v2\/types\/archivo"}],"wp:attachment":[{"href":"https:\/\/nofm-radio.com\/index.php?rest_route=%2Fwp%2Fv2%2Fmedia&parent=6839"}],"curies":[{"name":"wp","href":"https:\/\/api.w.org\/{rel}","templated":true}]}}

#InformedelNO. Capítulo 5. México con responsabilidad global

<p>Una de las principales consignas de la <strong>administración priista</strong>, después de la oscuridad diplomática de los gobiernos del <strong>PAN</strong>, fue volver por sus fueros en la <strong>presencia internacional</strong>.<br />
Sólo para recordar: durante los años de la bonanza del <strong>Partido Único</strong>, <strong>Acapulco</strong> fue el máximo centro turístico a nivel mundial, el aparato diplomático nacional presumió intervenir en favor de la paz en el <strong>conflicto salvadoreño</strong> (la <strong>firma en Chapultepec</strong>) o el <strong>Pacto de Tlatelolco</strong>, que establece la <strong>desnuclearización</strong> de <strong>América Latina</strong> y el <strong>Caribe</strong>. Además, la <strong>Secretaría de Relaciones Exteriores</strong> era reconocida como una entidad de promoción del diálogo internacional. No olvidemos, tampoco, los antojitos y el agua de Jamaica del <strong>presidente Echeverría</strong>; el nopal, la artesanía, el indito, la imagen mexicana bajo el filtro de cliché.<br />
El <strong>lic. Peña</strong> se ha propuesto como uno de los ejes centrales de su gobierno reestablecer esa presencia internacional; el mundo le parece poco, pues. Cada región tiene un plan específico y desarrollado, se ufana la administración. Sin embargo, en el tema con <strong>América Central</strong>, los planes se reducen a la <strong>migración</strong>. <strong>El Ejecutivo</strong> dice trabajar en el apoyo a los viajeros que rehúye a dejar de nombrar ilegales. Rimbombante palabrería; se sigue descarrilando <strong>la Bestia</strong>.<br />
Se alardea de planes <strong>movilidad estudiantil</strong> con <strong>Estados Unidos </strong>y <strong>Canadá</strong>, para 2018 cien mil mexicanos cursarán un lapso de sus estudios universitarios en aulas de esos países; las inversiones cada vez serán más sólidas y constantes. Dicen, además, que los intercambios en innovación, negocios y tecnología, con los otros países norteamericanos, se realizan de par a par, de iguales. Se olvida de un detalle: Estados Unidos y Canadá siguen viendo a <strong>México</strong> por encima del hombro, ambos piden visa a todos los ciudadanos nacionales. En el tema migratorio Washington desoye a Los Pinos, la presión de la diplomacia nacional se reduce a cartas de extrañamiento; cada día mueren mexicanos en su intento de cruzar la frontera y miles son deportados (previo despojo de sus bienes logrados con años de trabajo legítimo).<br />
Si México quiere ganar posiciones en el concierto internacional debe ganar esa presencia con un trabajo sólido en sus políticas internas. No está mal la promoción de turística ni cultural, pero, sin idea, esa promoción se reduce playas, charros y pirámides;<strong> tequila</strong>, <strong>tacos</strong> y <strong>tunas</strong>.<br />
Antes de salir a invitar a turistas e inversionistas, el gobierno federal debería estar preocupado por poner la casa en orden. No son pocos los casos de extranjeros secuestrados, extorsionados o asesinados por la <strong>delincuencia organizada</strong> en el pacífico, el golfo y en el caribe. Otras zonas como <strong>Sinaloa</strong>, <strong>Tamaulipas</strong> o <strong>Nuevo León</strong>, han sido incluidas en las recomendaciones de gobiernos de otros países a sus ciudadanos “vayan, bajo su propio riesgo”.<br />
Después de su informe, anunció la creación del <strong>nuevo Aeropuerto de la ciudad de México</strong>, será uno de los seis mejores del mundo, presumen. El costo y el tamaño de la inversión son necesarios para posicionar al país como un referente mundial, sin embargo, la pista aérea será rodeada por una de l<strong>as zonas más paupérrimas</strong>, en la que poco cuenta la buena imagen nacional en el extranjero.<br />
El gobierno reproduce discursos viejos y anquilosados: festeja cifras y retórica. Anuncia inversiones y negocios en números que no explican, que no comunican. Se habla de ofensivas contra el crimen organizado y cruzadas contra el hambre; al menos 15 estados viven bajo la amenaza del crimen organizados y 19 millones de mexicanos viven en la más terribles de las miserias. La mancha de la corrupción ha percudido a todos los niveles de gobierno y todas las extracciones políticas. No queremos pecar de ingenuidad al pensar que con el cambio de administración las cosas cambiarían inmediatamente, además el fruto de los planes que se busca implantar necesita tiempo. Pero exigimos del gobierno una apertura democrática ante una sociedad cada vez más demandante de transparencia, justicia y bienestar. En Los Pinos se debe entender que sería más redituable políticamente incluir a la verdad en el discurso. <strong>México ha cambiado, su clase política no</strong>.</p>
