{"id":6846,"date":"2014-09-15T12:27:19","date_gmt":"2014-09-15T17:27:19","guid":{"rendered":"http:\/\/nofm-radio.com\/?p=6846"},"modified":"2014-09-15T12:27:19","modified_gmt":"2014-09-15T17:27:19","slug":"inicia-massiosare","status":"publish","type":"archivo","link":"https:\/\/nofm-radio.com\/?archivo=inicia-massiosare","title":{"rendered":"Inicia Masiosare"},"content":{"rendered":"<p>Hoy empiezan las<strong> fiestas patrias<\/strong> a todo lo que da. Y con ella las quejas de que no hay nada qu\u00e9 celebrar, el <strong>patriotismo<\/strong> desmedido, el robo a granel de <strong>Tequila<\/strong> y Omeprazol. Dentro de este ambiente de locura y decadencia, NoFM arranca tambi\u00e9n <strong>Massiosare<\/strong>, un espacio para debatir, discutir y, por qu\u00e9 no, tambi\u00e9n burlarnos un poco de esta bella patria llamada M\u00e9xico.<br \/>\nEl programa se enfocar\u00e1 en el papel de los j\u00f3venes a partir de 2012, intentaremos hacer una radiograf\u00eda de lo que somos como generaci\u00f3n, a d\u00f3nde vamos y qui\u00e9nes somos;<strong> juventud y pol\u00edtica\/empleo\/salud\/deporte\/activismo\/medio ambiente\/desmadre<\/strong>.<br \/>\nNo se pierda Massiosare conducido por <strong>Diego Mej\u00eda<\/strong> y <strong>Diego Casta\u00f1eda<\/strong>, del lunes 15 al 19 de septiembre a las 16 horas.<br \/>\n<a class=\"no-eff img-link lightbox\" href=\"http:\/\/nofm-radio.com\/wp-content\/uploads\/2014\/09\/pemex.png\"><img loading=\"lazy\" decoding=\"async\" class=\"size-full wp-image-6847 aligncenter\" src=\"http:\/\/nofm-radio.com\/wp-content\/uploads\/2014\/09\/pemex.png\" alt=\"pemex\" width=\"591\" height=\"886\" \/><\/a><\/p>\n","protected":false},"template":"","meta":{"_id_youtube":"","_id_vimeo":"","_podcasts_duration":"","_podcasts_url":"","_podcasts_show":"","_prog_horario_dias":"","_prog_hora":"","_prog_duration":""},"class_list":["post-6846","archivo","type-archivo","status-publish","hentry"],"_links":{"self":[{"href":"https:\/\/nofm-radio.com\/index.php?rest_route=\/wp\/v2\/archivo\/6846","targetHints":{"allow":["GET"]}}],"collection":[{"href":"https:\/\/nofm-radio.com\/index.php?rest_route=\/wp\/v2\/archivo"}],"about":[{"href":"https:\/\/nofm-radio.com\/index.php?rest_route=\/wp\/v2\/types\/archivo"}],"wp:attachment":[{"href":"https:\/\/nofm-radio.com\/index.php?rest_route=%2Fwp%2Fv2%2Fmedia&parent=6846"}],"curies":[{"name":"wp","href":"https:\/\/api.w.org\/{rel}","templated":true}]}}

<p>Hoy empiezan las<strong> fiestas patrias</strong> a todo lo que da. Y con ella las quejas de que no hay nada qué celebrar, el <strong>patriotismo</strong> desmedido, el robo a granel de <strong>Tequila</strong> y Omeprazol. Dentro de este ambiente de locura y decadencia, NoFM arranca también <strong>Massiosare</strong>, un espacio para debatir, discutir y, por qué no, también burlarnos un poco de esta bella patria llamada México.<br />
El programa se enfocará en el papel de los jóvenes a partir de 2012, intentaremos hacer una radiografía de lo que somos como generación, a dónde vamos y quiénes somos;<strong> juventud y política/empleo/salud/deporte/activismo/medio ambiente/desmadre</strong>.<br />
No se pierda Massiosare conducido por <strong>Diego Mejía</strong> y <strong>Diego Castañeda</strong>, del lunes 15 al 19 de septiembre a las 16 horas.<br />
<a class="no-eff img-link lightbox" href="http://nofm-radio.com/wp-content/uploads/2014/09/pemex.png"><img loading="lazy" decoding="async" class="size-full wp-image-6847 aligncenter" src="http://nofm-radio.com/wp-content/uploads/2014/09/pemex.png" alt="pemex" width="591" height="886" /></a></p>
