{"id":7023,"date":"2014-10-01T10:00:23","date_gmt":"2014-10-01T15:00:23","guid":{"rendered":"http:\/\/nofm-radio.com\/?p=7023"},"modified":"2014-10-01T10:00:23","modified_gmt":"2014-10-01T15:00:23","slug":"ellos-son-coronel","status":"publish","type":"archivo","link":"https:\/\/nofm-radio.com\/?archivo=ellos-son-coronel","title":{"rendered":"Ellos son Coronel"},"content":{"rendered":"<p><strong>Coronel<\/strong> es el proyecto de los hermanos regiomontanos <strong>Juan e Iv\u00e1n S\u00e1enz<\/strong>, quienes fueran miembros fundadores de La Musique Pop, para posteriormente formar Coronel, proyecto que les permite abarcar una gama de sonidos m\u00e1s amplia dentro del g\u00e9nero.<br \/>\nA finales de 2011 lanzaron su primer EP hom\u00f3nimo conformado por cinco temas, de los cuales dos son originales y tres son remixes de <strong>Hello Seahorse! y Ezekiel<\/strong>. En 2013 graban el \u00e1lbum <strong>Doble Diablo<\/strong><em>, que cuenta con colaboraciones de artistas como <strong>Tino el Ping\u00fcino y Ad\u00e1n Cruz<\/strong>.<br \/>\nLes dejamos el video de <strong>Siento<\/strong>, un trabajo muy bonito. Si quieren saber m\u00e1s de qu\u00e9, c\u00f3mo y d\u00f3nde arman cosas los de Coronel, pueden entrar en su <a href=\"http:\/\/coronelmexico.com\/\">sitio oficial<\/a>.<br \/>\n<iframe loading=\"lazy\" width=\"640\" height=\"360\" src=\"\/\/www.youtube.com\/embed\/BGeucNQDcWg\" frameborder=\"0\" allowfullscreen><\/iframe><\/p>\n","protected":false},"template":"","meta":{"_id_youtube":"","_id_vimeo":"","_podcasts_duration":"","_podcasts_url":"","_podcasts_show":"","_prog_horario_dias":"","_prog_hora":"","_prog_duration":""},"class_list":["post-7023","archivo","type-archivo","status-publish","hentry"],"_links":{"self":[{"href":"https:\/\/nofm-radio.com\/index.php?rest_route=\/wp\/v2\/archivo\/7023","targetHints":{"allow":["GET"]}}],"collection":[{"href":"https:\/\/nofm-radio.com\/index.php?rest_route=\/wp\/v2\/archivo"}],"about":[{"href":"https:\/\/nofm-radio.com\/index.php?rest_route=\/wp\/v2\/types\/archivo"}],"wp:attachment":[{"href":"https:\/\/nofm-radio.com\/index.php?rest_route=%2Fwp%2Fv2%2Fmedia&parent=7023"}],"curies":[{"name":"wp","href":"https:\/\/api.w.org\/{rel}","templated":true}]}}

<p><strong>Coronel</strong> es el proyecto de los hermanos regiomontanos <strong>Juan e Iván Sáenz</strong>, quienes fueran miembros fundadores de La Musique Pop, para posteriormente formar Coronel, proyecto que les permite abarcar una gama de sonidos más amplia dentro del género.<br />
A finales de 2011 lanzaron su primer EP homónimo conformado por cinco temas, de los cuales dos son originales y tres son remixes de <strong>Hello Seahorse! y Ezekiel</strong>. En 2013 graban el álbum <strong>Doble Diablo</strong><em>, que cuenta con colaboraciones de artistas como <strong>Tino el Pingüino y Adán Cruz</strong>.<br />
Les dejamos el video de <strong>Siento</strong>, un trabajo muy bonito. Si quieren saber más de qué, cómo y dónde arman cosas los de Coronel, pueden entrar en su <a href="http://coronelmexico.com/">sitio oficial</a>.<br />
<iframe loading="lazy" width="640" height="360" src="//www.youtube.com/embed/BGeucNQDcWg" frameborder="0" allowfullscreen></iframe></p>
