{"id":7091,"date":"2014-10-06T12:51:40","date_gmt":"2014-10-06T17:51:40","guid":{"rendered":"http:\/\/nofm-radio.com\/?p=7091"},"modified":"2014-10-06T12:51:40","modified_gmt":"2014-10-06T17:51:40","slug":"justicia-para-ayotzinapa","status":"publish","type":"archivo","link":"https:\/\/nofm-radio.com\/?archivo=justicia-para-ayotzinapa","title":{"rendered":"Justicia para Ayotzinapa"},"content":{"rendered":"<p>Por Mariana Favela<br \/>\nEl 26 de septiembre el ej\u00e9rcito coordinado con la polic\u00eda municipal, estatal, federal y paramilitares atacaron en Iguala, Guerrero, a estudiantes de la escuela normal de Ayotzinapa. Fuerzas policiacas y PARAMILITARES se llevaron a 43 normalistas que permanecen en desaparici\u00f3n forzada.<br \/>\n*El ataque no fue un error, fue un acto premeditado, perpetrado a 6km de un cuartel militar y en presencia de militares.<br \/>\n*La \u00faltima vez que se les vio eran llevados por patrullas de la polic\u00eda municipal.<br \/>\n*Desde 2011, cinco alumnos de la normal de Ayotzinapa han sido ejecutados. El 12 de diciembre de 2011 en un operativo, dos estudiantes fueron asesinados por la polic\u00eda estatal.<br \/>\n*El gobierno culpa al crimen organizado para encubrir un CRIMEN DE ESTADO. La &#8216;delincuencia organizada&#8217; opera a trav\u00e9s del ej\u00e9rcito, las polic\u00edas y grupos paramilitares para violentar y reprimir a grupos cr\u00edticos y disidentes, como los estudiantes de las escuelas normales.<br \/>\n*Los normalistas NO SON CRIMINALES, los criminales son quienes los ejecutan, secuestran y torturan.<br \/>\n*Dilatar el resultado de las investigaciones y la simulaci\u00f3n de la b\u00fasqueda, s\u00f3lo alimenta la indignaci\u00f3n y no diluye en absoluto la responsabilidad del Estado.<br \/>\n*Se deben investigar y castigar a quienes ORDENARON EL OPERATIVO, no s\u00f3lo a quienes lo ejecutaron.<br \/>\nNos solidarizamos con las familias, sobrevivientes del terrorismo de Estado, quienes mantienen la b\u00fasqueda de sus seres queridos. Si el crimen se organiza en el gobierno, que se organicen tambi\u00e9n la rabia y el dolor.<br \/>\nJUSTICIA PARA AYOTZINAPA.<br \/>\n<a class=\"no-eff img-link lightbox\" href=\"http:\/\/nofm-radio.com\/wp-content\/uploads\/2014\/10\/Ayotzinapa.jpg\"><img loading=\"lazy\" decoding=\"async\" class=\"aligncenter wp-image-7092 size-medium\" src=\"http:\/\/nofm-radio.com\/wp-content\/uploads\/2014\/10\/Ayotzinapa-250x250.jpg\" alt=\"Ayotzinapa\" width=\"250\" height=\"250\" \/><\/a><\/p>\n","protected":false},"template":"","meta":{"_id_youtube":"","_id_vimeo":"","_podcasts_duration":"","_podcasts_url":"","_podcasts_show":"","_prog_horario_dias":"","_prog_hora":"","_prog_duration":""},"class_list":["post-7091","archivo","type-archivo","status-publish","hentry"],"_links":{"self":[{"href":"https:\/\/nofm-radio.com\/index.php?rest_route=\/wp\/v2\/archivo\/7091","targetHints":{"allow":["GET"]}}],"collection":[{"href":"https:\/\/nofm-radio.com\/index.php?rest_route=\/wp\/v2\/archivo"}],"about":[{"href":"https:\/\/nofm-radio.com\/index.php?rest_route=\/wp\/v2\/types\/archivo"}],"wp:attachment":[{"href":"https:\/\/nofm-radio.com\/index.php?rest_route=%2Fwp%2Fv2%2Fmedia&parent=7091"}],"curies":[{"name":"wp","href":"https:\/\/api.w.org\/{rel}","templated":true}]}}

<p>Por Mariana Favela<br />
El 26 de septiembre el ejército coordinado con la policía municipal, estatal, federal y paramilitares atacaron en Iguala, Guerrero, a estudiantes de la escuela normal de Ayotzinapa. Fuerzas policiacas y PARAMILITARES se llevaron a 43 normalistas que permanecen en desaparición forzada.<br />
*El ataque no fue un error, fue un acto premeditado, perpetrado a 6km de un cuartel militar y en presencia de militares.<br />
*La última vez que se les vio eran llevados por patrullas de la policía municipal.<br />
*Desde 2011, cinco alumnos de la normal de Ayotzinapa han sido ejecutados. El 12 de diciembre de 2011 en un operativo, dos estudiantes fueron asesinados por la policía estatal.<br />
*El gobierno culpa al crimen organizado para encubrir un CRIMEN DE ESTADO. La &#8216;delincuencia organizada&#8217; opera a través del ejército, las policías y grupos paramilitares para violentar y reprimir a grupos críticos y disidentes, como los estudiantes de las escuelas normales.<br />
*Los normalistas NO SON CRIMINALES, los criminales son quienes los ejecutan, secuestran y torturan.<br />
*Dilatar el resultado de las investigaciones y la simulación de la búsqueda, sólo alimenta la indignación y no diluye en absoluto la responsabilidad del Estado.<br />
*Se deben investigar y castigar a quienes ORDENARON EL OPERATIVO, no sólo a quienes lo ejecutaron.<br />
Nos solidarizamos con las familias, sobrevivientes del terrorismo de Estado, quienes mantienen la búsqueda de sus seres queridos. Si el crimen se organiza en el gobierno, que se organicen también la rabia y el dolor.<br />
JUSTICIA PARA AYOTZINAPA.<br />
<a class="no-eff img-link lightbox" href="http://nofm-radio.com/wp-content/uploads/2014/10/Ayotzinapa.jpg"><img loading="lazy" decoding="async" class="aligncenter wp-image-7092 size-medium" src="http://nofm-radio.com/wp-content/uploads/2014/10/Ayotzinapa-250x250.jpg" alt="Ayotzinapa" width="250" height="250" /></a></p>
