{"id":7258,"date":"2014-10-16T12:54:30","date_gmt":"2014-10-16T17:54:30","guid":{"rendered":"http:\/\/nofm-radio.com\/?p=7258"},"modified":"2014-10-16T12:54:30","modified_gmt":"2014-10-16T17:54:30","slug":"reverberaciones-fotografos-jovenes-y-chingones","status":"publish","type":"archivo","link":"https:\/\/nofm-radio.com\/?archivo=reverberaciones-fotografos-jovenes-y-chingones","title":{"rendered":"Reverberaciones: fot\u00f3grafos j\u00f3venes y chingones"},"content":{"rendered":"<p>Cuando se habla de artistas emergentes siempre hay un halo que nos lleva a pensar que no sabemos bien a bien qu\u00e9 quiere decir esta etiqueta. Y quiz\u00e1 eso es lo que menos importa. Lo que de verdad interesa son las distintas iniciativas que nos permiten conocer nuevas propuestas en distintas disciplinas. Eso es justamente <strong>Reverberaciones<\/strong>, una exposici\u00f3n colectiva de seis <strong>fot\u00f3grafos mexicanos<\/strong> que han organizado esta actividad para dar a conocer su trabajo.<br \/>\nLa exposici\u00f3n re\u00fane el trabajo de<strong> Fernanda de Icaza, Ang\u00e9lica Escobar, Eduardo Herce, \u00d3scar Su\u00e1rez,<br \/>\nVera Torres Mussot y Tania V. G\u00f3mez<\/strong>. Es una iniciativa de los fot\u00f3grafos, apoyada por la <strong>Escuela Activa de Fotograf\u00eda<\/strong>. No se pierda esta nuevas propuestas que se nota que tienen mucho que decir.<br \/>\nLa cita es en la galer\u00eda <a href=\"https:\/\/www.google.com.mx\/maps\/place\/Machado+Arte+y+Espacio\/@19.391577,-99.179377,17z\/data=!3m1!4b1!4m2!3m1!1s0x85d1ff7a72508c8b:0x61d5e234641023fa\"><strong>Machado Arte espacio<\/strong><\/a>, ubicada en la calle Oklahoma 127, en la colonia N\u00e1poles, cerca del Metrob\u00fas Poliforum. La inauguraci\u00f3n es viernes 17 de octubre a las 17 horas, y exposici\u00f3n estar\u00e1 abierta al p\u00fablico hasta el 26 de octubre. Habr\u00e1 venta de las obras expuestas.<br \/>\nMientras les dejamos algunas im\u00e1genes del proceso de montaje de esta expo, adem\u00e1s de algunas muestras del trabajo de los fot\u00f3grafos.<br \/>\n<\/p>\n","protected":false},"template":"","meta":{"_id_youtube":"","_id_vimeo":"","_podcasts_duration":"","_podcasts_url":"","_podcasts_show":"","_prog_horario_dias":"","_prog_hora":"","_prog_duration":""},"class_list":["post-7258","archivo","type-archivo","status-publish","hentry"],"_links":{"self":[{"href":"https:\/\/nofm-radio.com\/index.php?rest_route=\/wp\/v2\/archivo\/7258","targetHints":{"allow":["GET"]}}],"collection":[{"href":"https:\/\/nofm-radio.com\/index.php?rest_route=\/wp\/v2\/archivo"}],"about":[{"href":"https:\/\/nofm-radio.com\/index.php?rest_route=\/wp\/v2\/types\/archivo"}],"wp:attachment":[{"href":"https:\/\/nofm-radio.com\/index.php?rest_route=%2Fwp%2Fv2%2Fmedia&parent=7258"}],"curies":[{"name":"wp","href":"https:\/\/api.w.org\/{rel}","templated":true}]}}

Reverberaciones: fotógrafos jóvenes y chingones

<p>Cuando se habla de artistas emergentes siempre hay un halo que nos lleva a pensar que no sabemos bien a bien qué quiere decir esta etiqueta. Y quizá eso es lo que menos importa. Lo que de verdad interesa son las distintas iniciativas que nos permiten conocer nuevas propuestas en distintas disciplinas. Eso es justamente <strong>Reverberaciones</strong>, una exposición colectiva de seis <strong>fotógrafos mexicanos</strong> que han organizado esta actividad para dar a conocer su trabajo.<br />
La exposición reúne el trabajo de<strong> Fernanda de Icaza, Angélica Escobar, Eduardo Herce, Óscar Suárez,<br />
Vera Torres Mussot y Tania V. Gómez</strong>. Es una iniciativa de los fotógrafos, apoyada por la <strong>Escuela Activa de Fotografía</strong>. No se pierda esta nuevas propuestas que se nota que tienen mucho que decir.<br />
La cita es en la galería <a href="https://www.google.com.mx/maps/place/Machado+Arte+y+Espacio/@19.391577,-99.179377,17z/data=!3m1!4b1!4m2!3m1!1s0x85d1ff7a72508c8b:0x61d5e234641023fa"><strong>Machado Arte espacio</strong></a>, ubicada en la calle Oklahoma 127, en la colonia Nápoles, cerca del Metrobús Poliforum. La inauguración es viernes 17 de octubre a las 17 horas, y exposición estará abierta al público hasta el 26 de octubre. Habrá venta de las obras expuestas.<br />
Mientras les dejamos algunas imágenes del proceso de montaje de esta expo, además de algunas muestras del trabajo de los fotógrafos.<br />
</p>
