{"id":7477,"date":"2014-10-17T15:37:39","date_gmt":"2014-10-17T20:37:39","guid":{"rendered":"http:\/\/nofm-radio.com\/?p=7477"},"modified":"2014-10-17T15:37:39","modified_gmt":"2014-10-17T20:37:39","slug":"especial-de-blur-sabado-2-pm","status":"publish","type":"archivo","link":"https:\/\/nofm-radio.com\/?archivo=especial-de-blur-sabado-2-pm","title":{"rendered":"Especial de Blur: s\u00e1bado 2 pm"},"content":{"rendered":"<p>La presentaci\u00f3n de <strong>Damon Albarn<\/strong> en el <strong>Corona Capital<\/strong> no arranc\u00f3 grandes pasiones ni declaraciones en la redes. Pero lo cierto es que, como ya nos tiene acostumbrados este caballero, su concierto fue m\u00e1s que impecable. Y para seguir celebrando el trabajo de Albarn, el s\u00e1bado <strong>Fosa de clavados<\/strong>, su programa sabatino de confianza, dedicar\u00e1 su emisi\u00f3n a uno de los tantos proyectos del cantante: Blur.<br \/>\nM\u00e1s all\u00e1 de ser una bandera generacional, <strong>Blur<\/strong> con el paso de los a\u00f1os ha tornado en herederos directos de la m\u00e1s fina ola inglesa. Si bien ya est\u00e1n dentro de todas las listas de los mejor algo&#8230;, siempre es bueno regresar a su m\u00fasica, no s\u00f3lo con nostalgia ni con admiraci\u00f3n, sino con la frescura que la buena m\u00fasica siempre da.<br \/>\nPara este especial contaremos con la presencia de la fan de fans <strong>Emiliana Perdomo<\/strong>, con Ana Sof\u00eda, y los mestros Muci\u00f1o y Revolver.<br \/>\nNo se pierda Fosa de clavados el s\u00e1bado a las 2pm. NoFM Todo menos miedo.<br \/>\n<iframe loading=\"lazy\" width=\"640\" height=\"360\" src=\"\/\/www.youtube.com\/embed\/c1Uw1uD6lXs\" frameborder=\"0\" allowfullscreen><\/iframe><\/p>\n","protected":false},"template":"","meta":{"_id_youtube":"","_id_vimeo":"","_podcasts_duration":"","_podcasts_url":"","_podcasts_show":"","_prog_horario_dias":"","_prog_hora":"","_prog_duration":""},"class_list":["post-7477","archivo","type-archivo","status-publish","hentry"],"_links":{"self":[{"href":"https:\/\/nofm-radio.com\/index.php?rest_route=\/wp\/v2\/archivo\/7477","targetHints":{"allow":["GET"]}}],"collection":[{"href":"https:\/\/nofm-radio.com\/index.php?rest_route=\/wp\/v2\/archivo"}],"about":[{"href":"https:\/\/nofm-radio.com\/index.php?rest_route=\/wp\/v2\/types\/archivo"}],"wp:attachment":[{"href":"https:\/\/nofm-radio.com\/index.php?rest_route=%2Fwp%2Fv2%2Fmedia&parent=7477"}],"curies":[{"name":"wp","href":"https:\/\/api.w.org\/{rel}","templated":true}]}}

Especial de Blur: sábado 2 pm

<p>La presentación de <strong>Damon Albarn</strong> en el <strong>Corona Capital</strong> no arrancó grandes pasiones ni declaraciones en la redes. Pero lo cierto es que, como ya nos tiene acostumbrados este caballero, su concierto fue más que impecable. Y para seguir celebrando el trabajo de Albarn, el sábado <strong>Fosa de clavados</strong>, su programa sabatino de confianza, dedicará su emisión a uno de los tantos proyectos del cantante: Blur.<br />
Más allá de ser una bandera generacional, <strong>Blur</strong> con el paso de los años ha tornado en herederos directos de la más fina ola inglesa. Si bien ya están dentro de todas las listas de los mejor algo&#8230;, siempre es bueno regresar a su música, no sólo con nostalgia ni con admiración, sino con la frescura que la buena música siempre da.<br />
Para este especial contaremos con la presencia de la fan de fans <strong>Emiliana Perdomo</strong>, con Ana Sofía, y los mestros Muciño y Revolver.<br />
No se pierda Fosa de clavados el sábado a las 2pm. NoFM Todo menos miedo.<br />
<iframe loading="lazy" width="640" height="360" src="//www.youtube.com/embed/c1Uw1uD6lXs" frameborder="0" allowfullscreen></iframe></p>
