{"id":7530,"date":"2014-10-21T10:00:39","date_gmt":"2014-10-21T15:00:39","guid":{"rendered":"http:\/\/nofm-radio.com\/?p=7530"},"modified":"2014-10-21T10:00:39","modified_gmt":"2014-10-21T15:00:39","slug":"dub-echoes-documental-sobre-la-gran-invencion-de-jamaica","status":"publish","type":"archivo","link":"https:\/\/nofm-radio.com\/?archivo=dub-echoes-documental-sobre-la-gran-invencion-de-jamaica","title":{"rendered":"Dub Echoes, documental sobre la gran invenci\u00f3n de Jamaica"},"content":{"rendered":"<p>Pocos movimientos musicales han influenciado tanto como el <strong>Dub<\/strong>. Podemos encontrar su influencia desde el primer momento de su aparici\u00f3n hasta nuestros d\u00edas. Pero poco o nada se sabe del g\u00e9nero, pareciera que es s\u00f3lo para m\u00edsticos e iniciados, o pachecos, pero nada m\u00e1s. Y esto es completamente falso. Antes de hablar de <strong>ska<\/strong> o <strong>reggae<\/strong> es importante recuperar el <strong>Dub<\/strong>.<br \/>\nPor lo mismo les pasamos este documental sobre el surgimiento del Dub, sus padres, sus hijos y sus nietos. Es fant\u00e1stico, sobre todo porqaue uno ve que en la pobreza y la marginalidad se puede crear tan s\u00f3lo con imaginaci\u00f3n y ganas. Una gran lecci\u00f3n desde <strong>Jamaica<\/strong>.<br \/>\n<strong>Dub Echoes<\/strong> de <strong>Bruno Natal<\/strong> le da voz a los grandes de la isla caribe\u00f1a y deja un testimonio hist\u00f3rico indispensable para cualquier mel\u00f3mano. No se lo pierda.<br \/>\nhttps:\/\/www.youtube.com\/watch?v=KP_504jQeBw<\/p>\n","protected":false},"template":"","meta":{"_id_youtube":"","_id_vimeo":"","_podcasts_duration":"","_podcasts_url":"","_podcasts_show":"","_prog_horario_dias":"","_prog_hora":"","_prog_duration":""},"class_list":["post-7530","archivo","type-archivo","status-publish","hentry"],"_links":{"self":[{"href":"https:\/\/nofm-radio.com\/index.php?rest_route=\/wp\/v2\/archivo\/7530","targetHints":{"allow":["GET"]}}],"collection":[{"href":"https:\/\/nofm-radio.com\/index.php?rest_route=\/wp\/v2\/archivo"}],"about":[{"href":"https:\/\/nofm-radio.com\/index.php?rest_route=\/wp\/v2\/types\/archivo"}],"wp:attachment":[{"href":"https:\/\/nofm-radio.com\/index.php?rest_route=%2Fwp%2Fv2%2Fmedia&parent=7530"}],"curies":[{"name":"wp","href":"https:\/\/api.w.org\/{rel}","templated":true}]}}

Dub Echoes, documental sobre la gran invención de Jamaica

<p>Pocos movimientos musicales han influenciado tanto como el <strong>Dub</strong>. Podemos encontrar su influencia desde el primer momento de su aparición hasta nuestros días. Pero poco o nada se sabe del género, pareciera que es sólo para místicos e iniciados, o pachecos, pero nada más. Y esto es completamente falso. Antes de hablar de <strong>ska</strong> o <strong>reggae</strong> es importante recuperar el <strong>Dub</strong>.<br />
Por lo mismo les pasamos este documental sobre el surgimiento del Dub, sus padres, sus hijos y sus nietos. Es fantástico, sobre todo porqaue uno ve que en la pobreza y la marginalidad se puede crear tan sólo con imaginación y ganas. Una gran lección desde <strong>Jamaica</strong>.<br />
<strong>Dub Echoes</strong> de <strong>Bruno Natal</strong> le da voz a los grandes de la isla caribeña y deja un testimonio histórico indispensable para cualquier melómano. No se lo pierda.<br />
https://www.youtube.com/watch?v=KP_504jQeBw</p>
