{"id":7714,"date":"2014-10-28T16:30:15","date_gmt":"2014-10-28T22:30:15","guid":{"rendered":"http:\/\/nofm-radio.com\/?p=7714"},"modified":"2014-10-28T16:30:15","modified_gmt":"2014-10-28T22:30:15","slug":"detrasdelnoestoyyo-guro","status":"publish","type":"archivo","link":"https:\/\/nofm-radio.com\/?archivo=detrasdelnoestoyyo-guro","title":{"rendered":"#Detr\u00e1sDelNoEstoyYo: Guro"},"content":{"rendered":"<p>La moda de los <strong>gustos culposos<\/strong> ha arremetido con fuerza en las <strong>redes sociales<\/strong>. Pareciera ser la justificaci\u00f3n perfecta para decir libremente que algo nos gusta. Como si la culpa nos protegiera de alguna manera. Nosotros decimos no a la culpa, s\u00ed a los gustos, sean cuales sean.<br \/>\n<iframe loading=\"lazy\" width=\"560\" height=\"315\" src=\"\/\/www.youtube.com\/embed\/np6Gl-w9VdE\" frameborder=\"0\" allowfullscreen><\/iframe><br \/>\nPara este video, contamos con la colaboraci\u00f3n de <strong>Guro<\/strong>, ilustrador originario del Distrito Federal. Guro es adem\u00e1s dise\u00f1ador de ropa, de juguetes, escritor de <strong>c\u00f3mics<\/strong>, m\u00fasico y cineasta. Su trabajo se enfoca en el c\u00f3mic alternativo, el cine de horror, la gr\u00e1fica popular de lo <strong>grotesco<\/strong> y el <strong>rock punk<\/strong>. Afirma que su meta en la vida es seguir inventando cosas y haciendo dibujos feos sin morir de hambre.<br \/>\nLes dejamos parte de su trabajo. Pueden ver m\u00e1s y seguirlo en su <a href=\"http:\/\/guromx.tumblr.com\/\">p\u00e1gina oficial<\/a>.<br \/>\n<\/p>\n","protected":false},"template":"","meta":{"_id_youtube":"","_id_vimeo":"","_podcasts_duration":"","_podcasts_url":"","_podcasts_show":"","_prog_horario_dias":"","_prog_hora":"","_prog_duration":""},"class_list":["post-7714","archivo","type-archivo","status-publish","hentry"],"_links":{"self":[{"href":"https:\/\/nofm-radio.com\/index.php?rest_route=\/wp\/v2\/archivo\/7714","targetHints":{"allow":["GET"]}}],"collection":[{"href":"https:\/\/nofm-radio.com\/index.php?rest_route=\/wp\/v2\/archivo"}],"about":[{"href":"https:\/\/nofm-radio.com\/index.php?rest_route=\/wp\/v2\/types\/archivo"}],"wp:attachment":[{"href":"https:\/\/nofm-radio.com\/index.php?rest_route=%2Fwp%2Fv2%2Fmedia&parent=7714"}],"curies":[{"name":"wp","href":"https:\/\/api.w.org\/{rel}","templated":true}]}}

#DetrásDelNoEstoyYo: Guro

<p>La moda de los <strong>gustos culposos</strong> ha arremetido con fuerza en las <strong>redes sociales</strong>. Pareciera ser la justificación perfecta para decir libremente que algo nos gusta. Como si la culpa nos protegiera de alguna manera. Nosotros decimos no a la culpa, sí a los gustos, sean cuales sean.<br />
<iframe loading="lazy" width="560" height="315" src="//www.youtube.com/embed/np6Gl-w9VdE" frameborder="0" allowfullscreen></iframe><br />
Para este video, contamos con la colaboración de <strong>Guro</strong>, ilustrador originario del Distrito Federal. Guro es además diseñador de ropa, de juguetes, escritor de <strong>cómics</strong>, músico y cineasta. Su trabajo se enfoca en el cómic alternativo, el cine de horror, la gráfica popular de lo <strong>grotesco</strong> y el <strong>rock punk</strong>. Afirma que su meta en la vida es seguir inventando cosas y haciendo dibujos feos sin morir de hambre.<br />
Les dejamos parte de su trabajo. Pueden ver más y seguirlo en su <a href="http://guromx.tumblr.com/">página oficial</a>.<br />
</p>
